{"id":5726,"date":"2019-06-26T08:37:04","date_gmt":"2019-06-26T08:37:04","guid":{"rendered":"http:\/\/kjcuj.fazekas.wdsite.hu\/efi\/my-calendar\/"},"modified":"2024-11-12T09:09:30","modified_gmt":"2024-11-12T09:09:30","slug":"esemenyek","status":"publish","type":"page","link":"http:\/\/szakrendelo-sarkad.hu\/efi\/esemenyek\/","title":{"rendered":"Esem\u00e9nyek"},"content":{"rendered":"\r\n<div id=\"my-calendar\" class=\"mc-main mcjs listjs gridjs minijs ajaxjs calendar month my-calendar\" aria-live='assertive' aria-atomic='true' aria-relevant='additions'>\n<table class=\"my-calendar-table\">\n<caption class=\"heading my-calendar-month\">2026. m\u00e1jus  <\/caption>\n<thead>\n<tr class='mc-row'>\n<th scope=\"col\" class='day-heading mon'><abbr title=\"h\u00e9tf\u0151\" aria-hidden=\"true\">h\u00e9t<\/abbr><span class=\"screen-reader-text\">h\u00e9tf\u0151<\/span><\/th>\n<th scope=\"col\" class='day-heading tues'><abbr title=\"kedd\" aria-hidden=\"true\">ked<\/abbr><span class=\"screen-reader-text\">kedd<\/span><\/th>\n<th scope=\"col\" class='day-heading wed'><abbr title=\"szerda\" aria-hidden=\"true\">sze<\/abbr><span class=\"screen-reader-text\">szerda<\/span><\/th>\n<th scope=\"col\" class='day-heading thur'><abbr title=\"cs\u00fct\u00f6rt\u00f6k\" aria-hidden=\"true\">cs\u00fc<\/abbr><span class=\"screen-reader-text\">cs\u00fct\u00f6rt\u00f6k<\/span><\/th>\n<th scope=\"col\" class='day-heading fri'><abbr title=\"p\u00e9ntek\" aria-hidden=\"true\">p\u00e9n<\/abbr><span class=\"screen-reader-text\">p\u00e9ntek<\/span><\/th>\n<th scope=\"col\" class='weekend-heading sat'><abbr title=\"szombat\" aria-hidden=\"true\">szo<\/abbr><span class=\"screen-reader-text\">szombat<\/span><\/th>\n<th scope=\"col\" class='weekend-heading sun'><abbr title=\"vas\u00e1rnap\" aria-hidden=\"true\">vas<\/abbr><span class=\"screen-reader-text\">vas\u00e1rnap<\/span><\/th>\n\n<\/tr>\n<\/thead>\n<tbody><tr class='mc-row'><td  class='no-events htf ht past-day past-date  nextmonth no-events day-with-date'><span class='mc-date no-events'><span aria-hidden='true'>27<\/span><span class='screen-reader-text'>2026.04.27.<\/span><\/span><\/td>\n<td id='calendar-2026-04-28'  class='kedd ked past-day past-date  nextmonth has-events author1 mcat_general day-with-date'><span class='mc-date '><span aria-hidden='true'>28<\/span><span class='screen-reader-text'>2026.04.28.<\/span><\/span><div id='mc_calendar_28_101121-calendar' class='mc-mc_calendar_101121 calendar-event mc_general past-event vevent mc_rel_general'>\n<h3 class='event-title summary' id='mc_101121-title'><a href='#mc_calendar_28_101121-calendar-details' class='et_smooth_scroll_disabled url summary'>13:00: Az eg\u00e9szs\u00e9ges id\u0151s\u00f6d\u00e9s \u00fatj\u00e1n<\/a><\/h3>\n<span class=\"summary\"><span class=\"summary screen-reader-text\">13:00: Az eg\u00e9szs\u00e9ges id\u0151s\u00f6d\u00e9s \u00fatj\u00e1n<\/span><\/span><div id='mc_calendar_28_101121-calendar-details' class='details no-image' role='alert' aria-labelledby='mc_101121-title' itemscope itemtype='http:\/\/schema.org\/Event'>\n<meta itemprop='name' content='Az eg\u00e9szs\u00e9ges id\u0151s\u00f6d\u00e9s \u00fatj\u00e1n' \/><button type='button' aria-controls='mc_calendar_28_101121-calendar-details' class='mc-toggle close' data-action='shiftforward'><span class='dashicons dashicons-dismiss' aria-hidden='true'><\/span><span class='screen-reader-text'>Close<\/span><\/button><div><span>Az eg\u00e9szs\u00e9ges id\u0151s\u00f6d\u00e9s \u00fatj\u00e1n<\/span><\/div>\r\n<div>________________________________<\/div>\r\n<div><span>Id\u0151pont: 2026.04.28. - 13:00<\/span><\/div>\r\n<div><span>El\u00e9rhet\u0151 inform\u00e1ci\u00f3: <p><em>Helysz\u00edn: Vas\u00fat utcai Id\u0151sek Klubja \u00e9s Fogyat\u00e9kos Fiatalok Nappali Ell\u00e1t\u00e1sa<br \/>\n<\/em><em>Sarkad, Vas\u00fat utca 11.<br \/>\n<\/em><em>Foglalkoz\u00e1st vezeti: Szelezs\u00e1nn\u00e9 Erdei L\u00edvia diplom\u00e1s \u00e1pol\u00f3<\/em><\/p>\n<\/span><\/div>\n<\/div><!--end .details--><\/div><div id='mc_calendar_28_406-calendar' class='mc-mc_calendar_406 calendar-event mc_general past-event vevent mc_rel_general'>\n<h3 class='event-title summary' id='mc_406-title'><a href='#mc_calendar_28_406-calendar-details' class='et_smooth_scroll_disabled url summary'>13:00: Egy\u00e9ni \u00c9letm\u00f3dv\u00e1lt\u00f3 Tan\u00e1csad\u00e1s<\/a><\/h3>\n<span class=\"summary\"><span class=\"summary screen-reader-text\">13:00: Egy\u00e9ni \u00c9letm\u00f3dv\u00e1lt\u00f3 Tan\u00e1csad\u00e1s<\/span><\/span><div id='mc_calendar_28_406-calendar-details' class='details no-image' role='alert' aria-labelledby='mc_406-title' itemscope itemtype='http:\/\/schema.org\/Event'>\n<meta itemprop='name' content='Egy\u00e9ni \u00c9letm\u00f3dv\u00e1lt\u00f3 Tan\u00e1csad\u00e1s' \/><button type='button' aria-controls='mc_calendar_28_406-calendar-details' class='mc-toggle close' data-action='shiftforward'><span class='dashicons dashicons-dismiss' aria-hidden='true'><\/span><span class='screen-reader-text'>Close<\/span><\/button><div><span>Egy\u00e9ni \u00c9letm\u00f3dv\u00e1lt\u00f3 Tan\u00e1csad\u00e1s<\/span><\/div>\r\n<div>________________________________<\/div>\r\n<div><span>Id\u0151pont: 2026.04.28. - 13:00<\/span><\/div>\r\n<div><span>El\u00e9rhet\u0151 inform\u00e1ci\u00f3: <p>Helysz\u00edn:<br \/>\nSarkadi Kist\u00e9rs\u00e9gi J\u00e1r\u00f3beteg-Szakell\u00e1t\u00f3 K\u00f6zpont<\/p>\n<\/span><\/div>\n<\/div><!--end .details--><\/div><\/td>\n<td  class='no-events szerda sze past-day past-date  nextmonth no-events day-with-date'><span class='mc-date no-events'><span aria-hidden='true'>29<\/span><span class='screen-reader-text'>2026.04.29.<\/span><\/span><\/td>\n<td  class='no-events cstrtk cs past-day past-date  nextmonth no-events day-with-date'><span class='mc-date no-events'><span aria-hidden='true'>30<\/span><span class='screen-reader-text'>2026.04.30.<\/span><\/span><\/td>\n<td  class='no-events pntek pn past-day past-date   no-events day-with-date'><span class='mc-date no-events'><span aria-hidden='true'>1<\/span><span class='screen-reader-text'>2026.05.01.<\/span><\/span><\/td>\n<td  aria-current=\"date\" class='no-events szombat szo current-day weekend  no-events day-with-date'><span class='mc-date no-events'><span aria-hidden='true'>2<\/span><span class='screen-reader-text'>2026.05.02.<\/span><\/span><\/td>\n<td  class='no-events vasrnap vas future-day weekend  no-events day-with-date'><span class='mc-date no-events'><span aria-hidden='true'>3<\/span><span class='screen-reader-text'>2026.05.03.<\/span><\/span><\/td>\n\n<\/tr>\n<tr class='mc-row'><td  class='no-events htf ht future-day   no-events day-with-date'><span class='mc-date no-events'><span aria-hidden='true'>4<\/span><span class='screen-reader-text'>2026.05.04.<\/span><\/span><\/td>\n<td id='calendar-2026-05-05'  class='kedd ked future-day   has-events author1 mcat_general day-with-date'><span class='mc-date '><span aria-hidden='true'>5<\/span><span class='screen-reader-text'>2026.05.05.<\/span><\/span><div id='mc_calendar_05_407-calendar' class='mc-mc_calendar_407 calendar-event mc_general future-event vevent mc_rel_general'>\n<h3 class='event-title summary' id='mc_407-title'><a href='#mc_calendar_05_407-calendar-details' class='et_smooth_scroll_disabled url summary'>13:00: Egy\u00e9ni \u00c9letm\u00f3dv\u00e1lt\u00f3 Tan\u00e1csad\u00e1s<\/a><\/h3>\n<span class=\"summary\"><span class=\"summary screen-reader-text\">13:00: Egy\u00e9ni \u00c9letm\u00f3dv\u00e1lt\u00f3 Tan\u00e1csad\u00e1s<\/span><\/span><div id='mc_calendar_05_407-calendar-details' class='details no-image' role='alert' aria-labelledby='mc_407-title' itemscope itemtype='http:\/\/schema.org\/Event'>\n<meta itemprop='name' content='Egy\u00e9ni \u00c9letm\u00f3dv\u00e1lt\u00f3 Tan\u00e1csad\u00e1s' \/><button type='button' aria-controls='mc_calendar_05_407-calendar-details' class='mc-toggle close' data-action='shiftforward'><span class='dashicons dashicons-dismiss' aria-hidden='true'><\/span><span class='screen-reader-text'>Close<\/span><\/button><div><span>Egy\u00e9ni \u00c9letm\u00f3dv\u00e1lt\u00f3 Tan\u00e1csad\u00e1s<\/span><\/div>\r\n<div>________________________________<\/div>\r\n<div><span>Id\u0151pont: 2026.05.05. - 13:00<\/span><\/div>\r\n<div><span>El\u00e9rhet\u0151 inform\u00e1ci\u00f3: <p>Helysz\u00edn:<br \/>\nSarkadi Kist\u00e9rs\u00e9gi J\u00e1r\u00f3beteg-Szakell\u00e1t\u00f3 K\u00f6zpont<\/p>\n<\/span><\/div>\n<\/div><!--end .details--><\/div><\/td>\n<td  class='no-events szerda sze future-day   no-events day-with-date'><span class='mc-date no-events'><span aria-hidden='true'>6<\/span><span class='screen-reader-text'>2026.05.06.<\/span><\/span><\/td>\n<td  class='no-events cstrtk cs future-day   no-events day-with-date'><span class='mc-date no-events'><span aria-hidden='true'>7<\/span><span class='screen-reader-text'>2026.05.07.<\/span><\/span><\/td>\n<td  class='no-events pntek pn future-day   no-events day-with-date'><span class='mc-date no-events'><span aria-hidden='true'>8<\/span><span class='screen-reader-text'>2026.05.08.<\/span><\/span><\/td>\n<td  class='no-events szombat szo future-day weekend  no-events day-with-date'><span class='mc-date no-events'><span aria-hidden='true'>9<\/span><span class='screen-reader-text'>2026.05.09.<\/span><\/span><\/td>\n<td  class='no-events vasrnap vas future-day weekend  no-events day-with-date'><span class='mc-date no-events'><span aria-hidden='true'>10<\/span><span class='screen-reader-text'>2026.05.10.<\/span><\/span><\/td>\n\n<\/tr>\n<tr class='mc-row'><td  class='no-events htf ht future-day   no-events day-with-date'><span class='mc-date no-events'><span aria-hidden='true'>11<\/span><span class='screen-reader-text'>2026.05.11.<\/span><\/span><\/td>\n<td id='calendar-2026-05-12'  class='kedd ked future-day   has-events author1 mcat_general day-with-date'><span class='mc-date '><span aria-hidden='true'>12<\/span><span class='screen-reader-text'>2026.05.12.<\/span><\/span><div id='mc_calendar_12_408-calendar' class='mc-mc_calendar_408 calendar-event mc_general future-event vevent mc_rel_general'>\n<h3 class='event-title summary' id='mc_408-title'><a href='#mc_calendar_12_408-calendar-details' class='et_smooth_scroll_disabled url summary'>13:00: Egy\u00e9ni \u00c9letm\u00f3dv\u00e1lt\u00f3 Tan\u00e1csad\u00e1s<\/a><\/h3>\n<span class=\"summary\"><span class=\"summary screen-reader-text\">13:00: Egy\u00e9ni \u00c9letm\u00f3dv\u00e1lt\u00f3 Tan\u00e1csad\u00e1s<\/span><\/span><div id='mc_calendar_12_408-calendar-details' class='details no-image' role='alert' aria-labelledby='mc_408-title' itemscope itemtype='http:\/\/schema.org\/Event'>\n<meta itemprop='name' content='Egy\u00e9ni \u00c9letm\u00f3dv\u00e1lt\u00f3 Tan\u00e1csad\u00e1s' \/><button type='button' aria-controls='mc_calendar_12_408-calendar-details' class='mc-toggle close' data-action='shiftforward'><span class='dashicons dashicons-dismiss' aria-hidden='true'><\/span><span class='screen-reader-text'>Close<\/span><\/button><div><span>Egy\u00e9ni \u00c9letm\u00f3dv\u00e1lt\u00f3 Tan\u00e1csad\u00e1s<\/span><\/div>\r\n<div>________________________________<\/div>\r\n<div><span>Id\u0151pont: 2026.05.12. - 13:00<\/span><\/div>\r\n<div><span>El\u00e9rhet\u0151 inform\u00e1ci\u00f3: <p>Helysz\u00edn:<br \/>\nSarkadi Kist\u00e9rs\u00e9gi J\u00e1r\u00f3beteg-Szakell\u00e1t\u00f3 K\u00f6zpont<\/p>\n<\/span><\/div>\n<\/div><!--end .details--><\/div><\/td>\n<td  class='no-events szerda sze future-day   no-events day-with-date'><span class='mc-date no-events'><span aria-hidden='true'>13<\/span><span class='screen-reader-text'>2026.05.13.<\/span><\/span><\/td>\n<td  class='no-events cstrtk cs future-day   no-events day-with-date'><span class='mc-date no-events'><span aria-hidden='true'>14<\/span><span class='screen-reader-text'>2026.05.14.<\/span><\/span><\/td>\n<td  class='no-events pntek pn future-day   no-events day-with-date'><span class='mc-date no-events'><span aria-hidden='true'>15<\/span><span class='screen-reader-text'>2026.05.15.<\/span><\/span><\/td>\n<td  class='no-events szombat szo future-day weekend  no-events day-with-date'><span class='mc-date no-events'><span aria-hidden='true'>16<\/span><span class='screen-reader-text'>2026.05.16.<\/span><\/span><\/td>\n<td  class='no-events vasrnap vas future-day weekend  no-events day-with-date'><span class='mc-date no-events'><span aria-hidden='true'>17<\/span><span class='screen-reader-text'>2026.05.17.<\/span><\/span><\/td>\n\n<\/tr>\n<tr class='mc-row'><td  class='no-events htf ht future-day   no-events day-with-date'><span class='mc-date no-events'><span aria-hidden='true'>18<\/span><span class='screen-reader-text'>2026.05.18.<\/span><\/span><\/td>\n<td id='calendar-2026-05-19'  class='kedd ked future-day   has-events author1 mcat_general day-with-date'><span class='mc-date '><span aria-hidden='true'>19<\/span><span class='screen-reader-text'>2026.05.19.<\/span><\/span><div id='mc_calendar_19_409-calendar' class='mc-mc_calendar_409 calendar-event mc_general future-event vevent mc_rel_general'>\n<h3 class='event-title summary' id='mc_409-title'><a href='#mc_calendar_19_409-calendar-details' class='et_smooth_scroll_disabled url summary'>13:00: Egy\u00e9ni \u00c9letm\u00f3dv\u00e1lt\u00f3 Tan\u00e1csad\u00e1s<\/a><\/h3>\n<span class=\"summary\"><span class=\"summary screen-reader-text\">13:00: Egy\u00e9ni \u00c9letm\u00f3dv\u00e1lt\u00f3 Tan\u00e1csad\u00e1s<\/span><\/span><div id='mc_calendar_19_409-calendar-details' class='details no-image' role='alert' aria-labelledby='mc_409-title' itemscope itemtype='http:\/\/schema.org\/Event'>\n<meta itemprop='name' content='Egy\u00e9ni \u00c9letm\u00f3dv\u00e1lt\u00f3 Tan\u00e1csad\u00e1s' \/><button type='button' aria-controls='mc_calendar_19_409-calendar-details' class='mc-toggle close' data-action='shiftforward'><span class='dashicons dashicons-dismiss' aria-hidden='true'><\/span><span class='screen-reader-text'>Close<\/span><\/button><div><span>Egy\u00e9ni \u00c9letm\u00f3dv\u00e1lt\u00f3 Tan\u00e1csad\u00e1s<\/span><\/div>\r\n<div>________________________________<\/div>\r\n<div><span>Id\u0151pont: 2026.05.19. - 13:00<\/span><\/div>\r\n<div><span>El\u00e9rhet\u0151 inform\u00e1ci\u00f3: <p>Helysz\u00edn:<br \/>\nSarkadi Kist\u00e9rs\u00e9gi J\u00e1r\u00f3beteg-Szakell\u00e1t\u00f3 K\u00f6zpont<\/p>\n<\/span><\/div>\n<\/div><!--end .details--><\/div><\/td>\n<td  class='no-events szerda sze future-day   no-events day-with-date'><span class='mc-date no-events'><span aria-hidden='true'>20<\/span><span class='screen-reader-text'>2026.05.20.<\/span><\/span><\/td>\n<td  class='no-events cstrtk cs future-day   no-events day-with-date'><span class='mc-date no-events'><span aria-hidden='true'>21<\/span><span class='screen-reader-text'>2026.05.21.<\/span><\/span><\/td>\n<td  class='no-events pntek pn future-day   no-events day-with-date'><span class='mc-date no-events'><span aria-hidden='true'>22<\/span><span class='screen-reader-text'>2026.05.22.<\/span><\/span><\/td>\n<td  class='no-events szombat szo future-day weekend  no-events day-with-date'><span class='mc-date no-events'><span aria-hidden='true'>23<\/span><span class='screen-reader-text'>2026.05.23.<\/span><\/span><\/td>\n<td  class='no-events vasrnap vas future-day weekend  no-events day-with-date'><span class='mc-date no-events'><span aria-hidden='true'>24<\/span><span class='screen-reader-text'>2026.05.24.<\/span><\/span><\/td>\n\n<\/tr>\n<tr class='mc-row'><td  class='no-events htf ht future-day   no-events day-with-date'><span class='mc-date no-events'><span aria-hidden='true'>25<\/span><span class='screen-reader-text'>2026.05.25.<\/span><\/span><\/td>\n<td id='calendar-2026-05-26'  class='kedd ked future-day   has-events author1 mcat_general day-with-date'><span class='mc-date '><span aria-hidden='true'>26<\/span><span class='screen-reader-text'>2026.05.26.<\/span><\/span><div id='mc_calendar_26_410-calendar' class='mc-mc_calendar_410 calendar-event mc_general future-event vevent mc_rel_general'>\n<h3 class='event-title summary' id='mc_410-title'><a href='#mc_calendar_26_410-calendar-details' class='et_smooth_scroll_disabled url summary'>13:00: Egy\u00e9ni \u00c9letm\u00f3dv\u00e1lt\u00f3 Tan\u00e1csad\u00e1s<\/a><\/h3>\n<span class=\"summary\"><span class=\"summary screen-reader-text\">13:00: Egy\u00e9ni \u00c9letm\u00f3dv\u00e1lt\u00f3 Tan\u00e1csad\u00e1s<\/span><\/span><div id='mc_calendar_26_410-calendar-details' class='details no-image' role='alert' aria-labelledby='mc_410-title' itemscope itemtype='http:\/\/schema.org\/Event'>\n<meta itemprop='name' content='Egy\u00e9ni \u00c9letm\u00f3dv\u00e1lt\u00f3 Tan\u00e1csad\u00e1s' \/><button type='button' aria-controls='mc_calendar_26_410-calendar-details' class='mc-toggle close' data-action='shiftforward'><span class='dashicons dashicons-dismiss' aria-hidden='true'><\/span><span class='screen-reader-text'>Close<\/span><\/button><div><span>Egy\u00e9ni \u00c9letm\u00f3dv\u00e1lt\u00f3 Tan\u00e1csad\u00e1s<\/span><\/div>\r\n<div>________________________________<\/div>\r\n<div><span>Id\u0151pont: 2026.05.26. - 13:00<\/span><\/div>\r\n<div><span>El\u00e9rhet\u0151 inform\u00e1ci\u00f3: <p>Helysz\u00edn:<br \/>\nSarkadi Kist\u00e9rs\u00e9gi J\u00e1r\u00f3beteg-Szakell\u00e1t\u00f3 K\u00f6zpont<\/p>\n<\/span><\/div>\n<\/div><!--end .details--><\/div><\/td>\n<td  class='no-events szerda sze future-day   no-events day-with-date'><span class='mc-date no-events'><span aria-hidden='true'>27<\/span><span class='screen-reader-text'>2026.05.27.<\/span><\/span><\/td>\n<td  class='no-events cstrtk cs future-day   no-events day-with-date'><span class='mc-date no-events'><span aria-hidden='true'>28<\/span><span class='screen-reader-text'>2026.05.28.<\/span><\/span><\/td>\n<td  class='no-events pntek pn future-day   no-events day-with-date'><span class='mc-date no-events'><span aria-hidden='true'>29<\/span><span class='screen-reader-text'>2026.05.29.<\/span><\/span><\/td>\n<td  class='no-events szombat szo future-day weekend  no-events day-with-date'><span class='mc-date no-events'><span aria-hidden='true'>30<\/span><span class='screen-reader-text'>2026.05.30.<\/span><\/span><\/td>\n<td  class='no-events vasrnap vas future-day weekend  no-events day-with-date'><span class='mc-date no-events'><span aria-hidden='true'>31<\/span><span class='screen-reader-text'>2026.05.31.<\/span><\/span><\/td>\n\n<\/tr>\n\n<\/tbody>\n<\/table><div class='mc_bottomnav my-calendar-footer'>\r\n\t\t<div class=\"my-calendar-nav\">\r\n\t\t\t<ul>\r\n\t\t\t\t<li class=\"my-calendar-prev\"><a href=\"http:\/\/szakrendelo-sarkad.hu\/efi\/esemenyek\/?yr=2026&#038;month=4&#038;dy&#038;cid=my-calendar\" rel=\"nofollow\" class=\"mcajax\"><< El\u0151z\u0151 h\u00f3nap<\/a><\/li><li class=\"my-calendar-next\"><a href=\"http:\/\/szakrendelo-sarkad.hu\/efi\/esemenyek\/?yr=2026&#038;month=6&#038;dy&#038;cid=my-calendar\" rel=\"nofollow\" class=\"mcajax\">K\u00f6vetkez\u0151 h\u00f3nap >><\/a><\/li>\r\n\t\t\t<\/ul>\r\n\t\t<\/div><\/div>\r\n<\/div>\n","protected":false},"excerpt":{"rendered":"<div class=\"entry-summary\">\n<div class=\"link-more\"><a href=\"http:\/\/szakrendelo-sarkad.hu\/efi\/esemenyek\/\" class=\"more-link\">Continue reading<span class=\"screen-reader-text\"> &ldquo;Esem\u00e9nyek&rdquo;<\/span>&hellip;<\/a><\/div>\n<\/div>\n<div class=\"link-more\"><a href=\"http:\/\/szakrendelo-sarkad.hu\/efi\/esemenyek\/\" class=\"more-link\">Continue reading<span class=\"screen-reader-text\"> &ldquo;Esem\u00e9nyek&rdquo;<\/span>&hellip;<\/a><\/div>\n","protected":false},"author":1,"featured_media":0,"parent":0,"menu_order":0,"comment_status":"closed","ping_status":"closed","template":"","meta":{"ngg_post_thumbnail":0,"footnotes":""},"class_list":["post-5726","page","type-page","status-publish","hentry","entry"],"_links":{"self":[{"href":"http:\/\/szakrendelo-sarkad.hu\/efi\/wp-json\/wp\/v2\/pages\/5726","targetHints":{"allow":["GET"]}}],"collection":[{"href":"http:\/\/szakrendelo-sarkad.hu\/efi\/wp-json\/wp\/v2\/pages"}],"about":[{"href":"http:\/\/szakrendelo-sarkad.hu\/efi\/wp-json\/wp\/v2\/types\/page"}],"author":[{"embeddable":true,"href":"http:\/\/szakrendelo-sarkad.hu\/efi\/wp-json\/wp\/v2\/users\/1"}],"replies":[{"embeddable":true,"href":"http:\/\/szakrendelo-sarkad.hu\/efi\/wp-json\/wp\/v2\/comments?post=5726"}],"version-history":[{"count":2,"href":"http:\/\/szakrendelo-sarkad.hu\/efi\/wp-json\/wp\/v2\/pages\/5726\/revisions"}],"predecessor-version":[{"id":9164,"href":"http:\/\/szakrendelo-sarkad.hu\/efi\/wp-json\/wp\/v2\/pages\/5726\/revisions\/9164"}],"wp:attachment":[{"href":"http:\/\/szakrendelo-sarkad.hu\/efi\/wp-json\/wp\/v2\/media?parent=5726"}],"curies":[{"name":"wp","href":"https:\/\/api.w.org\/{rel}","templated":true}]}}