{"id":5791,"date":"2019-07-12T12:32:01","date_gmt":"2019-07-12T12:32:01","guid":{"rendered":"http:\/\/kjcuj.fazekas.wdsite.hu\/efi\/?page_id=5791"},"modified":"2025-01-14T09:24:32","modified_gmt":"2025-01-14T09:24:32","slug":"kozlekedesbiztonsag-2","status":"publish","type":"page","link":"http:\/\/szakrendelo-sarkad.hu\/efi\/kozlekedesbiztonsag-2\/","title":{"rendered":"#K\u00f6zleked\u00e9sbiztons\u00e1g"},"content":{"rendered":"<p><iframe loading=\"lazy\" src=\"https:\/\/www.youtube-nocookie.com\/embed\/P9QIgwFN-8g?rel=0&amp;showinfo=0\" width=\"1024\" height=\"768\" frameborder=\"0\" allowfullscreen=\"allowfullscreen\"><\/iframe><\/p>\n","protected":false},"excerpt":{"rendered":"<div class=\"entry-summary\">\n<div class=\"link-more\"><a href=\"http:\/\/szakrendelo-sarkad.hu\/efi\/kozlekedesbiztonsag-2\/\" class=\"more-link\">Continue reading<span class=\"screen-reader-text\"> &ldquo;#K\u00f6zleked\u00e9sbiztons\u00e1g&rdquo;<\/span>&hellip;<\/a><\/div>\n<\/div>\n<div class=\"link-more\"><a href=\"http:\/\/szakrendelo-sarkad.hu\/efi\/kozlekedesbiztonsag-2\/\" class=\"more-link\">Continue reading<span class=\"screen-reader-text\"> &ldquo;#K\u00f6zleked\u00e9sbiztons\u00e1g&rdquo;<\/span>&hellip;<\/a><\/div>\n","protected":false},"author":1,"featured_media":0,"parent":0,"menu_order":0,"comment_status":"closed","ping_status":"closed","template":"","meta":{"ngg_post_thumbnail":0,"footnotes":""},"class_list":["post-5791","page","type-page","status-publish","hentry","entry"],"_links":{"self":[{"href":"http:\/\/szakrendelo-sarkad.hu\/efi\/wp-json\/wp\/v2\/pages\/5791","targetHints":{"allow":["GET"]}}],"collection":[{"href":"http:\/\/szakrendelo-sarkad.hu\/efi\/wp-json\/wp\/v2\/pages"}],"about":[{"href":"http:\/\/szakrendelo-sarkad.hu\/efi\/wp-json\/wp\/v2\/types\/page"}],"author":[{"embeddable":true,"href":"http:\/\/szakrendelo-sarkad.hu\/efi\/wp-json\/wp\/v2\/users\/1"}],"replies":[{"embeddable":true,"href":"http:\/\/szakrendelo-sarkad.hu\/efi\/wp-json\/wp\/v2\/comments?post=5791"}],"version-history":[{"count":2,"href":"http:\/\/szakrendelo-sarkad.hu\/efi\/wp-json\/wp\/v2\/pages\/5791\/revisions"}],"predecessor-version":[{"id":9465,"href":"http:\/\/szakrendelo-sarkad.hu\/efi\/wp-json\/wp\/v2\/pages\/5791\/revisions\/9465"}],"wp:attachment":[{"href":"http:\/\/szakrendelo-sarkad.hu\/efi\/wp-json\/wp\/v2\/media?parent=5791"}],"curies":[{"name":"wp","href":"https:\/\/api.w.org\/{rel}","templated":true}]}}