{"id":7927,"date":"2022-04-08T10:25:04","date_gmt":"2022-04-08T10:25:04","guid":{"rendered":"http:\/\/szakrendelo-sarkad.hu\/efi\/?page_id=7927"},"modified":"2024-12-10T12:36:04","modified_gmt":"2024-12-10T12:36:04","slug":"anonim-ingyenes-hiv-aids-tanacsadas-szures","status":"publish","type":"page","link":"http:\/\/szakrendelo-sarkad.hu\/efi\/anonim-ingyenes-hiv-aids-tanacsadas-szures\/","title":{"rendered":"ANONIM, INGYENES HIV\/AIDS TAN\u00c1CSAD\u00c1S- SZ\u0170R\u00c9S"},"content":{"rendered":"\n\n\t<h2>Helye:<\/h2>\n<h4><strong>B\u00e9k\u00e9s Megyei Korm\u00e1nyhivatal<\/strong><\/h4>\n<h5>B\u00e9k\u00e9scsaba, Derkovits sor 2. sz\u00e1m B \u00e9p\u00fclet<br \/>\n(bej\u00e1rat a J\u00f3zsef Attila 2-4 sz. alatt) I. emelet 114-es szoba<\/h5>\n<p><iframe loading=\"lazy\" src=\"https:\/\/www.google.com\/maps\/embed?pb=!1m18!1m12!1m3!1d2737.261898134056!2d21.09846461559862!3d46.680831779134145!2m3!1f0!2f0!3f0!3m2!1i1024!2i768!4f13.1!3m3!1m2!1s0x47442ba3307c6a37%3A0x963291c66674a01b!2zQsOpa8Opc2NzYWJhLCBEZXJrb3ZpdHMgc29yIDItc3rDoW0gQiDDqXDDvGxldCwgNTYwMCwgNTYwMA!5e0!3m2!1shu!2shu!4v1649413612503!5m2!1shu!2shu\" width=\"550\" height=\"300\" allowfullscreen=\"allowfullscreen\"><\/iframe><\/p>\n\t<h2>Ideje:<\/h2>\n<h4>Kedd:<br \/>\n12.00-16.00<\/h4>\n<h4>Szerda:<br \/>\n8.00-12.00<\/h4>\n<p>Az Anonim AIDS Tan\u00e1csad\u00f3 \u00e1ltal haszn\u00e1lt teszt a HIV-1-es v\u00edrust\u00f6rzs p24 antig\u00e9n, valamint HIV-1-es \u00e9s HIV-2-es v\u00edrusok elleni antitestek kimutat\u00e1s\u00e1ra szolg\u00e1l.<\/p>\n<p>Eredm\u00e9ny 20-25 percen bel\u00fcl elk\u00e9sz\u00fcl- ez az, ami miatt gyors!<\/p>\n<p>Hogyan m\u0171k\u00f6dik a gyorsteszttel t\u00f6rt\u00e9n\u0151 sz\u0171r\u00e9s?<\/p>\n<p>Egy egyszer\u0171, egyszer haszn\u00e1latos f\u00e1jdalommentes eszk\u00f6zzel ujjbegyb\u0151l vesznek v\u00e9rt a teszthez. Am\u00edg a vizsg\u00e1lati eredm\u00e9ny elk\u00e9sz\u00fcl, a tan\u00e1csad\u00f3 szem\u00e9lyzet besz\u00e9lget a HIV \u00e9s m\u00e1s szexu\u00e1lis \u00faton terjed\u0151 betegs\u00e9gek kock\u00e1zatair\u00f3l, felmer\u00fcl\u0151 k\u00e9rd\u00e9sekr\u0151l, a teszt pontos ablakperi\u00f3dus\u00e1r\u00f3l, stb.<\/p>\n<p>Milyen esetben indokolt?<\/p>\n<ul>\n<li>tart\u00f3s kapcsolat vagy h\u00e1zass\u00e1g \u00e9s gyermekv\u00e1llal\u00e1s el\u0151tt mindk\u00e9t f\u00e9lnek<\/li>\n<li>gyakori partnerv\u00e1lt\u00e1s eset\u00e9n<\/li>\n<li>v\u00e9dekez\u00e9s n\u00e9lk\u00fcli egy\u00fcttl\u00e9t, illetve \u00f3vszer elszakad\u00e1sa, lecs\u00fasz\u00e1sa eset\u00e9n 4 h\u00e9t m\u00falva<\/li>\n<li>k\u00f6z\u00f6s t\u0171, fecskend\u0151 haszn\u00e1lata ut\u00e1n 4 h\u00e9t m\u00falva<\/li>\n<\/ul>\n<p>Mikor menjek?<\/p>\n<p>Minimum 4 h\u00e9t ut\u00e1n.<\/p>\n<p>Minimum 4 hetet kell v\u00e1rni a teszt elv\u00e9gz\u00e9s\u00e9vel, vagyis az \u00fan. \u201e ablakperi\u00f3dus&#8221; letelte ut\u00e1n.<\/p>\n<p>Mi az az \u201eablak&#8221; peri\u00f3dus?<\/p>\n<p>\u201eAblak&#8221; peri\u00f3dusnak azt az id\u0151szakot nevezz\u00fck, am\u00edg a HIV v\u00edrus jelenl\u00e9t\u00e9t semmilyen laborat\u00f3riumi vagy egy\u00e9b elj\u00e1r\u00e1ssal nem lehet kimutatni. Ez az id\u0151szak a fert\u0151z\u0151d\u00e9st k\u00f6vet\u0151 2-4 h\u00e9tig tart. Ez alatt a v\u00edrus hordoz\u00f3ja m\u00e1r tov\u00e1bbadhatja a fert\u0151z\u00e9st.<\/p>\n<p>A teszt k\u00fcl\u00f6nb\u00f6zik a norm\u00e1l laborvizsg\u00e1latt\u00f3l, el\u0151felt\u00e9tele nincs, nyugodtan lehet el\u0151tte enni, inni.<\/p>\n\n","protected":false},"excerpt":{"rendered":"<div class=\"entry-summary\">\n<div class=\"entry-summary\">\nHelye: B\u00e9k\u00e9s Megyei Korm\u00e1nyhivatal B\u00e9k\u00e9scsaba, Derkovits sor 2. sz\u00e1m B \u00e9p\u00fclet (bej\u00e1rat a J\u00f3zsef Attila 2-4 sz. alatt)&hellip;\n<\/div>\n<div class=\"link-more\"><a href=\"http:\/\/szakrendelo-sarkad.hu\/efi\/anonim-ingyenes-hiv-aids-tanacsadas-szures\/\" class=\"more-link\">Continue reading<span class=\"screen-reader-text\"> &ldquo;ANONIM, INGYENES HIV\/AIDS TAN\u00c1CSAD\u00c1S- SZ\u0170R\u00c9S&rdquo;<\/span>&hellip;<\/a><\/div>\n<\/div>\n<div class=\"link-more\"><a href=\"http:\/\/szakrendelo-sarkad.hu\/efi\/anonim-ingyenes-hiv-aids-tanacsadas-szures\/\" class=\"more-link\">Continue reading<span class=\"screen-reader-text\"> &ldquo;ANONIM, INGYENES HIV\/AIDS TAN\u00c1CSAD\u00c1S- SZ\u0170R\u00c9S&rdquo;<\/span>&hellip;<\/a><\/div>\n","protected":false},"author":1,"featured_media":0,"parent":0,"menu_order":0,"comment_status":"closed","ping_status":"closed","template":"","meta":{"ngg_post_thumbnail":0,"footnotes":""},"class_list":["post-7927","page","type-page","status-publish","hentry","entry"],"_links":{"self":[{"href":"http:\/\/szakrendelo-sarkad.hu\/efi\/wp-json\/wp\/v2\/pages\/7927","targetHints":{"allow":["GET"]}}],"collection":[{"href":"http:\/\/szakrendelo-sarkad.hu\/efi\/wp-json\/wp\/v2\/pages"}],"about":[{"href":"http:\/\/szakrendelo-sarkad.hu\/efi\/wp-json\/wp\/v2\/types\/page"}],"author":[{"embeddable":true,"href":"http:\/\/szakrendelo-sarkad.hu\/efi\/wp-json\/wp\/v2\/users\/1"}],"replies":[{"embeddable":true,"href":"http:\/\/szakrendelo-sarkad.hu\/efi\/wp-json\/wp\/v2\/comments?post=7927"}],"version-history":[{"count":13,"href":"http:\/\/szakrendelo-sarkad.hu\/efi\/wp-json\/wp\/v2\/pages\/7927\/revisions"}],"predecessor-version":[{"id":9414,"href":"http:\/\/szakrendelo-sarkad.hu\/efi\/wp-json\/wp\/v2\/pages\/7927\/revisions\/9414"}],"wp:attachment":[{"href":"http:\/\/szakrendelo-sarkad.hu\/efi\/wp-json\/wp\/v2\/media?parent=7927"}],"curies":[{"name":"wp","href":"https:\/\/api.w.org\/{rel}","templated":true}]}}