{"id":6301,"date":"2019-08-02T07:12:43","date_gmt":"2019-08-02T07:12:43","guid":{"rendered":"http:\/\/kjcuj.fazekas.wdsite.hu\/efi\/?page_id=6301"},"modified":"2024-12-11T13:08:38","modified_gmt":"2024-12-11T13:08:38","slug":"lelekmento","status":"publish","type":"page","link":"https:\/\/szakrendelo-sarkad.hu\/efi\/lelekmento\/","title":{"rendered":"L\u00e9lekment\u0151"},"content":{"rendered":"\n\n\t<p><strong>Kedves \u00c9rdekl\u0151d\u0151!<\/strong><\/p>\n<p>A Sarkadi Kist\u00e9rs\u00e9gi J\u00e1r\u00f3beteg Szakell\u00e1t\u00f3 K\u00f6zpont Eg\u00e9szs\u00e9gfejleszt\u0151 Irod\u00e1ja programjait online lelki tan\u00e1csad\u00e1ssal b\u0151v\u00edti.<\/p>\n<p>Online tan\u00e1csad\u00e1sunkat az\u00e9rt hoztuk l\u00e9tre, hogy szakszer\u0171 seg\u00edts\u00e9get ny\u00fajtsunk a j\u00e1r\u00e1s lakosainak lelki gondjaik, neh\u00e9zs\u00e9geik kezel\u00e9s\u00e9ben.<\/p>\n<p><strong>Az online tan\u00e1csad\u00e1s sor\u00e1n megoszthatja a probl\u00e9m\u00e1it a g\u00e9p el\u0151tt \u00fclve <\/strong>\u00fagy, hogy amikor \u00e9ppen ideje van r\u00e1, megfogalmazza az \u00e9rz\u00e9seit, probl\u00e9m\u00e1it, k\u00e9rd\u00e9seit, \u00e9s<strong> egy szakemberrel<\/strong> k\u00f6z\u00f6sen eljutnak a levelez\u00e9s\u00fck sor\u00e1n a megold\u00e1shoz.<\/p>\n<p>Az Online konzult\u00e1ci\u00f3 alkalmas arra, hogy seg\u00edts\u00e9get ny\u00fajtson, ha&#8230;<\/p>\n<ul>\n<li>Aggasztj\u00e1k a csal\u00e1di-, gyermeknevel\u00e9si probl\u00e9m\u00e1k<\/li>\n<li>Mag\u00e1nyosnak \u00e9rzi mag\u00e1t<\/li>\n<li>P\u00e1rkapcsolati, p\u00e1rkeres\u00e9si probl\u00e9m\u00e1i vannak<\/li>\n<li>Vesztes\u00e9g \u00e9rte, \u00e9s \u00fagy \u00e9rzi j\u00f3 lenne ezt megosztani valakivel<\/li>\n<li>Konfliktusok vannak a munkahely\u00e9n, vagy elvesz\u00edtette az \u00e1ll\u00e1s\u00e1t<\/li>\n<li>Gondjai vannak az iskol\u00e1ban, neh\u00e9zs\u00e9gek a tanul\u00e1sban<\/li>\n<li>Elakadt egy probl\u00e9m\u00e1val<\/li>\n<\/ul>\n<p>Szolg\u00e1ltat\u00e1sunk <strong>anomim,<\/strong> teh\u00e1t a lev\u00e9l\u00edr\u00f3 \u00e9s a tan\u00e1csad\u00f3 szem\u00e9lye is <strong>ismeretlen <\/strong>marad.<\/p>\n<p>A levelez\u00e9sre <strong>teljes k\u00f6r\u0171 titoktart\u00e1s<\/strong> vonatkozik. A levelez\u00e9sek tartalm\u00e1t bizalmasan kezelj\u00fck, a leveleket harmadik f\u00e9l sz\u00e1m\u00e1ra nem adjuk ki.<\/p>\n<p><a href=\"mailto:lelkitanacs@szakrendelo-sarkad.hu\"><strong>lelkitanacs@szakrendelo-sarkad.hu<\/strong><\/a><strong> e-mail c\u00edmen veheti fel a kapcsolatot \u00e9s k\u00fcldheti el \u00fczenet\u00e9t a szakembernek, aki k\u00e9rd\u00e9seire 48 \u00f3r\u00e1n bel\u00fcl v\u00e1laszol!<\/strong><\/p>\n<p><strong>Forduljon hozz\u00e1nk bizalommal!<\/strong><\/p>\n<p><strong>V\u00e1rjuk level\u00e9t!<\/strong><\/p>\n\t\t\t\t<img decoding=\"async\" src=\"http:\/\/szakrendelo-sarkad.hu\/efi\/wp-content\/uploads\/sites\/2\/2024\/12\/type.jpg\" alt=\"type\" itemprop=\"image\" title=\"type\" onerror=\"this.style.display='none'\"  \/>\n\t<p>A levelez\u00e9s\u00a0<strong>nem alkalmas v\u00e9szhelyzet eset\u00e9n<\/strong>, kr\u00edziskezel\u00e9sre. Amennyiben azonnali seg\u00edts\u00e9gre van sz\u00fcks\u00e9ge aj\u00e1nljuk az \u00e9jjel-nappal\u00a0<strong>ingyenesen h\u00edvhat\u00f3 seg\u00e9lyvonalat: 116-123<\/strong><\/p>\n\n","protected":false},"excerpt":{"rendered":"<div class=\"entry-summary\">\n<div class=\"entry-summary\">\nKedves \u00c9rdekl\u0151d\u0151! A Sarkadi Kist\u00e9rs\u00e9gi J\u00e1r\u00f3beteg Szakell\u00e1t\u00f3 K\u00f6zpont Eg\u00e9szs\u00e9gfejleszt\u0151 Irod\u00e1ja programjait online lelki tan\u00e1csad\u00e1ssal b\u0151v\u00edti. Online tan\u00e1csad\u00e1sunkat az\u00e9rt&hellip;\n<\/div>\n<div class=\"link-more\"><a href=\"https:\/\/szakrendelo-sarkad.hu\/efi\/lelekmento\/\" class=\"more-link\">Continue reading<span class=\"screen-reader-text\"> &ldquo;L\u00e9lekment\u0151&rdquo;<\/span>&hellip;<\/a><\/div>\n<\/div>\n<div class=\"link-more\"><a href=\"https:\/\/szakrendelo-sarkad.hu\/efi\/lelekmento\/\" class=\"more-link\">Continue reading<span class=\"screen-reader-text\"> &ldquo;L\u00e9lekment\u0151&rdquo;<\/span>&hellip;<\/a><\/div>\n","protected":false},"author":1,"featured_media":0,"parent":0,"menu_order":0,"comment_status":"closed","ping_status":"closed","template":"","meta":{"ngg_post_thumbnail":0,"footnotes":""},"class_list":["post-6301","page","type-page","status-publish","hentry","entry"],"_links":{"self":[{"href":"https:\/\/szakrendelo-sarkad.hu\/efi\/wp-json\/wp\/v2\/pages\/6301","targetHints":{"allow":["GET"]}}],"collection":[{"href":"https:\/\/szakrendelo-sarkad.hu\/efi\/wp-json\/wp\/v2\/pages"}],"about":[{"href":"https:\/\/szakrendelo-sarkad.hu\/efi\/wp-json\/wp\/v2\/types\/page"}],"author":[{"embeddable":true,"href":"https:\/\/szakrendelo-sarkad.hu\/efi\/wp-json\/wp\/v2\/users\/1"}],"replies":[{"embeddable":true,"href":"https:\/\/szakrendelo-sarkad.hu\/efi\/wp-json\/wp\/v2\/comments?post=6301"}],"version-history":[{"count":11,"href":"https:\/\/szakrendelo-sarkad.hu\/efi\/wp-json\/wp\/v2\/pages\/6301\/revisions"}],"predecessor-version":[{"id":9427,"href":"https:\/\/szakrendelo-sarkad.hu\/efi\/wp-json\/wp\/v2\/pages\/6301\/revisions\/9427"}],"wp:attachment":[{"href":"https:\/\/szakrendelo-sarkad.hu\/efi\/wp-json\/wp\/v2\/media?parent=6301"}],"curies":[{"name":"wp","href":"https:\/\/api.w.org\/{rel}","templated":true}]}}

Lélekmentő

<p><strong>Kedves Érdeklődő!</strong></p>
<p>A Sarkadi Kistérségi Járóbeteg Szakellátó Központ Egészségfejlesztő Irodája programjait online lelki tanácsadással bővíti.</p>
<p>Online tanácsadásunkat azért hoztuk létre, hogy szakszerű segítséget nyújtsunk a járás lakosainak lelki gondjaik, nehézségeik kezelésében.</p>
<p><strong>Az online tanácsadás során megoszthatja a problémáit a gép előtt ülve </strong>úgy, hogy amikor éppen ideje van rá, megfogalmazza az érzéseit, problémáit, kérdéseit, és<strong> egy szakemberrel</strong> közösen eljutnak a levelezésük során a megoldáshoz.</p>
<p>Az Online konzultáció alkalmas arra, hogy segítséget nyújtson, ha&#8230;</p>
<ul>
<li>Aggasztják a családi-, gyermeknevelési problémák</li>
<li>Magányosnak érzi magát</li>
<li>Párkapcsolati, párkeresési problémái vannak</li>
<li>Veszteség érte, és úgy érzi jó lenne ezt megosztani valakivel</li>
<li>Konfliktusok vannak a munkahelyén, vagy elveszítette az állását</li>
<li>Gondjai vannak az iskolában, nehézségek a tanulásban</li>
<li>Elakadt egy problémával</li>
</ul>
<p>Szolgáltatásunk <strong>anomim,</strong> tehát a levélíró és a tanácsadó személye is <strong>ismeretlen </strong>marad.</p>
<p>A levelezésre <strong>teljes körű titoktartás</strong> vonatkozik. A levelezések tartalmát bizalmasan kezeljük, a leveleket harmadik fél számára nem adjuk ki.</p>
<p><a href="mailto:lelkitanacs@szakrendelo-sarkad.hu"><strong>lelkitanacs@szakrendelo-sarkad.hu</strong></a><strong> e-mail címen veheti fel a kapcsolatot és küldheti el üzenetét a szakembernek, aki kérdéseire 48 órán belül válaszol!</strong></p>
<p><strong>Forduljon hozzánk bizalommal!</strong></p>
<p><strong>Várjuk levelét!</strong></p>
				<img decoding="async" src="http://szakrendelo-sarkad.hu/efi/wp-content/uploads/sites/2/2024/12/type.jpg" alt="type" itemprop="image" title="type" onerror="this.style.display='none'"  />
	<p>A levelezés <strong>nem alkalmas vészhelyzet esetén</strong>, kríziskezelésre. Amennyiben azonnali segítségre van szüksége ajánljuk az éjjel-nappal <strong>ingyenesen hívható segélyvonalat: 116-123</strong></p>

<div class="entry-summary">
<div class="entry-summary">
Kedves Érdeklődő! A Sarkadi Kistérségi Járóbeteg Szakellátó Központ Egészségfejlesztő Irodája programjait online lelki tanácsadással bővíti. Online tanácsadásunkat azért&hellip;
</div>
<div class="link-more"><a href="https://szakrendelo-sarkad.hu/efi/lelekmento/" class="more-link">Continue reading<span class="screen-reader-text"> &ldquo;Lélekmentő&rdquo;</span>&hellip;</a></div>
</div>
<div class="link-more"><a href="https://szakrendelo-sarkad.hu/efi/lelekmento/" class="more-link">Continue reading<span class="screen-reader-text"> &ldquo;Lélekmentő&rdquo;</span>&hellip;</a></div>
