{"id":6644,"date":"2020-05-07T06:14:10","date_gmt":"2020-05-07T06:14:10","guid":{"rendered":"http:\/\/szakrendelo-sarkad.hu\/efi\/?page_id=6644"},"modified":"2024-12-09T08:58:54","modified_gmt":"2024-12-09T08:58:54","slug":"jarvanyinfo","status":"publish","type":"page","link":"https:\/\/szakrendelo-sarkad.hu\/efi\/jarvanyinfo\/","title":{"rendered":"J\u00e1rv\u00e1nyinf\u00f3"},"content":{"rendered":"<p>[vc_row][vc_column][vc_custom_heading text=&#8221;Tisztelt Olvas\u00f3!&#8221; font_container=&#8221;tag:h2|text_align:center&#8221;][vc_column_text]Ezt az oldal az\u00e9rt hoztuk l\u00e9tre, hogy egy helyen t\u00e1j\u00e9koz\u00f3dhasson a Koronav\u00edrussal (Covid-19) kapcsolatos eg\u00e9szs\u00e9gmeg\u0151rz\u00e9si \u00e9s \u00e1ltal\u00e1nos inform\u00e1ci\u00f3kr\u00f3l. A j\u00e1rv\u00e1ny idej\u00e9n kiemelten fontos, hogy mind fizikai, mind ment\u00e1lis eg\u00e9szs\u00e9g\u00fcnk meg\u0151rz\u00e9se biztos\u00edtott legyen, ez\u00e9rt szeretn\u00e9nk seg\u00edteni azoknak, akik szeretn\u00e9nek eg\u00e9szs\u00e9gesek maradni. A fenti men\u00fcb\u0151l navig\u00e1lhat egyes t\u00e9mak\u00f6r\u00f6k k\u00f6z\u00f6tt, illetve a &#8222;Vissza&#8221; gombbal visszat\u00e9rhet az Eg\u00e9szs\u00e9gfejleszt\u00e9si Iroda f\u0151oldal\u00e1ra.<\/p>\n<p>&nbsp;<\/p>\n<p>J\u00f3 eg\u00e9szs\u00e9get k\u00edv\u00e1nunk!<\/p>\n<p><strong>Az Eg\u00e9szs\u00e9gfejleszt\u00e9si Iroda dolgoz\u00f3i<\/strong>[\/vc_column_text][vc_separator color=&#8221;black&#8221; style=&#8221;shadow&#8221; border_width=&#8221;5&#8243;][vc_column_text]<\/p>\n<h1>Mit kell tudni a koronav\u00edrusr\u00f3l?<\/h1>\n<p><strong>A koronav\u00edrusok alapvet\u0151en \u00e1llatok k\u00f6r\u00e9ben fordulnak el\u0151<\/strong>, ugyanakkor egyes koronav\u00edrus t\u00f6rzsekr\u0151l ismert, hogy k\u00e9pesek az emberben is fert\u0151z\u00e9st okozni. A koronav\u00edrusok mind \u00e1llatr\u00f3l emberre, mind emberr\u0151l emberre terjedhetnek.<\/p>\n<p><strong>Sokf\u00e9le \u00e1llatfaj lehet forr\u00e1sa az emberi megbeteged\u00e9st okoz\u00f3 koronav\u00edrusoknak<\/strong>. A 2012-ben az Arab-f\u00e9lszigetr\u0151l kiindul\u00f3, a k\u00f6zel-keleti l\u00e9gz\u0151szervi szindr\u00f3ma j\u00e1rv\u00e1ny\u00e1t okoz\u00f3 koronav\u00edrus els\u0151dleges forr\u00e1sa a teve volt, m\u00edg a 2002-ben K\u00edn\u00e1b\u00f3l kiindul\u00f3, a s\u00falyos akut l\u00e9gz\u0151szervi szindr\u00f3ma j\u00e1rv\u00e1ny\u00e1t okoz\u00f3 koronav\u00edrus a denev\u00e9rr\u0151l cibetmacsk\u00e1k k\u00f6zvet\u00edt\u00e9s\u00e9vel terjedt \u00e1t emberre.<\/p>\n<p><strong>A mostani j\u00e1rv\u00e1nyt okoz\u00f3 \u00faj koronav\u00edrus<\/strong><strong>&nbsp;2019 v\u00e9g\u00e9n ker\u00fclt azonos\u00edt\u00e1sra K\u00edn\u00e1ban<\/strong>. Az \u00faj koronav\u00edrus \u00e1ltal okozott betegs\u00e9g neve a COVID-19 (<em>coronavirus disease &#8211;<\/em><em>&nbsp;koronav\u00edrus<\/em><em>&nbsp;okozta megbeteged\u00e9s 2019<\/em>). Ez a v\u00edrust\u00f6rzs a k\u00ednai Vuhanban a 2019 december\u00e9ben kit\u00f6rt j\u00e1rv\u00e1ny el\u0151tt ismeretlen volt.<\/p>\n<p>&nbsp;<\/p>\n<p>(forr\u00e1s: koronavirus.gov.hu)[\/vc_column_text][\/vc_column][\/vc_row]<\/p>\n","protected":false},"excerpt":{"rendered":"<div class=\"entry-summary\">\n<div class=\"entry-summary\">\nEzt az oldal az\u00e9rt hoztuk l\u00e9tre, hogy egy helyen t\u00e1j\u00e9koz\u00f3dhasson a Koronav\u00edrussal (Covid-19) kapcsolatos eg\u00e9szs\u00e9gmeg\u0151rz\u00e9si&hellip;\n<\/div>\n<div class=\"link-more\"><a href=\"https:\/\/szakrendelo-sarkad.hu\/efi\/jarvanyinfo\/\" class=\"more-link\">Continue reading<span class=\"screen-reader-text\"> &ldquo;J\u00e1rv\u00e1nyinf\u00f3&rdquo;<\/span>&hellip;<\/a><\/div>\n<\/div>\n<div class=\"link-more\"><a href=\"https:\/\/szakrendelo-sarkad.hu\/efi\/jarvanyinfo\/\" class=\"more-link\">Continue reading<span class=\"screen-reader-text\"> &ldquo;J\u00e1rv\u00e1nyinf\u00f3&rdquo;<\/span>&hellip;<\/a><\/div>\n","protected":false},"author":1,"featured_media":0,"parent":0,"menu_order":0,"comment_status":"closed","ping_status":"closed","template":"","meta":{"ngg_post_thumbnail":0,"footnotes":""},"class_list":["post-6644","page","type-page","status-publish","hentry","entry"],"_links":{"self":[{"href":"https:\/\/szakrendelo-sarkad.hu\/efi\/wp-json\/wp\/v2\/pages\/6644","targetHints":{"allow":["GET"]}}],"collection":[{"href":"https:\/\/szakrendelo-sarkad.hu\/efi\/wp-json\/wp\/v2\/pages"}],"about":[{"href":"https:\/\/szakrendelo-sarkad.hu\/efi\/wp-json\/wp\/v2\/types\/page"}],"author":[{"embeddable":true,"href":"https:\/\/szakrendelo-sarkad.hu\/efi\/wp-json\/wp\/v2\/users\/1"}],"replies":[{"embeddable":true,"href":"https:\/\/szakrendelo-sarkad.hu\/efi\/wp-json\/wp\/v2\/comments?post=6644"}],"version-history":[{"count":14,"href":"https:\/\/szakrendelo-sarkad.hu\/efi\/wp-json\/wp\/v2\/pages\/6644\/revisions"}],"predecessor-version":[{"id":6816,"href":"https:\/\/szakrendelo-sarkad.hu\/efi\/wp-json\/wp\/v2\/pages\/6644\/revisions\/6816"}],"wp:attachment":[{"href":"https:\/\/szakrendelo-sarkad.hu\/efi\/wp-json\/wp\/v2\/media?parent=6644"}],"curies":[{"name":"wp","href":"https:\/\/api.w.org\/{rel}","templated":true}]}}

Járványinfó

<p>[vc_row][vc_column][vc_custom_heading text=&#8221;Tisztelt Olvasó!&#8221; font_container=&#8221;tag:h2|text_align:center&#8221;][vc_column_text]Ezt az oldal azért hoztuk létre, hogy egy helyen tájékozódhasson a Koronavírussal (Covid-19) kapcsolatos egészségmegőrzési és általános információkról. A járvány idején kiemelten fontos, hogy mind fizikai, mind mentális egészségünk megőrzése biztosított legyen, ezért szeretnénk segíteni azoknak, akik szeretnének egészségesek maradni. A fenti menüből navigálhat egyes témakörök között, illetve a &#8222;Vissza&#8221; gombbal visszatérhet az Egészségfejlesztési Iroda főoldalára.</p>
<p>&nbsp;</p>
<p>Jó egészséget kívánunk!</p>
<p><strong>Az Egészségfejlesztési Iroda dolgozói</strong>[/vc_column_text][vc_separator color=&#8221;black&#8221; style=&#8221;shadow&#8221; border_width=&#8221;5&#8243;][vc_column_text]</p>
<h1>Mit kell tudni a koronavírusról?</h1>
<p><strong>A koronavírusok alapvetően állatok körében fordulnak elő</strong>, ugyanakkor egyes koronavírus törzsekről ismert, hogy képesek az emberben is fertőzést okozni. A koronavírusok mind állatról emberre, mind emberről emberre terjedhetnek.</p>
<p><strong>Sokféle állatfaj lehet forrása az emberi megbetegedést okozó koronavírusoknak</strong>. A 2012-ben az Arab-félszigetről kiinduló, a közel-keleti légzőszervi szindróma járványát okozó koronavírus elsődleges forrása a teve volt, míg a 2002-ben Kínából kiinduló, a súlyos akut légzőszervi szindróma járványát okozó koronavírus a denevérről cibetmacskák közvetítésével terjedt át emberre.</p>
<p><strong>A mostani járványt okozó új koronavírus</strong><strong>&nbsp;2019 végén került azonosításra Kínában</strong>. Az új koronavírus által okozott betegség neve a COVID-19 (<em>coronavirus disease &#8211;</em><em>&nbsp;koronavírus</em><em>&nbsp;okozta megbetegedés 2019</em>). Ez a vírustörzs a kínai Vuhanban a 2019 decemberében kitört járvány előtt ismeretlen volt.</p>
<p>&nbsp;</p>
<p>(forrás: koronavirus.gov.hu)[/vc_column_text][/vc_column][/vc_row]</p>

<div class="entry-summary">
<div class="entry-summary">
Ezt az oldal azért hoztuk létre, hogy egy helyen tájékozódhasson a Koronavírussal (Covid-19) kapcsolatos egészségmegőrzési&hellip;
</div>
<div class="link-more"><a href="https://szakrendelo-sarkad.hu/efi/jarvanyinfo/" class="more-link">Continue reading<span class="screen-reader-text"> &ldquo;Járványinfó&rdquo;</span>&hellip;</a></div>
</div>
<div class="link-more"><a href="https://szakrendelo-sarkad.hu/efi/jarvanyinfo/" class="more-link">Continue reading<span class="screen-reader-text"> &ldquo;Járványinfó&rdquo;</span>&hellip;</a></div>
