{"id":6799,"date":"2020-05-13T06:36:53","date_gmt":"2020-05-13T06:36:53","guid":{"rendered":"http:\/\/szakrendelo-sarkad.hu\/efi\/?page_id=6799"},"modified":"2020-05-13T06:36:53","modified_gmt":"2020-05-13T06:36:53","slug":"furdozzon-biztonsagosan-a-covid-19-jarvany-ideje-alatt-is","status":"publish","type":"page","link":"https:\/\/szakrendelo-sarkad.hu\/efi\/furdozzon-biztonsagosan-a-covid-19-jarvany-ideje-alatt-is\/","title":{"rendered":"F\u00fcrd\u0151zz\u00f6n biztons\u00e1gosan! A COVID-19 j\u00e1rv\u00e1ny ideje alatt is"},"content":{"rendered":"<p>A f\u00fcrd\u0151l\u00e1togat\u00f3k magatart\u00e1sa, szok\u00e1sai alapvet\u0151en befoly\u00e1solj\u00e1k a medenc\u00e9k v\u00edzmin\u0151s\u00e9g\u00e9t, jelen helyzetben pedig m\u00e9g nagyobb hangs\u00falyt kap a helyes higi\u00e9n\u00e9s f\u00fcrd\u0151kult\u00fara.<br \/>\n<strong>Vigy\u00e1zzunk magunkra \u00e9s egym\u00e1sra, a strandon is!<\/strong><\/p>\n<p>Ha \u00fagy d\u00f6nt, hogy felkeresi valamelyik hazai f\u00fcrd\u0151t, \u00fcgyeljen az al\u00e1bbiakra:<\/p>\n<ul>\n<li><strong><em>T\u00e1j\u00e9koz\u00f3djon!<\/em><\/strong>&nbsp;Mikor \u00e9s milyen el\u0151\u00edr\u00e1sok betart\u00e1sa mellett lehets\u00e9ges a f\u00fcrd\u0151l\u00e1togat\u00e1s. A jelenlegi el\u0151\u00edr\u00e1sok szerint csak a l\u00e9tes\u00edtm\u00e9nyek egy r\u00e9sze (alapvet\u0151en a szabadt\u00e9ri medenc\u00e9k) \u00fczemelhet.<\/li>\n<li><strong><em>Mosson kezet!<\/em><\/strong>&nbsp;A gyakori, alapos szappanos k\u00e9zmos\u00e1s vagy alkoholos k\u00e9zfert\u0151tlen\u00edt\u00e9s tov\u00e1bbra is a fert\u0151z\u00e9s megel\u0151z\u00e9s\u00e9nek legfontosabb eszk\u00f6ze.<\/li>\n<li>T\u00fcsszent\u00e9s \u00e9s k\u00f6h\u00f6g\u00e9s eset\u00e9n haszn\u00e1ljon pap\u00edrzsebkend\u0151t!<\/li>\n<li><strong><em>Ker\u00fclje a k\u00f6zeli kontaktust!<\/em><\/strong>&nbsp;A fert\u0151z\u00e9s f\u0151 forr\u00e1sa a f\u00fcrd\u0151kben is az emberek k\u00f6zti \u00e9rintkez\u00e9s.\n<ul>\n<li>V\u00e1ltsa meg a jegyet online, el\u0151v\u00e9telben! Amennyiben ez nem lehets\u00e9ges k\u00e9szp\u00e9nzmentes (bankk\u00e1rtya, okos eszk\u00f6z\u00f6k stb.) fizet\u00e9st alkalmazzon.<\/li>\n<li>Tartsa be az aj\u00e1nlott v\u00e9d\u0151t\u00e1vols\u00e1got (1,5-2m) a medenc\u00e9kben, az \u00f6lt\u00f6z\u0151ben, a zuhanyz\u00f3kban, az illemhelyeken \u00e9s a vend\u00e9gl\u00e1t\u00f3ipari egys\u00e9gekben is! V\u00e9dje a f\u00fcrd\u0151 alkalmazottait is, hiszen \u0151k fokozottan ki vannak t\u00e9ve a fert\u0151z\u00e9svesz\u00e9lynek!<\/li>\n<li>Ker\u00fclje a k\u00e9zfog\u00e1st, a fizikai \u00e9rintkez\u00e9st!<\/li>\n<\/ul>\n<\/li>\n<\/ul>\n<ul>\n<li>A v\u00edrus f\u00fcrd\u0151v\u00edzzel val\u00f3 terjed\u00e9s\u00e9nek kock\u00e1zata rendk\u00edv\u00fcl csek\u00e9ly megfelel\u0151 v\u00edzkezel\u00e9s mellett.&nbsp;<strong><em>Helyes higi\u00e9n\u00e9s viselked\u00e9s\u00e9vel seg\u00edtse most is az \u00fczemeltet\u0151k munk\u00e1j\u00e1t!<\/em><\/strong><\/li>\n<\/ul>\n<ul>\n<li>L\u00e1zas, h\u00e1ny\u00e1sos-hasmen\u00e9ses, vagy l\u00e9g\u00fati megbeteged\u00e9ssel ne menjen f\u00fcrd\u0151be! A t\u00fcnetek elm\u00fal\u00e1sa ut\u00e1n legal\u00e1bb m\u00e9g egy h\u00e9tig maradjon otthon!<\/li>\n<li>F\u00fcrd\u0151z\u00e9s, medencehaszn\u00e1lat el\u0151tt \u00e9s ut\u00e1n valamint a mosd\u00f3k haszn\u00e1lata ut\u00e1n zuhanyozzon le meleg v\u00edzzel, szappannal!<\/li>\n<li>Mindig haszn\u00e1lja a l\u00e1bmos\u00f3t!<\/li>\n<li>Tartsa be a medenc\u00e9k maxim\u00e1lis terhelhet\u0151s\u00e9g\u00e9re vonatkoz\u00f3 el\u0151\u00edr\u00e1sokat, zs\u00fafolt medenc\u00e9ben ne f\u00fcrd\u0151zz\u00f6n!<\/li>\n<li>Csak megfelel\u0151, f\u00fcrd\u00e9si c\u00e9l\u00fa ruh\u00e1ban f\u00fcrd\u0151zz\u00f6n, a medenc\u00e9be l\u00e9p\u00e9s el\u0151tt \u00fcr\u00edtse ki zsebeit!<\/li>\n<li>A medenc\u00e9ben ne fogyasszon \u00e9telt vagy italt!<\/li>\n<li>V\u00e9dje a gyermekeket!<\/li>\n<\/ul>\n<p>A gyermek \u00e9s pancsol\u00f3 medenc\u00e9ben feln\u0151tt nem tart\u00f3zkodhat!<\/p>\n<p>Nem szobatiszta kisgyermek csak \u00fasz\u00f3pelenk\u00e1ban f\u00fcrd\u0151zhet!<\/p>\n<p><em>Forr\u00e1s:www.nnk.gov.hu<\/em><\/p>\n","protected":false},"excerpt":{"rendered":"<div class=\"entry-summary\">\n<div class=\"entry-summary\">\nA f\u00fcrd\u0151l\u00e1togat\u00f3k magatart\u00e1sa, szok\u00e1sai alapvet\u0151en befoly\u00e1solj\u00e1k a medenc\u00e9k v\u00edzmin\u0151s\u00e9g\u00e9t, jelen helyzetben pedig m\u00e9g nagyobb hangs\u00falyt kap a helyes&hellip;\n<\/div>\n<div class=\"link-more\"><a href=\"https:\/\/szakrendelo-sarkad.hu\/efi\/furdozzon-biztonsagosan-a-covid-19-jarvany-ideje-alatt-is\/\" class=\"more-link\">Continue reading<span class=\"screen-reader-text\"> &ldquo;F\u00fcrd\u0151zz\u00f6n biztons\u00e1gosan! A COVID-19 j\u00e1rv\u00e1ny ideje alatt is&rdquo;<\/span>&hellip;<\/a><\/div>\n<\/div>\n<div class=\"link-more\"><a href=\"https:\/\/szakrendelo-sarkad.hu\/efi\/furdozzon-biztonsagosan-a-covid-19-jarvany-ideje-alatt-is\/\" class=\"more-link\">Continue reading<span class=\"screen-reader-text\"> &ldquo;F\u00fcrd\u0151zz\u00f6n biztons\u00e1gosan! A COVID-19 j\u00e1rv\u00e1ny ideje alatt is&rdquo;<\/span>&hellip;<\/a><\/div>\n","protected":false},"author":1,"featured_media":0,"parent":0,"menu_order":0,"comment_status":"closed","ping_status":"closed","template":"","meta":{"ngg_post_thumbnail":0,"footnotes":""},"class_list":["post-6799","page","type-page","status-publish","hentry","entry"],"_links":{"self":[{"href":"https:\/\/szakrendelo-sarkad.hu\/efi\/wp-json\/wp\/v2\/pages\/6799","targetHints":{"allow":["GET"]}}],"collection":[{"href":"https:\/\/szakrendelo-sarkad.hu\/efi\/wp-json\/wp\/v2\/pages"}],"about":[{"href":"https:\/\/szakrendelo-sarkad.hu\/efi\/wp-json\/wp\/v2\/types\/page"}],"author":[{"embeddable":true,"href":"https:\/\/szakrendelo-sarkad.hu\/efi\/wp-json\/wp\/v2\/users\/1"}],"replies":[{"embeddable":true,"href":"https:\/\/szakrendelo-sarkad.hu\/efi\/wp-json\/wp\/v2\/comments?post=6799"}],"version-history":[{"count":1,"href":"https:\/\/szakrendelo-sarkad.hu\/efi\/wp-json\/wp\/v2\/pages\/6799\/revisions"}],"predecessor-version":[{"id":6800,"href":"https:\/\/szakrendelo-sarkad.hu\/efi\/wp-json\/wp\/v2\/pages\/6799\/revisions\/6800"}],"wp:attachment":[{"href":"https:\/\/szakrendelo-sarkad.hu\/efi\/wp-json\/wp\/v2\/media?parent=6799"}],"curies":[{"name":"wp","href":"https:\/\/api.w.org\/{rel}","templated":true}]}}

Fürdőzzön biztonságosan! A COVID-19 járvány ideje alatt is

<p>A fürdőlátogatók magatartása, szokásai alapvetően befolyásolják a medencék vízminőségét, jelen helyzetben pedig még nagyobb hangsúlyt kap a helyes higiénés fürdőkultúra.<br />
<strong>Vigyázzunk magunkra és egymásra, a strandon is!</strong></p>
<p>Ha úgy dönt, hogy felkeresi valamelyik hazai fürdőt, ügyeljen az alábbiakra:</p>
<ul>
<li><strong><em>Tájékozódjon!</em></strong>&nbsp;Mikor és milyen előírások betartása mellett lehetséges a fürdőlátogatás. A jelenlegi előírások szerint csak a létesítmények egy része (alapvetően a szabadtéri medencék) üzemelhet.</li>
<li><strong><em>Mosson kezet!</em></strong>&nbsp;A gyakori, alapos szappanos kézmosás vagy alkoholos kézfertőtlenítés továbbra is a fertőzés megelőzésének legfontosabb eszköze.</li>
<li>Tüsszentés és köhögés esetén használjon papírzsebkendőt!</li>
<li><strong><em>Kerülje a közeli kontaktust!</em></strong>&nbsp;A fertőzés fő forrása a fürdőkben is az emberek közti érintkezés.
<ul>
<li>Váltsa meg a jegyet online, elővételben! Amennyiben ez nem lehetséges készpénzmentes (bankkártya, okos eszközök stb.) fizetést alkalmazzon.</li>
<li>Tartsa be az ajánlott védőtávolságot (1,5-2m) a medencékben, az öltözőben, a zuhanyzókban, az illemhelyeken és a vendéglátóipari egységekben is! Védje a fürdő alkalmazottait is, hiszen ők fokozottan ki vannak téve a fertőzésveszélynek!</li>
<li>Kerülje a kézfogást, a fizikai érintkezést!</li>
</ul>
</li>
</ul>
<ul>
<li>A vírus fürdővízzel való terjedésének kockázata rendkívül csekély megfelelő vízkezelés mellett.&nbsp;<strong><em>Helyes higiénés viselkedésével segítse most is az üzemeltetők munkáját!</em></strong></li>
</ul>
<ul>
<li>Lázas, hányásos-hasmenéses, vagy légúti megbetegedéssel ne menjen fürdőbe! A tünetek elmúlása után legalább még egy hétig maradjon otthon!</li>
<li>Fürdőzés, medencehasználat előtt és után valamint a mosdók használata után zuhanyozzon le meleg vízzel, szappannal!</li>
<li>Mindig használja a lábmosót!</li>
<li>Tartsa be a medencék maximális terhelhetőségére vonatkozó előírásokat, zsúfolt medencében ne fürdőzzön!</li>
<li>Csak megfelelő, fürdési célú ruhában fürdőzzön, a medencébe lépés előtt ürítse ki zsebeit!</li>
<li>A medencében ne fogyasszon ételt vagy italt!</li>
<li>Védje a gyermekeket!</li>
</ul>
<p>A gyermek és pancsoló medencében felnőtt nem tartózkodhat!</p>
<p>Nem szobatiszta kisgyermek csak úszópelenkában fürdőzhet!</p>
<p><em>Forrás:www.nnk.gov.hu</em></p>

<div class="entry-summary">
<div class="entry-summary">
A fürdőlátogatók magatartása, szokásai alapvetően befolyásolják a medencék vízminőségét, jelen helyzetben pedig még nagyobb hangsúlyt kap a helyes&hellip;
</div>
<div class="link-more"><a href="https://szakrendelo-sarkad.hu/efi/furdozzon-biztonsagosan-a-covid-19-jarvany-ideje-alatt-is/" class="more-link">Continue reading<span class="screen-reader-text"> &ldquo;Fürdőzzön biztonságosan! A COVID-19 járvány ideje alatt is&rdquo;</span>&hellip;</a></div>
</div>
<div class="link-more"><a href="https://szakrendelo-sarkad.hu/efi/furdozzon-biztonsagosan-a-covid-19-jarvany-ideje-alatt-is/" class="more-link">Continue reading<span class="screen-reader-text"> &ldquo;Fürdőzzön biztonságosan! A COVID-19 járvány ideje alatt is&rdquo;</span>&hellip;</a></div>
