{"id":6805,"date":"2020-05-13T06:40:05","date_gmt":"2020-05-13T06:40:05","guid":{"rendered":"http:\/\/szakrendelo-sarkad.hu\/efi\/?page_id=6805"},"modified":"2020-05-13T06:40:05","modified_gmt":"2020-05-13T06:40:05","slug":"tanacsok-koronavirus-jarvany-idejen-a-helyi-termeloi-piacok-vonatkozasaban-a-nebih-ajanlasa-alapjan","status":"publish","type":"page","link":"https:\/\/szakrendelo-sarkad.hu\/efi\/tanacsok-koronavirus-jarvany-idejen-a-helyi-termeloi-piacok-vonatkozasaban-a-nebih-ajanlasa-alapjan\/","title":{"rendered":"Tan\u00e1csok koronav\u00edrus j\u00e1rv\u00e1ny idej\u00e9n a helyi termel\u0151i piacok vonatkoz\u00e1s\u00e1ban a N\u00e9bih aj\u00e1nl\u00e1sa alapj\u00e1n"},"content":{"rendered":"<p>B\u00e1r a koronav\u00edrus terjed\u00e9se kapcs\u00e1n kialakult helyzetben a helyi, termel\u0151i piacok m\u0171k\u00f6d\u00e9s\u00e9re vonatkoz\u00f3 speci\u00e1lis korl\u00e1toz\u00e1s jelenleg nincs \u00e9rv\u00e9nyben, \u00e9rdemes szem el\u0151tt tartani az al\u00e1bbi alapelveket.<\/p>\n<p><strong>Szem\u00e9lyi, k\u00f6z\u00f6ss\u00e9gi k\u00f6vetelm\u00e9nyek:<\/strong><\/p>\n<ul>\n<li>A kistermel\u0151 eset\u00e9ben is alapk\u00f6vetelm\u00e9ny, hogy csak olyan szem\u00e9ly vegyen r\u00e9szt az \u00e9lelmiszer el\u0151\u00e1ll\u00edt\u00e1s\u00e1ban \u00e9s forgalmaz\u00e1s\u00e1ban, aki eg\u00e9szs\u00e9ges, valamint a vele egy h\u00e1ztart\u00e1sban \u00e9l\u0151 sem mutat fert\u0151z\u00e9sre gyan\u00fas t\u00fcneteket.<img loading=\"lazy\" decoding=\"async\" class=\"alignright size-full wp-image-6807\" src=\"http:\/\/szakrendelo-sarkad.hu\/efi\/wp-content\/uploads\/sites\/2\/2020\/05\/1-1.jpg\" alt=\"\" width=\"344\" height=\"147\" srcset=\"https:\/\/szakrendelo-sarkad.hu\/efi\/wp-content\/uploads\/sites\/2\/2020\/05\/1-1.jpg 344w, https:\/\/szakrendelo-sarkad.hu\/efi\/wp-content\/uploads\/sites\/2\/2020\/05\/1-1-300x128.jpg 300w\" sizes=\"auto, (max-width: 344px) 100vw, 344px\" \/><\/li>\n<li>A kistermel\u0151k, \u00e1rus\u00edt\u00f3k az \u00e1rus\u00edt\u00e1s ideje alatt fokozottan \u00e9s rendszeresen foly\u00f3v\u00edzzel mossanak kezet, ahol ez nem megoldhat\u00f3, ott k\u00e9zfert\u0151tlen\u00edt\u0151 g\u00e9l vagy kend\u0151 alkalmaz\u00e1sa javasolt.<\/li>\n<li>Az \u00e1rus\u00edt\u00f3 asztalokat ne szorosan egym\u00e1s mell\u00e9, hanem lehet\u0151leg 1,5-2 m\u00e9teres t\u00e1vols\u00e1gra helyezz\u00e9k el. R\u00f6gz\u00edtett asztalok eset\u00e9n is \u00fcgyeljenek a megfelel\u0151 t\u00e1vols\u00e1gra a helykioszt\u00e1skor.<\/li>\n<li>A z\u00e1rt t\u00e9rben rendezett piacokn\u00e1l ker\u00fclni kell a zs\u00fafolts\u00e1got. \u00c9rdemes szakaszosan beengedni a v\u00e1s\u00e1rl\u00f3kat a piac ter\u00fclet\u00e9re \u00e9s\/vagy megk\u00e9rni \u0151ket, hogy a szabadban v\u00e1rakozzanak, am\u00edg sorra ker\u00fclnek.<\/li>\n<li>Javasolt a gyakori szell\u0151ztet\u00e9s.<\/li>\n<li>A szabadban tartott piacok eset\u00e9ben is fontos, hogy elker\u00fclj\u00e9k a szoros sorban \u00e1ll\u00e1st, a v\u00e1s\u00e1rl\u00f3k lehet\u0151leg tarts\u00e1k meg egym\u00e1s k\u00f6z\u00f6tt a legal\u00e1bb 1,5&nbsp;m-es t\u00e1vols\u00e1got.<\/li>\n<li>A sokak \u00e1ltal l\u00e1togatott helyeken k\u00e9zfert\u0151tlen\u00edt\u0151 vagy egyszer haszn\u00e1latos keszty\u0171 kihelyez\u00e9se javasolt.<\/li>\n<li>A v\u00e1s\u00e1rl\u00f3k r\u00e9sz\u00e9re \u00e9rint\u00e9s n\u00e9lk\u00fcl haszn\u00e1lhat\u00f3 k\u00e9zfert\u0151tlen\u00edt\u0151szer adagol\u00f3 kihelyez\u00e9se indokolt a bej\u00e1ratokn\u00e1l \u00e9s az \u00e1rus\u00edt\u00f3 t\u00e9rben, valamint a v\u00e1s\u00e1rl\u00f3i vizesblokkokban.<\/li>\n<li>A v\u00e1s\u00e1rl\u00f3k \u00e9s \u00e1rus\u00edt\u00f3k szoci\u00e1lis helyis\u00e9geinek takar\u00edt\u00e1si, fert\u0151tlen\u00edt\u00e9si gyakoris\u00e1g\u00e1t n\u00f6velni sz\u00fcks\u00e9ges.<\/li>\n<\/ul>\n<p><strong>&nbsp;<\/strong><\/p>\n<p><strong>\u00c9lelmiszerek, \u00e1rucikkek, eszk\u00f6z\u00f6k \u00e9s berendez\u00e9sek:<\/strong><\/p>\n<ul>\n<li>Alapvet\u0151 elv\u00e1r\u00e1s valamennyi \u00e1rus\u00edtott \u00e9lelmiszer (z\u00f6lds\u00e9gek, gy\u00fcm\u00f6lcs\u00f6k is) szennyez\u0151d\u00e9st\u0151l, cseppfert\u0151z\u00e9st\u0151l val\u00f3 v\u00e9delme, amely biztos\u00edthat\u00f3 p\u00e9ld\u00e1ul a term\u00e9kek lefed\u00e9s\u00e9vel \u00e9s\/vagy l\u00e9gterel\u0151 plexivel ell\u00e1tott pult haszn\u00e1lat\u00e1val.<\/li>\n<li>Felt\u00e9tlen\u00fcl ker\u00fclend\u0151 a term\u00e9kek \u00e9rint\u00e9se! Erre a v\u00e1s\u00e1rl\u00f3k figyelm\u00e9t is fokozottan fel kell h\u00edvni.<\/li>\n<li>Az \u00e9rt\u00e9kes\u00edt\u00e9st v\u00e9gz\u0151k a csomagolatlan \u00e9lelmiszerek eset\u00e9ben haszn\u00e1ljanak fog\u00f3eszk\u00f6z\u00f6ket vagy eldobhat\u00f3 keszty\u0171t, nylon zacsk\u00f3t a term\u00e9k \u00e1tad\u00e1sakor.<\/li>\n<li>Fokozottan \u00e9s rendszeresen tiszt\u00e1n kell tartani a v\u00e1s\u00e1rl\u00f3k \u00e1ltal gyakran \u00e9rintett fel\u00fcleteket.<\/li>\n<li>Figyelmeztet\u0151 felirat kihelyez\u00e9se a v\u00e1s\u00e1rl\u00f3k r\u00e9sz\u00e9re, hogy a k\u00f6zvetlen fogyaszt\u00e1sra sz\u00e1nt z\u00f6lds\u00e9geket, gy\u00fcm\u00f6lcs\u00f6ket fogyaszt\u00e1s el\u0151tt moss\u00e1k le.<\/li>\n<\/ul>\n<p><strong>P\u00e9nzkezel\u00e9s:<\/strong><\/p>\n<ul>\n<li>Meg kell akad\u00e1lyozni, hogy a term\u00e9kek k\u00f6zvetett kapcsolatba ker\u00fcljenek a p\u00e9nzzel.<\/li>\n<li>C\u00e9lszer\u0171 a p\u00e9nz kezel\u00e9s\u00e9nek \u00e9s az \u00e1ru kezel\u00e9s\u00e9nek teljes sz\u00e9tv\u00e1laszt\u00e1sa. Nem megfelel\u0151 az a gyakorlat, hogy ez az egyszer haszn\u00e1latos keszty\u0171 folyamatos lev\u00e9tel\u00e9vel, majd ism\u00e9telt felh\u00faz\u00e1s\u00e1val t\u00f6rt\u00e9nik.<\/li>\n<li>Nagyobb forgalm\u00fa helyen javasolt, hogy k\u00fcl\u00f6n szem\u00e9ly adja ki a term\u00e9ket, m\u00edg m\u00e1s vegye el a p\u00e9nzt.<\/li>\n<\/ul>\n<p><em>Forr\u00e1s:&nbsp;Nemzeti \u00c9lelmiszerl\u00e1nc-biztons\u00e1gi Hivatal<\/em><\/p>\n<p><img loading=\"lazy\" decoding=\"async\" class=\"aligncenter size-full wp-image-6806\" src=\"http:\/\/szakrendelo-sarkad.hu\/efi\/wp-content\/uploads\/sites\/2\/2020\/05\/2-1.jpg\" alt=\"\" width=\"287\" height=\"176\"><\/p>\n","protected":false},"excerpt":{"rendered":"<div class=\"entry-summary\">\n<div class=\"entry-summary\">\nB\u00e1r a koronav\u00edrus terjed\u00e9se kapcs\u00e1n kialakult helyzetben a helyi, termel\u0151i piacok m\u0171k\u00f6d\u00e9s\u00e9re vonatkoz\u00f3 speci\u00e1lis korl\u00e1toz\u00e1s jelenleg nincs \u00e9rv\u00e9nyben,&hellip;\n<\/div>\n<div class=\"link-more\"><a href=\"https:\/\/szakrendelo-sarkad.hu\/efi\/tanacsok-koronavirus-jarvany-idejen-a-helyi-termeloi-piacok-vonatkozasaban-a-nebih-ajanlasa-alapjan\/\" class=\"more-link\">Continue reading<span class=\"screen-reader-text\"> &ldquo;Tan\u00e1csok koronav\u00edrus j\u00e1rv\u00e1ny idej\u00e9n a helyi termel\u0151i piacok vonatkoz\u00e1s\u00e1ban a N\u00e9bih aj\u00e1nl\u00e1sa alapj\u00e1n&rdquo;<\/span>&hellip;<\/a><\/div>\n<\/div>\n<div class=\"link-more\"><a href=\"https:\/\/szakrendelo-sarkad.hu\/efi\/tanacsok-koronavirus-jarvany-idejen-a-helyi-termeloi-piacok-vonatkozasaban-a-nebih-ajanlasa-alapjan\/\" class=\"more-link\">Continue reading<span class=\"screen-reader-text\"> &ldquo;Tan\u00e1csok koronav\u00edrus j\u00e1rv\u00e1ny idej\u00e9n a helyi termel\u0151i piacok vonatkoz\u00e1s\u00e1ban a N\u00e9bih aj\u00e1nl\u00e1sa alapj\u00e1n&rdquo;<\/span>&hellip;<\/a><\/div>\n","protected":false},"author":1,"featured_media":0,"parent":0,"menu_order":0,"comment_status":"closed","ping_status":"closed","template":"","meta":{"ngg_post_thumbnail":0,"footnotes":""},"class_list":["post-6805","page","type-page","status-publish","hentry","entry"],"_links":{"self":[{"href":"https:\/\/szakrendelo-sarkad.hu\/efi\/wp-json\/wp\/v2\/pages\/6805","targetHints":{"allow":["GET"]}}],"collection":[{"href":"https:\/\/szakrendelo-sarkad.hu\/efi\/wp-json\/wp\/v2\/pages"}],"about":[{"href":"https:\/\/szakrendelo-sarkad.hu\/efi\/wp-json\/wp\/v2\/types\/page"}],"author":[{"embeddable":true,"href":"https:\/\/szakrendelo-sarkad.hu\/efi\/wp-json\/wp\/v2\/users\/1"}],"replies":[{"embeddable":true,"href":"https:\/\/szakrendelo-sarkad.hu\/efi\/wp-json\/wp\/v2\/comments?post=6805"}],"version-history":[{"count":1,"href":"https:\/\/szakrendelo-sarkad.hu\/efi\/wp-json\/wp\/v2\/pages\/6805\/revisions"}],"predecessor-version":[{"id":6808,"href":"https:\/\/szakrendelo-sarkad.hu\/efi\/wp-json\/wp\/v2\/pages\/6805\/revisions\/6808"}],"wp:attachment":[{"href":"https:\/\/szakrendelo-sarkad.hu\/efi\/wp-json\/wp\/v2\/media?parent=6805"}],"curies":[{"name":"wp","href":"https:\/\/api.w.org\/{rel}","templated":true}]}}

Tanácsok koronavírus járvány idején a helyi termelői piacok vonatkozásában a Nébih ajánlása alapján

<p>Bár a koronavírus terjedése kapcsán kialakult helyzetben a helyi, termelői piacok működésére vonatkozó speciális korlátozás jelenleg nincs érvényben, érdemes szem előtt tartani az alábbi alapelveket.</p>
<p><strong>Személyi, közösségi követelmények:</strong></p>
<ul>
<li>A kistermelő esetében is alapkövetelmény, hogy csak olyan személy vegyen részt az élelmiszer előállításában és forgalmazásában, aki egészséges, valamint a vele egy háztartásban élő sem mutat fertőzésre gyanús tüneteket.<img loading="lazy" decoding="async" class="alignright size-full wp-image-6807" src="http://szakrendelo-sarkad.hu/efi/wp-content/uploads/sites/2/2020/05/1-1.jpg" alt="" width="344" height="147" srcset="https://szakrendelo-sarkad.hu/efi/wp-content/uploads/sites/2/2020/05/1-1.jpg 344w, https://szakrendelo-sarkad.hu/efi/wp-content/uploads/sites/2/2020/05/1-1-300x128.jpg 300w" sizes="auto, (max-width: 344px) 100vw, 344px" /></li>
<li>A kistermelők, árusítók az árusítás ideje alatt fokozottan és rendszeresen folyóvízzel mossanak kezet, ahol ez nem megoldható, ott kézfertőtlenítő gél vagy kendő alkalmazása javasolt.</li>
<li>Az árusító asztalokat ne szorosan egymás mellé, hanem lehetőleg 1,5-2 méteres távolságra helyezzék el. Rögzített asztalok esetén is ügyeljenek a megfelelő távolságra a helykiosztáskor.</li>
<li>A zárt térben rendezett piacoknál kerülni kell a zsúfoltságot. Érdemes szakaszosan beengedni a vásárlókat a piac területére és/vagy megkérni őket, hogy a szabadban várakozzanak, amíg sorra kerülnek.</li>
<li>Javasolt a gyakori szellőztetés.</li>
<li>A szabadban tartott piacok esetében is fontos, hogy elkerüljék a szoros sorban állást, a vásárlók lehetőleg tartsák meg egymás között a legalább 1,5&nbsp;m-es távolságot.</li>
<li>A sokak által látogatott helyeken kézfertőtlenítő vagy egyszer használatos kesztyű kihelyezése javasolt.</li>
<li>A vásárlók részére érintés nélkül használható kézfertőtlenítőszer adagoló kihelyezése indokolt a bejáratoknál és az árusító térben, valamint a vásárlói vizesblokkokban.</li>
<li>A vásárlók és árusítók szociális helyiségeinek takarítási, fertőtlenítési gyakoriságát növelni szükséges.</li>
</ul>
<p><strong>&nbsp;</strong></p>
<p><strong>Élelmiszerek, árucikkek, eszközök és berendezések:</strong></p>
<ul>
<li>Alapvető elvárás valamennyi árusított élelmiszer (zöldségek, gyümölcsök is) szennyeződéstől, cseppfertőzéstől való védelme, amely biztosítható például a termékek lefedésével és/vagy légterelő plexivel ellátott pult használatával.</li>
<li>Feltétlenül kerülendő a termékek érintése! Erre a vásárlók figyelmét is fokozottan fel kell hívni.</li>
<li>Az értékesítést végzők a csomagolatlan élelmiszerek esetében használjanak fogóeszközöket vagy eldobható kesztyűt, nylon zacskót a termék átadásakor.</li>
<li>Fokozottan és rendszeresen tisztán kell tartani a vásárlók által gyakran érintett felületeket.</li>
<li>Figyelmeztető felirat kihelyezése a vásárlók részére, hogy a közvetlen fogyasztásra szánt zöldségeket, gyümölcsöket fogyasztás előtt mossák le.</li>
</ul>
<p><strong>Pénzkezelés:</strong></p>
<ul>
<li>Meg kell akadályozni, hogy a termékek közvetett kapcsolatba kerüljenek a pénzzel.</li>
<li>Célszerű a pénz kezelésének és az áru kezelésének teljes szétválasztása. Nem megfelelő az a gyakorlat, hogy ez az egyszer használatos kesztyű folyamatos levételével, majd ismételt felhúzásával történik.</li>
<li>Nagyobb forgalmú helyen javasolt, hogy külön személy adja ki a terméket, míg más vegye el a pénzt.</li>
</ul>
<p><em>Forrás:&nbsp;Nemzeti Élelmiszerlánc-biztonsági Hivatal</em></p>
<p><img loading="lazy" decoding="async" class="aligncenter size-full wp-image-6806" src="http://szakrendelo-sarkad.hu/efi/wp-content/uploads/sites/2/2020/05/2-1.jpg" alt="" width="287" height="176"></p>

<div class="entry-summary">
<div class="entry-summary">
Bár a koronavírus terjedése kapcsán kialakult helyzetben a helyi, termelői piacok működésére vonatkozó speciális korlátozás jelenleg nincs érvényben,&hellip;
</div>
<div class="link-more"><a href="https://szakrendelo-sarkad.hu/efi/tanacsok-koronavirus-jarvany-idejen-a-helyi-termeloi-piacok-vonatkozasaban-a-nebih-ajanlasa-alapjan/" class="more-link">Continue reading<span class="screen-reader-text"> &ldquo;Tanácsok koronavírus járvány idején a helyi termelői piacok vonatkozásában a Nébih ajánlása alapján&rdquo;</span>&hellip;</a></div>
</div>
<div class="link-more"><a href="https://szakrendelo-sarkad.hu/efi/tanacsok-koronavirus-jarvany-idejen-a-helyi-termeloi-piacok-vonatkozasaban-a-nebih-ajanlasa-alapjan/" class="more-link">Continue reading<span class="screen-reader-text"> &ldquo;Tanácsok koronavírus járvány idején a helyi termelői piacok vonatkozásában a Nébih ajánlása alapján&rdquo;</span>&hellip;</a></div>
