{"id":8401,"date":"2021-09-04T15:02:04","date_gmt":"2021-09-04T15:02:04","guid":{"rendered":"http:\/\/szakrendelo-sarkad.hu\/home2\/?page_id=8401"},"modified":"2025-06-16T10:22:50","modified_gmt":"2025-06-16T10:22:50","slug":"egyeb-szolgaltatasok","status":"publish","type":"page","link":"https:\/\/szakrendelo-sarkad.hu\/home2\/egyeb-szolgaltatasok\/","title":{"rendered":"Egy\u00e9b szolg\u00e1ltat\u00e1sok"},"content":{"rendered":"\n\n\tInt\u00e9zm\u00e9nyen bel\u00fcl ig\u00e9nybe vehet\u0151 egy\u00e9b szolg\u00e1ltat\u00e1sok:<br \/>\n\u00a0<br \/>\n<b>Hall\u00e1scentrum<\/b><br \/>\n<b>J\u00f3 Hall\u00e1s Kft.<\/b><br \/>\nA hall\u00e1sprobl\u00e9m\u00e1val k\u00fcszk\u00f6d\u0151 emberek \u00e9let\u00e9ben kiemelt fontoss\u00e1g\u00fa az id\u0151ben t\u00f6rt\u00e9n\u0151 rehabilit\u00e1ci\u00f3 \u00e9s a megfelel\u0151 ell\u00e1t\u00e1s, melynek \u00e9rdek\u00e9ben az al\u00e1bbi szakmai programokban r\u00e9szes\u00fclnek a Sarkadi Szakell\u00e1t\u00f3 K\u00f6zpontot felkeres\u0151 p\u00e1ciensek:<br \/>\n&#8211; Ingyenes hall\u00e1ssz\u0171r\u00e9s biztos\u00edt\u00e1sa<br \/>\n&#8211; Tan\u00e1csad\u00e1s \u00e9s t\u00e1j\u00e9koztat\u00e1s a sz\u0171r\u0151vizsg\u00e1laton r\u00e9sztvev\u0151knek a sz\u0171r\u00e9s eredm\u00e9ny\u00e9r\u0151l<br \/>\n&#8211; A sz\u0171r\u0151vizsg\u00e1lat eredm\u00e9ny\u00e9nek megfelel\u0151 dokument\u00e1l\u00e1sa, h\u00e1ziorvosi ig\u00e9ny eset\u00e9n h\u00e1ziorvossal t\u00f6rt\u00e9n\u0151 konzult\u00e1ci\u00f3 lehet\u0151s\u00e9ge<br \/>\n&#8211; Tov\u00e1bbi szakorvosi vizsg\u00e1lat sz\u00fcks\u00e9gess\u00e9g\u00e9nek felmer\u00fcl\u00e9se eset\u00e9n a beteg tov\u00e1bbir\u00e1ny\u00edt\u00e1sa \u00e9s t\u00e1j\u00e9koztat\u00e1sa a sz\u00fcks\u00e9gess\u00e9g v\u00e9lhet\u0151 ok\u00e1r\u00f3l.<br \/>\n&#8211; T\u00e9r\u00edt\u00e9smentes szolg\u00e1ltat\u00e1s\n<strong>S\u00f3szoba:<\/strong><br \/>\nA l\u00e9g\u00fati betegs\u00e9gek egyik leghat\u00e9konyabb \u00e9s \u00e9vsz\u00e1zadok \u00f3ta ismert kezel\u00e9si m\u00f3dszere a term\u00e9szetes\u00a0<b>s\u00f3szoba<\/b>-ter\u00e1pia.<br \/>\nA s\u00f3szob\u00e1k berendez\u00e9se egyszer\u0171: s\u00f3 t\u00e9gl\u00e1kkal \u00e9s ultrahangos k\u00e9sz\u00fcl\u00e9kkel porlasztott s\u00f3oldattal teremtik meg\u00a0a gy\u00f3gy\u00edt\u00f3 kl\u00edm\u00e1t eg\u00e9szs\u00e9ges \u00e9s beteg gyerek sz\u00e1m\u00e1ra egyar\u00e1nt.<br \/>\nEgy teljes k\u00fara 10 vagy 20 kezel\u00e9si alkalomb\u00f3l \u00e1ll, f\u00fcgg\u0151en a betegs\u00e9g jellemz\u0151it\u0151l, id\u0151tartama 20 perc.<br \/>\nA s\u00f3 ter\u00e1pia a t\u00fcd\u0151gy\u00f3gy\u00e1szat, beutal\u00f3 k\u00f6teles szakrendel\u00e9s keretin bel\u00fcl \u00e9rhet\u0151 el.<br \/>\n&#8211; T\u00e9r\u00edt\u00e9smentes szolg\u00e1ltat\u00e1s\n\n","protected":false},"excerpt":{"rendered":"<div class=\"entry-summary\">\n<div class=\"entry-summary\">\nInt\u00e9zm\u00e9nyen bel\u00fcl ig\u00e9nybe vehet\u0151 egy\u00e9b szolg\u00e1ltat\u00e1sok: \u00a0 Hall\u00e1scentrum J\u00f3 Hall\u00e1s Kft. A hall\u00e1sprobl\u00e9m\u00e1val k\u00fcszk\u00f6d\u0151 emberek \u00e9let\u00e9ben kiemelt fontoss\u00e1g\u00fa&hellip;\n<\/div>\n<div class=\"link-more\"><a href=\"https:\/\/szakrendelo-sarkad.hu\/home2\/egyeb-szolgaltatasok\/\" class=\"more-link\">Continue reading<span class=\"screen-reader-text\"> &ldquo;Egy\u00e9b szolg\u00e1ltat\u00e1sok&rdquo;<\/span>&hellip;<\/a><\/div>\n<\/div>\n<div class=\"link-more\"><a href=\"https:\/\/szakrendelo-sarkad.hu\/home2\/egyeb-szolgaltatasok\/\" class=\"more-link\">Continue reading<span class=\"screen-reader-text\"> &ldquo;Egy\u00e9b szolg\u00e1ltat\u00e1sok&rdquo;<\/span>&hellip;<\/a><\/div>\n","protected":false},"author":1,"featured_media":0,"parent":0,"menu_order":0,"comment_status":"closed","ping_status":"closed","template":"","meta":{"ngg_post_thumbnail":0,"footnotes":""},"class_list":["post-8401","page","type-page","status-publish","hentry","entry"],"_links":{"self":[{"href":"https:\/\/szakrendelo-sarkad.hu\/home2\/wp-json\/wp\/v2\/pages\/8401","targetHints":{"allow":["GET"]}}],"collection":[{"href":"https:\/\/szakrendelo-sarkad.hu\/home2\/wp-json\/wp\/v2\/pages"}],"about":[{"href":"https:\/\/szakrendelo-sarkad.hu\/home2\/wp-json\/wp\/v2\/types\/page"}],"author":[{"embeddable":true,"href":"https:\/\/szakrendelo-sarkad.hu\/home2\/wp-json\/wp\/v2\/users\/1"}],"replies":[{"embeddable":true,"href":"https:\/\/szakrendelo-sarkad.hu\/home2\/wp-json\/wp\/v2\/comments?post=8401"}],"version-history":[{"count":7,"href":"https:\/\/szakrendelo-sarkad.hu\/home2\/wp-json\/wp\/v2\/pages\/8401\/revisions"}],"predecessor-version":[{"id":9724,"href":"https:\/\/szakrendelo-sarkad.hu\/home2\/wp-json\/wp\/v2\/pages\/8401\/revisions\/9724"}],"wp:attachment":[{"href":"https:\/\/szakrendelo-sarkad.hu\/home2\/wp-json\/wp\/v2\/media?parent=8401"}],"curies":[{"name":"wp","href":"https:\/\/api.w.org\/{rel}","templated":true}]}}

Egyéb szolgáltatások

Intézményen belül igénybe vehető egyéb szolgáltatások:<br />
 <br />
<b>Halláscentrum</b><br />
<b>Jó Hallás Kft.</b><br />
A hallásproblémával küszködő emberek életében kiemelt fontosságú az időben történő rehabilitáció és a megfelelő ellátás, melynek érdekében az alábbi szakmai programokban részesülnek a Sarkadi Szakellátó Központot felkereső páciensek:<br />
&#8211; Ingyenes hallásszűrés biztosítása<br />
&#8211; Tanácsadás és tájékoztatás a szűrővizsgálaton résztvevőknek a szűrés eredményéről<br />
&#8211; A szűrővizsgálat eredményének megfelelő dokumentálása, háziorvosi igény esetén háziorvossal történő konzultáció lehetősége<br />
&#8211; További szakorvosi vizsgálat szükségességének felmerülése esetén a beteg továbbirányítása és tájékoztatása a szükségesség vélhető okáról.<br />
&#8211; Térítésmentes szolgáltatás
<strong>Sószoba:</strong><br />
A légúti betegségek egyik leghatékonyabb és évszázadok óta ismert kezelési módszere a természetes <b>sószoba</b>-terápia.<br />
A sószobák berendezése egyszerű: só téglákkal és ultrahangos készülékkel porlasztott sóoldattal teremtik meg a gyógyító klímát egészséges és beteg gyerek számára egyaránt.<br />
Egy teljes kúra 10 vagy 20 kezelési alkalomból áll, függően a betegség jellemzőitől, időtartama 20 perc.<br />
A só terápia a tüdőgyógyászat, beutaló köteles szakrendelés keretin belül érhető el.<br />
&#8211; Térítésmentes szolgáltatás

<div class="entry-summary">
<div class="entry-summary">
Intézményen belül igénybe vehető egyéb szolgáltatások:   Halláscentrum Jó Hallás Kft. A hallásproblémával küszködő emberek életében kiemelt fontosságú&hellip;
</div>
<div class="link-more"><a href="https://szakrendelo-sarkad.hu/home2/egyeb-szolgaltatasok/" class="more-link">Continue reading<span class="screen-reader-text"> &ldquo;Egyéb szolgáltatások&rdquo;</span>&hellip;</a></div>
</div>
<div class="link-more"><a href="https://szakrendelo-sarkad.hu/home2/egyeb-szolgaltatasok/" class="more-link">Continue reading<span class="screen-reader-text"> &ldquo;Egyéb szolgáltatások&rdquo;</span>&hellip;</a></div>
