{"id":8617,"date":"2021-10-05T16:50:24","date_gmt":"2021-10-05T16:50:24","guid":{"rendered":"https:\/\/szakrendelo-sarkad.hu\/home2\/?page_id=8617"},"modified":"2021-10-05T16:50:24","modified_gmt":"2021-10-05T16:50:24","slug":"efop-2-2-19-kozbeszerzesi-terv","status":"publish","type":"page","link":"https:\/\/szakrendelo-sarkad.hu\/home2\/efop-2-2-19-kozbeszerzesi-terv\/","title":{"rendered":"EFOP 2.2.19 K\u00f6zbeszerz\u00e9si Terv"},"content":{"rendered":"<p style=\"text-align: center;\"><strong>K\u00d6ZBESZERZ\u00c9SI TERV<\/strong><\/p>\n<p>&nbsp;<\/p>\n<table class=\" aligncenter\" style=\"height: 423px;\" border=\"0\">\n<tbody>\n<tr>\n<td valign=\"center\">A beszerz\u00e9s t\u00e1rgya:<br \/>\n(\u00e1rubeszerz\u00e9s, szolg\u00e1ltat\u00e1s, szolg\u00e1ltat\u00e1si koncesszi\u00f3, \u00e9p\u00edt\u00e9si beruh\u00e1z\u00e1s, \u00e9p\u00edt\u00e9si koncesszi\u00f3)<\/td>\n<td colspan=\"2\" valign=\"center\">Becs\u00fclt \u00e9rt\u00e9k:<br \/>\n(nett\u00f3 Ft)<\/td>\n<td colspan=\"2\" valign=\"center\">Beszerz\u00e9si elj\u00e1r\u00e1s t\u00edpusa (\u00e9s szakaszok sz\u00e1ma):<\/td>\n<td colspan=\"2\" valign=\"center\">Szerz\u0151d\u00e9s t\u00edpusa:<\/td>\n<td colspan=\"2\" valign=\"center\">Aj\u00e1nlatok bead\u00e1si hat\u00e1rideje:<\/td>\n<td colspan=\"2\" valign=\"center\">Aj\u00e1nlatok \u00e9rt\u00e9kel\u00e9s\u00e9nek d\u00e1tuma:<\/td>\n<td colspan=\"2\" valign=\"center\">Eredm\u00e9nyhirdet\u00e9s<br \/>\nd\u00e1tuma:<\/td>\n<td colspan=\"2\" valign=\"center\">Gyors\u00edtott<br \/>\n(igen\/nem)<\/td>\n<\/tr>\n<tr>\n<td valign=\"center\">\u00c1rubeszerz\u00e9s<\/td>\n<td colspan=\"2\" valign=\"center\"><strong>54.437.401 Ft<\/strong><\/td>\n<td colspan=\"2\" valign=\"center\"><strong>&nbsp;aKBt.Harmadik r\u00e9sz 112.\u00a7 szerint ny\u00edlt elj\u00e1r\u00e1s, a 113-116. \u00a7-ban foglalt elt\u00e9r\u00e9sekkel<\/strong><\/td>\n<td colspan=\"2\" valign=\"center\"><strong>Ad\u00e1sv\u00e9teli szerz\u0151d\u00e9s<\/strong><\/td>\n<td colspan=\"2\" valign=\"center\"><strong>2018. \u00e1prilis 23.<\/strong><\/td>\n<td colspan=\"2\" valign=\"center\"><strong>2018. m\u00e1jus 03.<\/strong><\/td>\n<td colspan=\"2\" valign=\"center\"><strong>2018. m\u00e1jus 03.<\/strong><\/td>\n<td colspan=\"2\" valign=\"center\"><strong>Nem<\/strong><\/td>\n<\/tr>\n<\/tbody>\n<\/table>\n<p>&nbsp;<\/p>\n","protected":false},"excerpt":{"rendered":"<div class=\"entry-summary\">\n<div class=\"entry-summary\">\nK\u00d6ZBESZERZ\u00c9SI TERV &nbsp; A beszerz\u00e9s t\u00e1rgya: (\u00e1rubeszerz\u00e9s, szolg\u00e1ltat\u00e1s, szolg\u00e1ltat\u00e1si koncesszi\u00f3, \u00e9p\u00edt\u00e9si beruh\u00e1z\u00e1s, \u00e9p\u00edt\u00e9si koncesszi\u00f3) Becs\u00fclt \u00e9rt\u00e9k: (nett\u00f3 Ft)&hellip;\n<\/div>\n<div class=\"link-more\"><a href=\"https:\/\/szakrendelo-sarkad.hu\/home2\/efop-2-2-19-kozbeszerzesi-terv\/\" class=\"more-link\">Continue reading<span class=\"screen-reader-text\"> &ldquo;EFOP 2.2.19 K\u00f6zbeszerz\u00e9si Terv&rdquo;<\/span>&hellip;<\/a><\/div>\n<\/div>\n<div class=\"link-more\"><a href=\"https:\/\/szakrendelo-sarkad.hu\/home2\/efop-2-2-19-kozbeszerzesi-terv\/\" class=\"more-link\">Continue reading<span class=\"screen-reader-text\"> &ldquo;EFOP 2.2.19 K\u00f6zbeszerz\u00e9si Terv&rdquo;<\/span>&hellip;<\/a><\/div>\n","protected":false},"author":1,"featured_media":0,"parent":0,"menu_order":0,"comment_status":"closed","ping_status":"closed","template":"","meta":{"ngg_post_thumbnail":0,"footnotes":""},"class_list":["post-8617","page","type-page","status-publish","hentry","entry"],"_links":{"self":[{"href":"https:\/\/szakrendelo-sarkad.hu\/home2\/wp-json\/wp\/v2\/pages\/8617","targetHints":{"allow":["GET"]}}],"collection":[{"href":"https:\/\/szakrendelo-sarkad.hu\/home2\/wp-json\/wp\/v2\/pages"}],"about":[{"href":"https:\/\/szakrendelo-sarkad.hu\/home2\/wp-json\/wp\/v2\/types\/page"}],"author":[{"embeddable":true,"href":"https:\/\/szakrendelo-sarkad.hu\/home2\/wp-json\/wp\/v2\/users\/1"}],"replies":[{"embeddable":true,"href":"https:\/\/szakrendelo-sarkad.hu\/home2\/wp-json\/wp\/v2\/comments?post=8617"}],"version-history":[{"count":1,"href":"https:\/\/szakrendelo-sarkad.hu\/home2\/wp-json\/wp\/v2\/pages\/8617\/revisions"}],"predecessor-version":[{"id":8618,"href":"https:\/\/szakrendelo-sarkad.hu\/home2\/wp-json\/wp\/v2\/pages\/8617\/revisions\/8618"}],"wp:attachment":[{"href":"https:\/\/szakrendelo-sarkad.hu\/home2\/wp-json\/wp\/v2\/media?parent=8617"}],"curies":[{"name":"wp","href":"https:\/\/api.w.org\/{rel}","templated":true}]}}