{"id":9266,"date":"2024-01-24T12:35:23","date_gmt":"2024-01-24T12:35:23","guid":{"rendered":"https:\/\/szakrendelo-sarkad.hu\/home2\/?page_id=9266"},"modified":"2025-01-07T10:18:50","modified_gmt":"2025-01-07T10:18:50","slug":"izuleti-punkcio","status":"publish","type":"page","link":"https:\/\/szakrendelo-sarkad.hu\/home2\/izuleti-punkcio\/","title":{"rendered":"\u00cdz\u00fcleti punkci\u00f3"},"content":{"rendered":"\n\n\t<strong>BETEGT\u00c1J\u00c9KOZTAT\u00d3<br \/>\n<\/strong>\u00cdz\u00fcleti punkci\u00f3r\u00f3l<br \/>\n_____________________________________________________________\n<p><strong><em>Kedves Beteg\u00fcnk!<\/em><\/strong><\/p>\n<p><strong>Mi az \u00edz\u00fcleti punkci\u00f3 c\u00e9lja?<\/strong><\/p>\n<p>Az \u00edz\u00fcleteket bel\u00fclr\u0151l bor\u00edt\u00f3 h\u00e1rtya megvastagodott, \u00e9s nagyobb mennyis\u00e9g\u0171 folyad\u00e9kot termelt. Ez a folyad\u00e9kgy\u00fclem fesz\u00fcl\u00e9st, f\u00e1jdalmat, mozg\u00e1skorl\u00e1tozotts\u00e1got okoz az \u00edz\u00fcletben, tart\u00f3s fenn\u00e1ll\u00e1sa eset\u00e9n k\u00e1ros\u00edthatja a porcot is.\u00a0 Emiatt van sz\u00fcks\u00e9g a folyad\u00e9k elt\u00e1vol\u00edt\u00e1s\u00e1ra, &#8222;lecsapol\u00e1s\u00e1ra&#8221;.\u00a0 A lebocs\u00e1tott\u00a0 \u00edz\u00fcleti folyad\u00e9kot ezut\u00e1n laborat\u00f3riumi \u00e9s mikroszk\u00f3pos vizsg\u00e1latra k\u00fcldj\u00fck. Ha bakt\u00e9rium okozta \u00edz\u00fcleti gyullad\u00e1s lehet\u0151s\u00e9ge mer\u00fcl fel, az \u00edz\u00fcleti punkci\u00f3, a bakt\u00e9rium kimutat\u00e1sa \u00e9s az antibiotikum kezel\u00e9s \u00e9letment\u0151 beavatkoz\u00e1s lehet. Az \u00edz\u00fcleti folyad\u00e9k elemz\u00e9se a diagn\u00f3zis meg\u00e1llap\u00edt\u00e1s\u00e1ban seg\u00edt. A fesz\u00fcl\u0151 folyad\u00e9k lesz\u00edv\u00e1sa a fesz\u00fcl\u0151 f\u00e1jdalmat cs\u00f6kkenti.<\/p>\n<p><strong>A beavatkoz\u00e1s indik\u00e1ci\u00f3ja<\/strong><\/p>\n<p>\u00cdz\u00fcleti gyullad\u00e1s, duzzanat eset\u00e9n az \u00edz\u00fcleti folyad\u00e9k elt\u00e1vol\u00edt\u00e1sa, \u00edz\u00fcletbe adott gyullad\u00e1scs\u00f6kkent\u0151 szteroid, porcregener\u00e1l\u00f3 (hialuronsav k\u00e9sz\u00edtm\u00e9ny) cs\u00f6kkenti a f\u00e1jdalmat \u00e9s feltart\u00f3ztatja a porc kop\u00e1s\u00e1t.<\/p>\n<p><strong>Egy\u00e9b kezel\u00e9si lehet\u0151s\u00e9gek<\/strong><\/p>\n<p>Sz\u00e1jon \u00e1t szedhet\u0151 gyullad\u00e1scs\u00f6kkent\u0151 gy\u00f3gyszerek, porcregener\u00e1l\u00f3k \u00e9s a pihentet\u00e9s is cs\u00f6kkentheti az \u00edz\u00fcleti gyullad\u00e1st.<\/p>\n<p><strong>Az injekci\u00f3s beavatkoz\u00e1s menete<\/strong><\/p>\n<p>Steril k\u00f6r\u00fclm\u00e9nyek k\u00f6z\u00f6tt a b\u0151r fert\u0151tlen\u00edt\u00e9se ut\u00e1n (j\u00f3ddal, allergi\u00e1s t\u00fal\u00e9rz\u00e9kenys\u00e9g eset\u00e9n egy\u00e9b speci\u00e1lis fert\u0151tlen\u00edt\u0151vel) t\u0171t sz\u00farunk a b\u0151r\u00f6n \u00e1t az \u00edz\u00fcletbe, majd ugyanezen a t\u0171n kereszt\u00fcl a f\u00e1jdalmas fesz\u00fcl\u00e9st okoz\u00f3 folyad\u00e9kgy\u00fclemet lebocs\u00e1tjuk. Amennyiben sz\u00fcks\u00e9ges, az \u00edz\u00fcletet \u00e1t\u00f6bl\u00edtj\u00fck. A betegs\u00e9g term\u00e9szete szerint gyullad\u00e1scs\u00f6kkent\u0151 gy\u00f3gyszert (szteroidot) fecskendez\u00fcnk az \u00edz\u00fcletbe.<\/p>\n<p>A t\u0171 kih\u00faz\u00e1sa ut\u00e1n steril g\u00e9zzel befedj\u00fck \u00e9s leragasztjuk\u00a0 a sz\u00far\u00e1s nyom\u00e1t, \u00e9s az \u00edz\u00fcletet n\u00e9h\u00e1nyszor behajl\u00edtjuk a gy\u00f3gyszer egyenletes eloszl\u00e1sa \u00e9rdek\u00e9ben.<\/p>\n<p><strong>Az \u00e9rz\u00e9stelen\u00edt\u00e9s lehet\u0151s\u00e9gei\u00a0\u00a0\u00a0\u00a0\u00a0\u00a0\u00a0\u00a0\u00a0\u00a0\u00a0\u00a0\u00a0\u00a0\u00a0\u00a0\u00a0\u00a0 <\/strong><\/p>\n<p>A sz\u00far\u00e1s hely\u00e9n f\u00e1jdalmat \u00e9rezhet, de ezut\u00e1n az iz\u00fcletbe juttatott Lidocain \u00e9rz\u00e9stelen\u00edt\u0151 hat\u00e1s\u00fa. A fesz\u00fcl\u0151 f\u00e1jdalmat az \u00edz\u00fcleti folyad\u00e9k lebocs\u00e1t\u00e1sa azonnal cs\u00f6kkenti.<\/p>\n<p><strong>Milyen kock\u00e1zatai \u00e9s kellemetlens\u00e9gei lehetnek a beavatkoz\u00e1snak?<\/strong><\/p>\n<p>Igen ritka, de a legs\u00falyosabb sz\u00f6v\u0151dm\u00e9ny az \u00edz\u00fclet fert\u0151z\u00e9se. Az \u00edz\u00fclet igen f\u00e1jdalmas, meleg, duzzadt lesz, l\u00e1z is k\u00eds\u00e9rheti a helyi t\u00fcneteket. Ebben az esetben azonnal jelentkezzen kezel\u0151orvos\u00e1n\u00e1l, mert ak\u00e1r \u00e9letvesz\u00e9lyes \u00e1llapot is kialakulhat.<\/p>\n<p>Bev\u00e9rz\u00e9s igen ritk\u00e1n fordul el\u0151, v\u00e9rz\u00e9kenys\u00e9g illetve v\u00e9rz\u00e9kenys\u00e9get okoz\u00f3 gy\u00f3gyszer szed\u00e9se\u00a0 eset\u00e9n (Syncumar, Aspirin) gyakoribb.<\/p>\n<p>A beadott gyullad\u00e1scs\u00f6kkent\u0151 (szteroid) injekci\u00f3 n\u00e9h\u00e1ny \u00f3r\u00e1s arc kipirul\u00e1st eredm\u00e9nyezhet. V\u00e9rnyom\u00e1s emelked\u00e9s, v\u00edzvisszatart\u00e1s (puffad\u00e1s) vagy v\u00e9rcukor emelked\u00e9s \u00e1tmenetileg el\u0151fordulhat.<\/p>\n<p><strong>Injekci\u00f3 ut\u00e1ni teend\u0151k<\/strong><\/p>\n<p>A k\u00f6t\u00e9st m\u00e1snap reggel lehet levenni, a sz\u00far\u00e1s hely\u00e9t addig v\u00edz nem \u00e9rheti. J\u00f3d, Lidocain t\u00fal\u00e9rz\u00e9kenys\u00e9gr\u0151l t\u00e1j\u00e9koztassa kezel\u0151orvos\u00e1t.<\/p>\n<p><strong>Milyen kock\u00e1zatai vannak, ha nem t\u00f6rt\u00e9nik meg a beavatkoz\u00e1s?<\/strong><\/p>\n<p>A fesz\u00fcl\u0151 gyulladt \u00edz\u00fcleti folyad\u00e9k a porc t\u00f6nkremenetel\u00e9t gyors\u00edtja, ez\u00e9rt indokolt a nagyon duzzadt \u00edz\u00fclet pung\u00e1l\u00e1sa.<\/p>\n<p><strong>M\u00e1s kezel\u00e9si lehet\u0151s\u00e9g v\u00e1laszthat\u00f3-e?<\/strong><\/p>\n<p>Fizioter\u00e1pi\u00e1s kezel\u00e9s, helyi ken\u0151cs\u00f6k, pakol\u00e1sok is gyullad\u00e1scs\u00f6kkent\u0151 \u00e9s f\u00e1jdalomcsillap\u00edt\u00f3 hat\u00e1s\u00faak, de kev\u00e9sb\u00e9 hat\u00e1sos, a javul\u00e1shoz esetleg hosszabb id\u0151 sz\u00fcks\u00e9ges. Ha az \u00edz\u00fcleti gyullad\u00e1st fert\u0151z\u00e9s okozza, akkor az \u00edz\u00fcleti punkci\u00f3 \u00e9s az antibiotikus kezel\u00e9s m\u00e1s m\u00f3dszerrel nem helyettes\u00edthet\u0151.<\/p>\n\n","protected":false},"excerpt":{"rendered":"<div class=\"entry-summary\">\n<div class=\"entry-summary\">\nBETEGT\u00c1J\u00c9KOZTAT\u00d3 \u00cdz\u00fcleti punkci\u00f3r\u00f3l _____________________________________________________________ Kedves Beteg\u00fcnk! Mi az \u00edz\u00fcleti punkci\u00f3 c\u00e9lja? Az \u00edz\u00fcleteket bel\u00fclr\u0151l bor\u00edt\u00f3 h\u00e1rtya megvastagodott, \u00e9s&hellip;\n<\/div>\n<div class=\"link-more\"><a href=\"https:\/\/szakrendelo-sarkad.hu\/home2\/izuleti-punkcio\/\" class=\"more-link\">Continue reading<span class=\"screen-reader-text\"> &ldquo;\u00cdz\u00fcleti punkci\u00f3&rdquo;<\/span>&hellip;<\/a><\/div>\n<\/div>\n<div class=\"link-more\"><a href=\"https:\/\/szakrendelo-sarkad.hu\/home2\/izuleti-punkcio\/\" class=\"more-link\">Continue reading<span class=\"screen-reader-text\"> &ldquo;\u00cdz\u00fcleti punkci\u00f3&rdquo;<\/span>&hellip;<\/a><\/div>\n","protected":false},"author":1,"featured_media":0,"parent":0,"menu_order":0,"comment_status":"closed","ping_status":"closed","template":"","meta":{"ngg_post_thumbnail":0,"footnotes":""},"class_list":["post-9266","page","type-page","status-publish","hentry","entry"],"_links":{"self":[{"href":"https:\/\/szakrendelo-sarkad.hu\/home2\/wp-json\/wp\/v2\/pages\/9266","targetHints":{"allow":["GET"]}}],"collection":[{"href":"https:\/\/szakrendelo-sarkad.hu\/home2\/wp-json\/wp\/v2\/pages"}],"about":[{"href":"https:\/\/szakrendelo-sarkad.hu\/home2\/wp-json\/wp\/v2\/types\/page"}],"author":[{"embeddable":true,"href":"https:\/\/szakrendelo-sarkad.hu\/home2\/wp-json\/wp\/v2\/users\/1"}],"replies":[{"embeddable":true,"href":"https:\/\/szakrendelo-sarkad.hu\/home2\/wp-json\/wp\/v2\/comments?post=9266"}],"version-history":[{"count":6,"href":"https:\/\/szakrendelo-sarkad.hu\/home2\/wp-json\/wp\/v2\/pages\/9266\/revisions"}],"predecessor-version":[{"id":9488,"href":"https:\/\/szakrendelo-sarkad.hu\/home2\/wp-json\/wp\/v2\/pages\/9266\/revisions\/9488"}],"wp:attachment":[{"href":"https:\/\/szakrendelo-sarkad.hu\/home2\/wp-json\/wp\/v2\/media?parent=9266"}],"curies":[{"name":"wp","href":"https:\/\/api.w.org\/{rel}","templated":true}]}}

Ízületi punkció

<strong>BETEGTÁJÉKOZTATÓ<br />
</strong>Ízületi punkcióról<br />
_____________________________________________________________
<p><strong><em>Kedves Betegünk!</em></strong></p>
<p><strong>Mi az ízületi punkció célja?</strong></p>
<p>Az ízületeket belülről borító hártya megvastagodott, és nagyobb mennyiségű folyadékot termelt. Ez a folyadékgyülem feszülést, fájdalmat, mozgáskorlátozottságot okoz az ízületben, tartós fennállása esetén károsíthatja a porcot is.  Emiatt van szükség a folyadék eltávolítására, &#8222;lecsapolására&#8221;.  A lebocsátott  ízületi folyadékot ezután laboratóriumi és mikroszkópos vizsgálatra küldjük. Ha baktérium okozta ízületi gyulladás lehetősége merül fel, az ízületi punkció, a baktérium kimutatása és az antibiotikum kezelés életmentő beavatkozás lehet. Az ízületi folyadék elemzése a diagnózis megállapításában segít. A feszülő folyadék leszívása a feszülő fájdalmat csökkenti.</p>
<p><strong>A beavatkozás indikációja</strong></p>
<p>Ízületi gyulladás, duzzanat esetén az ízületi folyadék eltávolítása, ízületbe adott gyulladáscsökkentő szteroid, porcregeneráló (hialuronsav készítmény) csökkenti a fájdalmat és feltartóztatja a porc kopását.</p>
<p><strong>Egyéb kezelési lehetőségek</strong></p>
<p>Szájon át szedhető gyulladáscsökkentő gyógyszerek, porcregenerálók és a pihentetés is csökkentheti az ízületi gyulladást.</p>
<p><strong>Az injekciós beavatkozás menete</strong></p>
<p>Steril körülmények között a bőr fertőtlenítése után (jóddal, allergiás túlérzékenység esetén egyéb speciális fertőtlenítővel) tűt szúrunk a bőrön át az ízületbe, majd ugyanezen a tűn keresztül a fájdalmas feszülést okozó folyadékgyülemet lebocsátjuk. Amennyiben szükséges, az ízületet átöblítjük. A betegség természete szerint gyulladáscsökkentő gyógyszert (szteroidot) fecskendezünk az ízületbe.</p>
<p>A tű kihúzása után steril gézzel befedjük és leragasztjuk  a szúrás nyomát, és az ízületet néhányszor behajlítjuk a gyógyszer egyenletes eloszlása érdekében.</p>
<p><strong>Az érzéstelenítés lehetőségei                   </strong></p>
<p>A szúrás helyén fájdalmat érezhet, de ezután az izületbe juttatott Lidocain érzéstelenítő hatású. A feszülő fájdalmat az ízületi folyadék lebocsátása azonnal csökkenti.</p>
<p><strong>Milyen kockázatai és kellemetlenségei lehetnek a beavatkozásnak?</strong></p>
<p>Igen ritka, de a legsúlyosabb szövődmény az ízület fertőzése. Az ízület igen fájdalmas, meleg, duzzadt lesz, láz is kísérheti a helyi tüneteket. Ebben az esetben azonnal jelentkezzen kezelőorvosánál, mert akár életveszélyes állapot is kialakulhat.</p>
<p>Bevérzés igen ritkán fordul elő, vérzékenység illetve vérzékenységet okozó gyógyszer szedése  esetén (Syncumar, Aspirin) gyakoribb.</p>
<p>A beadott gyulladáscsökkentő (szteroid) injekció néhány órás arc kipirulást eredményezhet. Vérnyomás emelkedés, vízvisszatartás (puffadás) vagy vércukor emelkedés átmenetileg előfordulhat.</p>
<p><strong>Injekció utáni teendők</strong></p>
<p>A kötést másnap reggel lehet levenni, a szúrás helyét addig víz nem érheti. Jód, Lidocain túlérzékenységről tájékoztassa kezelőorvosát.</p>
<p><strong>Milyen kockázatai vannak, ha nem történik meg a beavatkozás?</strong></p>
<p>A feszülő gyulladt ízületi folyadék a porc tönkremenetelét gyorsítja, ezért indokolt a nagyon duzzadt ízület pungálása.</p>
<p><strong>Más kezelési lehetőség választható-e?</strong></p>
<p>Fizioterápiás kezelés, helyi kenőcsök, pakolások is gyulladáscsökkentő és fájdalomcsillapító hatásúak, de kevésbé hatásos, a javuláshoz esetleg hosszabb idő szükséges. Ha az ízületi gyulladást fertőzés okozza, akkor az ízületi punkció és az antibiotikus kezelés más módszerrel nem helyettesíthető.</p>

<div class="entry-summary">
<div class="entry-summary">
BETEGTÁJÉKOZTATÓ Ízületi punkcióról _____________________________________________________________ Kedves Betegünk! Mi az ízületi punkció célja? Az ízületeket belülről borító hártya megvastagodott, és&hellip;
</div>
<div class="link-more"><a href="https://szakrendelo-sarkad.hu/home2/izuleti-punkcio/" class="more-link">Continue reading<span class="screen-reader-text"> &ldquo;Ízületi punkció&rdquo;</span>&hellip;</a></div>
</div>
<div class="link-more"><a href="https://szakrendelo-sarkad.hu/home2/izuleti-punkcio/" class="more-link">Continue reading<span class="screen-reader-text"> &ldquo;Ízületi punkció&rdquo;</span>&hellip;</a></div>
