{"id":9276,"date":"2024-01-24T14:08:31","date_gmt":"2024-01-24T14:08:31","guid":{"rendered":"https:\/\/szakrendelo-sarkad.hu\/home2\/?page_id=9276"},"modified":"2025-01-07T10:22:15","modified_gmt":"2025-01-07T10:22:15","slug":"lagyresz-illetve-bortumor-kimetszese","status":"publish","type":"page","link":"https:\/\/szakrendelo-sarkad.hu\/home2\/lagyresz-illetve-bortumor-kimetszese\/","title":{"rendered":"L\u00e1gyr\u00e9sz, illetve b\u0151rtumor kimetsz\u00e9se"},"content":{"rendered":"\n\n\t<strong>BETEGT\u00c1J\u00c9KOZTAT\u00d3<br \/>\n<\/strong>L\u00e1gyr\u00e9szek, illetve b\u0151rtumorok m\u0171t\u00e9teir\u0151l<br \/>\n_____________________________________________________________\n<p><strong><em>Kedves Beteg\u00fcnk!<\/em><\/strong><\/p>\n<p>\u00d6nnek \u00e1ltal\u00e1nos seb\u00e9szeti megold\u00e1st ig\u00e9nyl\u0151 megbeteged\u00e9se van. A m\u0171t\u00e9t elv\u00e9gz\u00e9s\u00e9hez sz\u00fcks\u00e9g van az \u00d6n beleegyez\u00e9s\u00e9re, hogy d\u00f6nteni tudjon, az al\u00e1bbi t\u00e1j\u00e9koztat\u00f3t olvassa el.<\/p>\n<p><strong><em>A t\u00e1j\u00e9koztat\u00f3 elolvas\u00e1s\u00e1t k\u00f6vet\u0151en, amennyiben tov\u00e1bbi k\u00e9rd\u00e9sei lenn\u00e9nek, bizalommal fordulhat kezel\u0151orvos\u00e1hoz.<\/em><\/strong><\/p>\n<p><strong>Az elj\u00e1r\u00e1s c\u00e9lja: <\/strong><\/p>\n<p>Az elv\u00e1ltoz\u00e1st megfelel\u0151 biztons\u00e1gi z\u00f3n\u00e1val kimetszeni, vagy elt\u00e1vol\u00edtani, majd sz\u00f6vettani vizsg\u00e1latra k\u00fcldeni.<\/p>\n<p><strong>Az elj\u00e1r\u00e1s technik\u00e1ja:<\/strong><\/p>\n<p>A m\u0171t\u00e9ti ter\u00fclet fert\u0151tlen\u00edt\u00e9s\u00e9t \u00e9s helyi \u00e9rz\u00e9stelen\u00edt\u00e9st k\u00f6vet\u0151en az elv\u00e1ltoz\u00e1st elt\u00e1vol\u00edtjuk, majd v\u00e9rz\u00e9scsillap\u00edt\u00e1st k\u00f6vet\u0151en a sebet varrattal z\u00e1rjuk. Gyullad\u00e1sos folyamat eset\u00e9n a sebet g\u00e9zcs\u00edkkal kit\u00f6mj\u00fck, esetenk\u00e9nt a t\u00e1lyog\u00fcregbe cs\u00f6vet (draint) helyez\u00fcnk. Ezeket a kezel\u00e9sek sor\u00e1n cser\u00e9lj\u00fck, a gyullad\u00e1s megsz\u0171n\u00e9se ut\u00e1n elt\u00e1vol\u00edtjuk. A varratokat a megbesz\u00e9lt id\u0151pontban, a seb gy\u00f3gyul\u00e1sa ut\u00e1n t\u00e1vol\u00edtjuk el. K\u00f6t\u00e9scser\u00e9re, varrat elt\u00e1vol\u00edt\u00e1sra megbesz\u00e9lt id\u0151pontokban, alkalmank\u00e9nt be kell j\u00e1rnia kontrollra.<\/p>\n<p>J\u00f3d, Lidocain t\u00fal\u00e9rz\u00e9kenys\u00e9gr\u0151l t\u00e1j\u00e9koztassa kezel\u0151orvos\u00e1t.<\/p>\n<p><strong>Elj\u00e1r\u00e1s ut\u00e1ni id\u0151szak (kb. egy h\u00e9t) fontosabb teend\u0151 (amire figyelni kell)<\/strong><\/p>\n<p>A m\u0171t\u00e9ti ter\u00fcletet mechanikai irrit\u00e1ci\u00f3t\u00f3l, szennyez\u0151d\u00e9st\u0151l, v\u00edzt\u0151l \u00f3vni kell! Ha a k\u00f6t\u00e9s er\u0151sen \u00e1tv\u00e9rzik, illetve l\u00e1z jelentkezik<\/p>\n<p><strong>Az elj\u00e1r\u00e1s vesz\u00e9lyei:<\/strong><\/p>\n<p>V\u00e9rz\u00e9s, mell\u00e9ks\u00e9r\u00fcl\u00e9s, a seb illetve k\u00f6rny\u00e9k\u00e9nek gyullad\u00e1sa, sebgennyed\u00e9s, sebsz\u00e9tv\u00e1l\u00e1s, sebgy\u00f3gyul\u00e1si, lebenygy\u00f3gyul\u00e1si \u00e9s hegk\u00e9pz\u0151d\u00e9si zavar, k\u00f3ros hegk\u00e9pz\u0151d\u00e9s, illetve esetleges keloid kialakul\u00e1sa. Esetlegesen egyes rosszindulat\u00fa elv\u00e1ltoz\u00e1sokn\u00e1l a daganat sz\u00f3r\u00f3d\u00e1sa lehets\u00e9ges. Ezek k\u00f6vetkezt\u00e9ben a kezel\u00e9s elh\u00faz\u00f3dhat, illetve \u00fajabb m\u0171t\u00e9t, vagy m\u0171t\u00e9tek v\u00e1lhatnak sz\u00fcks\u00e9gess\u00e9.<\/p>\n<p><strong>Ezen elj\u00e1r\u00e1s elmarad\u00e1s\u00e1nak vesz\u00e9lyei \u00e9s m\u00e1s elj\u00e1r\u00e1si lehet\u0151s\u00e9gek: <\/strong><\/p>\n<p>Az elv\u00e1ltoz\u00e1s, illetve az \u00e1ltala okozott panaszok tov\u00e1bbi fenn\u00e1ll\u00e1sa, roml\u00e1sa. Esetleges gyullad\u00e1s kialakul\u00e1sa. Elmarad a sz\u00f6vettani vizsg\u00e1lattal meg\u00e1llap\u00edthat\u00f3 pontos diagn\u00f3zis fel\u00e1ll\u00edt\u00e1sa. J\u00f3indulat\u00fa elv\u00e1ltoz\u00e1s eset\u00e9n a daganat kozmetikai probl\u00e9m\u00e1t okozhat. Az elv\u00e1ltoz\u00e1s rosszindulat\u00fav\u00e1 v\u00e1l\u00e1s\u00e1nak, illetve a m\u00e1r esetlegesen megl\u00e9v\u0151 rosszindulat\u00fa betegs\u00e9g terjed\u00e9s\u00e9nek \u00e9s esetleges \u00e1tt\u00e9t k\u00e9pz\u0151d\u00e9s\u00e9nek vesz\u00e9lye.<\/p>\n<p>A l\u00e1gyr\u00e9szekben, illetve a b\u0151rfelsz\u00ednen l\u00e9v\u0151 tumorok kezel\u00e9se els\u0151sorban seb\u00e9szi. Ennek ellenjavallata eset\u00e9n sz\u00f3ba j\u00f6het onkol\u00f3giai kezel\u00e9s, besug\u00e1rz\u00e1s, fagyaszt\u00e1s.<\/p>\n\n","protected":false},"excerpt":{"rendered":"<div class=\"entry-summary\">\n<div class=\"entry-summary\">\nBETEGT\u00c1J\u00c9KOZTAT\u00d3 L\u00e1gyr\u00e9szek, illetve b\u0151rtumorok m\u0171t\u00e9teir\u0151l _____________________________________________________________ Kedves Beteg\u00fcnk! \u00d6nnek \u00e1ltal\u00e1nos seb\u00e9szeti megold\u00e1st ig\u00e9nyl\u0151 megbeteged\u00e9se van. A m\u0171t\u00e9t elv\u00e9gz\u00e9s\u00e9hez&hellip;\n<\/div>\n<div class=\"link-more\"><a href=\"https:\/\/szakrendelo-sarkad.hu\/home2\/lagyresz-illetve-bortumor-kimetszese\/\" class=\"more-link\">Continue reading<span class=\"screen-reader-text\"> &ldquo;L\u00e1gyr\u00e9sz, illetve b\u0151rtumor kimetsz\u00e9se&rdquo;<\/span>&hellip;<\/a><\/div>\n<\/div>\n<div class=\"link-more\"><a href=\"https:\/\/szakrendelo-sarkad.hu\/home2\/lagyresz-illetve-bortumor-kimetszese\/\" class=\"more-link\">Continue reading<span class=\"screen-reader-text\"> &ldquo;L\u00e1gyr\u00e9sz, illetve b\u0151rtumor kimetsz\u00e9se&rdquo;<\/span>&hellip;<\/a><\/div>\n","protected":false},"author":1,"featured_media":0,"parent":0,"menu_order":0,"comment_status":"closed","ping_status":"closed","template":"","meta":{"ngg_post_thumbnail":0,"footnotes":""},"class_list":["post-9276","page","type-page","status-publish","hentry","entry"],"_links":{"self":[{"href":"https:\/\/szakrendelo-sarkad.hu\/home2\/wp-json\/wp\/v2\/pages\/9276","targetHints":{"allow":["GET"]}}],"collection":[{"href":"https:\/\/szakrendelo-sarkad.hu\/home2\/wp-json\/wp\/v2\/pages"}],"about":[{"href":"https:\/\/szakrendelo-sarkad.hu\/home2\/wp-json\/wp\/v2\/types\/page"}],"author":[{"embeddable":true,"href":"https:\/\/szakrendelo-sarkad.hu\/home2\/wp-json\/wp\/v2\/users\/1"}],"replies":[{"embeddable":true,"href":"https:\/\/szakrendelo-sarkad.hu\/home2\/wp-json\/wp\/v2\/comments?post=9276"}],"version-history":[{"count":2,"href":"https:\/\/szakrendelo-sarkad.hu\/home2\/wp-json\/wp\/v2\/pages\/9276\/revisions"}],"predecessor-version":[{"id":9494,"href":"https:\/\/szakrendelo-sarkad.hu\/home2\/wp-json\/wp\/v2\/pages\/9276\/revisions\/9494"}],"wp:attachment":[{"href":"https:\/\/szakrendelo-sarkad.hu\/home2\/wp-json\/wp\/v2\/media?parent=9276"}],"curies":[{"name":"wp","href":"https:\/\/api.w.org\/{rel}","templated":true}]}}

Lágyrész, illetve bőrtumor kimetszése

<strong>BETEGTÁJÉKOZTATÓ<br />
</strong>Lágyrészek, illetve bőrtumorok műtéteiről<br />
_____________________________________________________________
<p><strong><em>Kedves Betegünk!</em></strong></p>
<p>Önnek általános sebészeti megoldást igénylő megbetegedése van. A műtét elvégzéséhez szükség van az Ön beleegyezésére, hogy dönteni tudjon, az alábbi tájékoztatót olvassa el.</p>
<p><strong><em>A tájékoztató elolvasását követően, amennyiben további kérdései lennének, bizalommal fordulhat kezelőorvosához.</em></strong></p>
<p><strong>Az eljárás célja: </strong></p>
<p>Az elváltozást megfelelő biztonsági zónával kimetszeni, vagy eltávolítani, majd szövettani vizsgálatra küldeni.</p>
<p><strong>Az eljárás technikája:</strong></p>
<p>A műtéti terület fertőtlenítését és helyi érzéstelenítést követően az elváltozást eltávolítjuk, majd vérzéscsillapítást követően a sebet varrattal zárjuk. Gyulladásos folyamat esetén a sebet gézcsíkkal kitömjük, esetenként a tályogüregbe csövet (draint) helyezünk. Ezeket a kezelések során cseréljük, a gyulladás megszűnése után eltávolítjuk. A varratokat a megbeszélt időpontban, a seb gyógyulása után távolítjuk el. Kötéscserére, varrat eltávolításra megbeszélt időpontokban, alkalmanként be kell járnia kontrollra.</p>
<p>Jód, Lidocain túlérzékenységről tájékoztassa kezelőorvosát.</p>
<p><strong>Eljárás utáni időszak (kb. egy hét) fontosabb teendő (amire figyelni kell)</strong></p>
<p>A műtéti területet mechanikai irritációtól, szennyeződéstől, víztől óvni kell! Ha a kötés erősen átvérzik, illetve láz jelentkezik</p>
<p><strong>Az eljárás veszélyei:</strong></p>
<p>Vérzés, melléksérülés, a seb illetve környékének gyulladása, sebgennyedés, sebszétválás, sebgyógyulási, lebenygyógyulási és hegképződési zavar, kóros hegképződés, illetve esetleges keloid kialakulása. Esetlegesen egyes rosszindulatú elváltozásoknál a daganat szóródása lehetséges. Ezek következtében a kezelés elhúzódhat, illetve újabb műtét, vagy műtétek válhatnak szükségessé.</p>
<p><strong>Ezen eljárás elmaradásának veszélyei és más eljárási lehetőségek: </strong></p>
<p>Az elváltozás, illetve az általa okozott panaszok további fennállása, romlása. Esetleges gyulladás kialakulása. Elmarad a szövettani vizsgálattal megállapítható pontos diagnózis felállítása. Jóindulatú elváltozás esetén a daganat kozmetikai problémát okozhat. Az elváltozás rosszindulatúvá válásának, illetve a már esetlegesen meglévő rosszindulatú betegség terjedésének és esetleges áttét képződésének veszélye.</p>
<p>A lágyrészekben, illetve a bőrfelszínen lévő tumorok kezelése elsősorban sebészi. Ennek ellenjavallata esetén szóba jöhet onkológiai kezelés, besugárzás, fagyasztás.</p>

<div class="entry-summary">
<div class="entry-summary">
BETEGTÁJÉKOZTATÓ Lágyrészek, illetve bőrtumorok műtéteiről _____________________________________________________________ Kedves Betegünk! Önnek általános sebészeti megoldást igénylő megbetegedése van. A műtét elvégzéséhez&hellip;
</div>
<div class="link-more"><a href="https://szakrendelo-sarkad.hu/home2/lagyresz-illetve-bortumor-kimetszese/" class="more-link">Continue reading<span class="screen-reader-text"> &ldquo;Lágyrész, illetve bőrtumor kimetszése&rdquo;</span>&hellip;</a></div>
</div>
<div class="link-more"><a href="https://szakrendelo-sarkad.hu/home2/lagyresz-illetve-bortumor-kimetszese/" class="more-link">Continue reading<span class="screen-reader-text"> &ldquo;Lágyrész, illetve bőrtumor kimetszése&rdquo;</span>&hellip;</a></div>
