{"id":9278,"date":"2024-01-24T14:09:41","date_gmt":"2024-01-24T14:09:41","guid":{"rendered":"https:\/\/szakrendelo-sarkad.hu\/home2\/?page_id=9278"},"modified":"2025-01-07T10:22:47","modified_gmt":"2025-01-07T10:22:47","slug":"lenott-nyelvfek-atvagasa","status":"publish","type":"page","link":"https:\/\/szakrendelo-sarkad.hu\/home2\/lenott-nyelvfek-atvagasa\/","title":{"rendered":"Len\u0151tt nyelvf\u00e9k \u00e1tv\u00e1g\u00e1sa"},"content":{"rendered":"\n\n\t\u00a0<strong>BETEGT\u00c1J\u00c9KOZTAT\u00d3<br \/>\n<\/strong>(len\u0151tt nyelvf\u00e9k \u00e1tv\u00e1g\u00e1s\u00e1hoz)<strong><br \/>\n_____________________________________________________________<br \/>\n<\/strong>\n<p><em><strong>Kedves Beteg\u00fcnk!<\/strong><\/em><\/p>\n<ol>\n<li><strong> Az elj\u00e1r\u00e1s c\u00e9lja:<\/strong> A nyelv szabad mozg\u00e1sainak helyre\u00e1ll\u00edt\u00e1sa.<\/li>\n<li><strong> Az elj\u00e1r\u00e1s technik\u00e1ja:<\/strong> Felsz\u00edni \u00e9rz\u00e9stelen\u00edt\u00e9sben oll\u00f3val a nyelvf\u00e9k \u00e1tv\u00e1g\u00e1sa.<\/li>\n<li><strong> Az elj\u00e1r\u00e1s esetleges vesz\u00e9lyei \u00e9s ezzel kapcsolatos eddigi tapasztalatok:<\/strong> Ny\u00e1lkah\u00e1rtya, nyelv, sz\u00e1jfen\u00e9k, nyelv alatti ny\u00e1lmirigy s\u00e9r\u00fcl\u00e9se, m\u0171t\u00e9ti ter\u00fclet befert\u0151z\u0151d\u00e9se, v\u00e9rz\u00e9s lehets\u00e9ges.<\/li>\n<li><strong> Ezen elj\u00e1r\u00e1s elmarad\u00e1s\u00e1nak esetleges vesz\u00e9lyei \u00e9s m\u00e1s elj\u00e1r\u00e1si lehet\u0151s\u00e9gek: <\/strong>Csecsem\u0151kn\u00e9l szop\u00e1si neh\u00e9zs\u00e9g, k\u00e9s\u0151bb besz\u00e9dfejl\u0151d\u00e9si zavar kialakul\u00e1sa.<\/li>\n<li><strong>Beavatkoz\u00e1s ut\u00e1ni id\u0151szak fontosabb teend\u0151i: <\/strong><\/li>\n<\/ol>\n<p>A beavatkoz\u00e1s ut\u00e1n p\u00e1r napig javasolt ker\u00fclni a f\u0171szeres, cs\u00edp\u0151s \u00e9s savany\u00fa \u00e9telek, italok fogyaszt\u00e1s\u00e1t. Amennyiben v\u00e9rz\u00e9st tapasztal, halad\u00e9ktalanul jelentkezzenek kontroll vizsg\u00e1latra.<\/p>\n<p>A t\u00e1j\u00e9koztat\u00f3 elolvas\u00e1s\u00e1t k\u00f6vet\u0151en, amennyiben tov\u00e1bbi k\u00e9rd\u00e9sei lenn\u00e9nek, bizalommal fordulhat kezel\u0151orvos\u00e1hoz.<\/p>\n\n","protected":false},"excerpt":{"rendered":"<div class=\"entry-summary\">\n<div class=\"entry-summary\">\n\u00a0BETEGT\u00c1J\u00c9KOZTAT\u00d3 (len\u0151tt nyelvf\u00e9k \u00e1tv\u00e1g\u00e1s\u00e1hoz) _____________________________________________________________ Kedves Beteg\u00fcnk! Az elj\u00e1r\u00e1s c\u00e9lja: A nyelv szabad mozg\u00e1sainak helyre\u00e1ll\u00edt\u00e1sa. Az elj\u00e1r\u00e1s technik\u00e1ja:&hellip;\n<\/div>\n<div class=\"link-more\"><a href=\"https:\/\/szakrendelo-sarkad.hu\/home2\/lenott-nyelvfek-atvagasa\/\" class=\"more-link\">Continue reading<span class=\"screen-reader-text\"> &ldquo;Len\u0151tt nyelvf\u00e9k \u00e1tv\u00e1g\u00e1sa&rdquo;<\/span>&hellip;<\/a><\/div>\n<\/div>\n<div class=\"link-more\"><a href=\"https:\/\/szakrendelo-sarkad.hu\/home2\/lenott-nyelvfek-atvagasa\/\" class=\"more-link\">Continue reading<span class=\"screen-reader-text\"> &ldquo;Len\u0151tt nyelvf\u00e9k \u00e1tv\u00e1g\u00e1sa&rdquo;<\/span>&hellip;<\/a><\/div>\n","protected":false},"author":1,"featured_media":0,"parent":0,"menu_order":0,"comment_status":"closed","ping_status":"closed","template":"","meta":{"ngg_post_thumbnail":0,"footnotes":""},"class_list":["post-9278","page","type-page","status-publish","hentry","entry"],"_links":{"self":[{"href":"https:\/\/szakrendelo-sarkad.hu\/home2\/wp-json\/wp\/v2\/pages\/9278","targetHints":{"allow":["GET"]}}],"collection":[{"href":"https:\/\/szakrendelo-sarkad.hu\/home2\/wp-json\/wp\/v2\/pages"}],"about":[{"href":"https:\/\/szakrendelo-sarkad.hu\/home2\/wp-json\/wp\/v2\/types\/page"}],"author":[{"embeddable":true,"href":"https:\/\/szakrendelo-sarkad.hu\/home2\/wp-json\/wp\/v2\/users\/1"}],"replies":[{"embeddable":true,"href":"https:\/\/szakrendelo-sarkad.hu\/home2\/wp-json\/wp\/v2\/comments?post=9278"}],"version-history":[{"count":4,"href":"https:\/\/szakrendelo-sarkad.hu\/home2\/wp-json\/wp\/v2\/pages\/9278\/revisions"}],"predecessor-version":[{"id":9495,"href":"https:\/\/szakrendelo-sarkad.hu\/home2\/wp-json\/wp\/v2\/pages\/9278\/revisions\/9495"}],"wp:attachment":[{"href":"https:\/\/szakrendelo-sarkad.hu\/home2\/wp-json\/wp\/v2\/media?parent=9278"}],"curies":[{"name":"wp","href":"https:\/\/api.w.org\/{rel}","templated":true}]}}

Lenőtt nyelvfék átvágása

<strong>BETEGTÁJÉKOZTATÓ<br />
</strong>(lenőtt nyelvfék átvágásához)<strong><br />
_____________________________________________________________<br />
</strong>
<p><em><strong>Kedves Betegünk!</strong></em></p>
<ol>
<li><strong> Az eljárás célja:</strong> A nyelv szabad mozgásainak helyreállítása.</li>
<li><strong> Az eljárás technikája:</strong> Felszíni érzéstelenítésben ollóval a nyelvfék átvágása.</li>
<li><strong> Az eljárás esetleges veszélyei és ezzel kapcsolatos eddigi tapasztalatok:</strong> Nyálkahártya, nyelv, szájfenék, nyelv alatti nyálmirigy sérülése, műtéti terület befertőződése, vérzés lehetséges.</li>
<li><strong> Ezen eljárás elmaradásának esetleges veszélyei és más eljárási lehetőségek: </strong>Csecsemőknél szopási nehézség, később beszédfejlődési zavar kialakulása.</li>
<li><strong>Beavatkozás utáni időszak fontosabb teendői: </strong></li>
</ol>
<p>A beavatkozás után pár napig javasolt kerülni a fűszeres, csípős és savanyú ételek, italok fogyasztását. Amennyiben vérzést tapasztal, haladéktalanul jelentkezzenek kontroll vizsgálatra.</p>
<p>A tájékoztató elolvasását követően, amennyiben további kérdései lennének, bizalommal fordulhat kezelőorvosához.</p>

<div class="entry-summary">
<div class="entry-summary">
 BETEGTÁJÉKOZTATÓ (lenőtt nyelvfék átvágásához) _____________________________________________________________ Kedves Betegünk! Az eljárás célja: A nyelv szabad mozgásainak helyreállítása. Az eljárás technikája:&hellip;
</div>
<div class="link-more"><a href="https://szakrendelo-sarkad.hu/home2/lenott-nyelvfek-atvagasa/" class="more-link">Continue reading<span class="screen-reader-text"> &ldquo;Lenőtt nyelvfék átvágása&rdquo;</span>&hellip;</a></div>
</div>
<div class="link-more"><a href="https://szakrendelo-sarkad.hu/home2/lenott-nyelvfek-atvagasa/" class="more-link">Continue reading<span class="screen-reader-text"> &ldquo;Lenőtt nyelvfék átvágása&rdquo;</span>&hellip;</a></div>
