{"id":9280,"date":"2024-01-24T14:10:40","date_gmt":"2024-01-24T14:10:40","guid":{"rendered":"https:\/\/szakrendelo-sarkad.hu\/home2\/?page_id=9280"},"modified":"2025-01-07T10:19:52","modified_gmt":"2025-01-07T10:19:52","slug":"paracentezis","status":"publish","type":"page","link":"https:\/\/szakrendelo-sarkad.hu\/home2\/paracentezis\/","title":{"rendered":"Paracent\u00e9zis"},"content":{"rendered":"\n\n\t<strong>BETEGT\u00c1J\u00c9KOZTAT\u00d3<br \/>\n<\/strong>(a dobh\u00e1rtya bemetsz\u00e9s\u00e9hez)<br \/>\n_____________________________________________________________\n<p><strong><em>Kedves Beteg\u00fcnk!<\/em><\/strong><\/p>\n<ol>\n<li><strong> Az elj\u00e1r\u00e1s c\u00e9lja: <\/strong>A heveny k\u00f6z\u00e9pf\u00fclgyullad\u00e1s sz\u00f6v\u0151dm\u00e9nyeinek megel\u0151z\u00e9se a f\u00e1jdalom cs\u00f6kkent\u00e9se, megsz\u00fcntet\u00e9se, a dob\u00fcregi v\u00e1lad\u00e9k lebocs\u00e1t\u00e1sa \u00e1ltal.<\/li>\n<li><strong> Az elj\u00e1r\u00e1s technik\u00e1ja:<\/strong> Paracent\u00e1l\u00f3 l\u00e1ndzs\u00e1val a hall\u00f3j\u00e1raton kereszt\u00fcl, a dobh\u00e1rtya el\u00fcls\u0151-als\u00f3 negyed\u00e9ben kell\u0151 nagys\u00e1g\u00fa, \u00e9les sz\u00e9l\u0171 metsz\u00e9st v\u00e9gz\u00fcnk a dobh\u00e1rtya sug\u00e1r ir\u00e1ny\u00fa rostjaira mer\u0151legesen.<\/li>\n<li><strong> Az elj\u00e1r\u00e1s esetleges vesz\u00e9lyei \u00e9s ezzel kapcsolatos eddigi tapasztalatok: <\/strong>Hall\u00f3csont- s\u00e9r\u00fcl\u00e9s, k\u00f6vetkezm\u00e9nyes hall\u00e1scs\u00f6kken\u00e9ssel. Bels\u0151f\u00fcl megny\u00edl\u00e1sa, k\u00f6vetkezm\u00e9nyes hall\u00e1scs\u00f6kken\u00e9ssel, sz\u00e9d\u00fcl\u00e9ssel, bels\u0151f\u00fcl gyullad\u00e1ssal. V\u00e9rz\u00e9s lehets\u00e9ges, arcideg s\u00e9r\u00fcl\u00e9s, melynek kiv\u00e9d\u00e9se \u00e9rdek\u00e9ben a beavatkoz\u00e1s el\u0151re meghat\u00e1rozott m\u00f3don a legkisebb s\u00e9r\u00fcl\u00e9si vesz\u00e9llyel j\u00e1r\u00f3 helyen t\u00f6rt\u00e9nik.<\/li>\n<li><strong> Ezen elj\u00e1r\u00e1s elmarad\u00e1s\u00e1nak esetleges vesz\u00e9lyei \u00e9s m\u00e1s elj\u00e1r\u00e1si lehet\u0151s\u00e9gek: <\/strong>Agyh\u00e1rtya gyullad\u00e1s, agyt\u00e1lyog. Bels\u0151f\u00fcl gyullad\u00e1s, arcideg b\u00e9nul\u00e1s. Csecsny\u00falv\u00e1ny gyullad\u00e1s, nyaki t\u00e1lyog. J\u00e1romcsont ny\u00falv\u00e1ny gyullad\u00e1s. Spont\u00e1n dobh\u00e1rtya \u00e1tszakad\u00e1s, k\u00f6vetkezm\u00e9nyes nagyothall\u00e1ssal, maradand\u00f3 dobh\u00e1rtya s\u00e9r\u00fcl\u00e9ssel.<\/li>\n<li><strong>Beavatkoz\u00e1s ut\u00e1ni id\u0151szak fontosabb teend\u0151i: <\/strong><\/li>\n<\/ol>\n<p>A beavatkoz\u00e1s ut\u00e1n a f\u00fclet v\u00edz nem \u00e9rheti. Am\u00edg f\u00fclfoly\u00e1s van, a hall\u00f3j\u00e1ratba vatt\u00e1t kell helyezni, illetve azt rendszeresen cser\u00e9lni. \u00dasz\u00e1s, f\u00fcrd\u0151z\u00e9s tilos. Rendszeres mikroszk\u00f3pos f\u00fcl\u00e9szeti ellen\u0151rz\u00e9s javasolt. A f\u00fclet csak akkor \u00e9rheti v\u00edz, ha a betegs\u00e9g gy\u00f3gyult, a ny\u00edl\u00e1s bez\u00e1r\u00f3dott.<\/p>\n<p>Amennyiben f\u00fcl m\u00f6g\u00f6tti duzzanat, v\u00e9rb\u0151s\u00e9g, magas l\u00e1z jelentkezik, halad\u00e9ktalanul jelentkezni kell kontroll vizsg\u00e1latra a beavatkoz\u00e1st v\u00e9gz\u0151 orvosn\u00e1l.<\/p>\n<p>A t\u00e1j\u00e9koztat\u00f3 elolvas\u00e1s\u00e1t k\u00f6vet\u0151en, amennyiben tov\u00e1bbi k\u00e9rd\u00e9sei lenn\u00e9nek, bizalommal fordulhat kezel\u0151orvos\u00e1hoz.<\/p>\n\n","protected":false},"excerpt":{"rendered":"<div class=\"entry-summary\">\n<div class=\"entry-summary\">\nBETEGT\u00c1J\u00c9KOZTAT\u00d3 (a dobh\u00e1rtya bemetsz\u00e9s\u00e9hez) _____________________________________________________________ Kedves Beteg\u00fcnk! Az elj\u00e1r\u00e1s c\u00e9lja: A heveny k\u00f6z\u00e9pf\u00fclgyullad\u00e1s sz\u00f6v\u0151dm\u00e9nyeinek megel\u0151z\u00e9se a f\u00e1jdalom cs\u00f6kkent\u00e9se,&hellip;\n<\/div>\n<div class=\"link-more\"><a href=\"https:\/\/szakrendelo-sarkad.hu\/home2\/paracentezis\/\" class=\"more-link\">Continue reading<span class=\"screen-reader-text\"> &ldquo;Paracent\u00e9zis&rdquo;<\/span>&hellip;<\/a><\/div>\n<\/div>\n<div class=\"link-more\"><a href=\"https:\/\/szakrendelo-sarkad.hu\/home2\/paracentezis\/\" class=\"more-link\">Continue reading<span class=\"screen-reader-text\"> &ldquo;Paracent\u00e9zis&rdquo;<\/span>&hellip;<\/a><\/div>\n","protected":false},"author":1,"featured_media":0,"parent":0,"menu_order":0,"comment_status":"closed","ping_status":"closed","template":"","meta":{"ngg_post_thumbnail":0,"footnotes":""},"class_list":["post-9280","page","type-page","status-publish","hentry","entry"],"_links":{"self":[{"href":"https:\/\/szakrendelo-sarkad.hu\/home2\/wp-json\/wp\/v2\/pages\/9280","targetHints":{"allow":["GET"]}}],"collection":[{"href":"https:\/\/szakrendelo-sarkad.hu\/home2\/wp-json\/wp\/v2\/pages"}],"about":[{"href":"https:\/\/szakrendelo-sarkad.hu\/home2\/wp-json\/wp\/v2\/types\/page"}],"author":[{"embeddable":true,"href":"https:\/\/szakrendelo-sarkad.hu\/home2\/wp-json\/wp\/v2\/users\/1"}],"replies":[{"embeddable":true,"href":"https:\/\/szakrendelo-sarkad.hu\/home2\/wp-json\/wp\/v2\/comments?post=9280"}],"version-history":[{"count":2,"href":"https:\/\/szakrendelo-sarkad.hu\/home2\/wp-json\/wp\/v2\/pages\/9280\/revisions"}],"predecessor-version":[{"id":9490,"href":"https:\/\/szakrendelo-sarkad.hu\/home2\/wp-json\/wp\/v2\/pages\/9280\/revisions\/9490"}],"wp:attachment":[{"href":"https:\/\/szakrendelo-sarkad.hu\/home2\/wp-json\/wp\/v2\/media?parent=9280"}],"curies":[{"name":"wp","href":"https:\/\/api.w.org\/{rel}","templated":true}]}}

Paracentézis

<strong>BETEGTÁJÉKOZTATÓ<br />
</strong>(a dobhártya bemetszéséhez)<br />
_____________________________________________________________
<p><strong><em>Kedves Betegünk!</em></strong></p>
<ol>
<li><strong> Az eljárás célja: </strong>A heveny középfülgyulladás szövődményeinek megelőzése a fájdalom csökkentése, megszüntetése, a dobüregi váladék lebocsátása által.</li>
<li><strong> Az eljárás technikája:</strong> Paracentáló lándzsával a hallójáraton keresztül, a dobhártya elülső-alsó negyedében kellő nagyságú, éles szélű metszést végzünk a dobhártya sugár irányú rostjaira merőlegesen.</li>
<li><strong> Az eljárás esetleges veszélyei és ezzel kapcsolatos eddigi tapasztalatok: </strong>Hallócsont- sérülés, következményes halláscsökkenéssel. Belsőfül megnyílása, következményes halláscsökkenéssel, szédüléssel, belsőfül gyulladással. Vérzés lehetséges, arcideg sérülés, melynek kivédése érdekében a beavatkozás előre meghatározott módon a legkisebb sérülési veszéllyel járó helyen történik.</li>
<li><strong> Ezen eljárás elmaradásának esetleges veszélyei és más eljárási lehetőségek: </strong>Agyhártya gyulladás, agytályog. Belsőfül gyulladás, arcideg bénulás. Csecsnyúlvány gyulladás, nyaki tályog. Járomcsont nyúlvány gyulladás. Spontán dobhártya átszakadás, következményes nagyothallással, maradandó dobhártya sérüléssel.</li>
<li><strong>Beavatkozás utáni időszak fontosabb teendői: </strong></li>
</ol>
<p>A beavatkozás után a fület víz nem érheti. Amíg fülfolyás van, a hallójáratba vattát kell helyezni, illetve azt rendszeresen cserélni. Úszás, fürdőzés tilos. Rendszeres mikroszkópos fülészeti ellenőrzés javasolt. A fület csak akkor érheti víz, ha a betegség gyógyult, a nyílás bezáródott.</p>
<p>Amennyiben fül mögötti duzzanat, vérbőség, magas láz jelentkezik, haladéktalanul jelentkezni kell kontroll vizsgálatra a beavatkozást végző orvosnál.</p>
<p>A tájékoztató elolvasását követően, amennyiben további kérdései lennének, bizalommal fordulhat kezelőorvosához.</p>

<div class="entry-summary">
<div class="entry-summary">
BETEGTÁJÉKOZTATÓ (a dobhártya bemetszéséhez) _____________________________________________________________ Kedves Betegünk! Az eljárás célja: A heveny középfülgyulladás szövődményeinek megelőzése a fájdalom csökkentése,&hellip;
</div>
<div class="link-more"><a href="https://szakrendelo-sarkad.hu/home2/paracentezis/" class="more-link">Continue reading<span class="screen-reader-text"> &ldquo;Paracentézis&rdquo;</span>&hellip;</a></div>
</div>
<div class="link-more"><a href="https://szakrendelo-sarkad.hu/home2/paracentezis/" class="more-link">Continue reading<span class="screen-reader-text"> &ldquo;Paracentézis&rdquo;</span>&hellip;</a></div>
