{"id":9283,"date":"2024-01-24T14:12:17","date_gmt":"2024-01-24T14:12:17","guid":{"rendered":"https:\/\/szakrendelo-sarkad.hu\/home2\/?page_id=9283"},"modified":"2025-01-07T10:18:15","modified_gmt":"2025-01-07T10:18:15","slug":"punkcio","status":"publish","type":"page","link":"https:\/\/szakrendelo-sarkad.hu\/home2\/punkcio\/","title":{"rendered":"Punkci\u00f3"},"content":{"rendered":"\n\n\t<strong>BETEGT\u00c1J\u00c9KOZTAT\u00d3<br \/>\n<\/strong>Punkci\u00f3r\u00f3l<br \/>\n_____________________________________________________________\n<p><strong><em>Kedves Beteg\u00fcnk!<\/em><\/strong><\/p>\n<p><strong>Az elj\u00e1r\u00e1s c\u00e9lja: <\/strong><\/p>\n<p>B\u0151r alatti, illetve l\u00e1gyr\u00e9szek k\u00f6z\u00f6tt elhelyezked\u0151, vagy \u00edz\u00fcleti folyad\u00e9kgy\u00fclem eset\u00e9n a l\u00e1gyr\u00e9szek, illetve az \u00edz\u00fclet tehermentes\u00edt\u00e9s\u00e9re a folyad\u00e9kgy\u00fclem lebocs\u00e1t\u00e1s\u00e1val. \u00cdz\u00fcleti gyullad\u00e1s eset\u00e9n gyullad\u00e1scs\u00f6kkent\u0151 gy\u00f3gyszer bejuttat\u00e1sa a gyulladt iz\u00fcletbe. L\u00e1gyr\u00e9szek k\u00f6z\u00f6tt elhelyezked\u0151 \u00e9s punkci\u00f3val elt\u00e1vol\u00edthat\u00f3 v\u00e9r\u00f6mleny, vagy annak egy r\u00e9sz\u00e9nek\u00a0 lebocs\u00e1t\u00e1s\u00e1ra is alkalmas. Vizsg\u00e1lati anyag nyer\u00e9se k\u00f3rsz\u00f6vettani vizsg\u00e1latra a diagn\u00f3zis meg\u00e1llap\u00edt\u00e1s\u00e1nak megk\u00f6nny\u00edt\u00e9se c\u00e9lj\u00e1b\u00f3l. Fert\u0151z\u00e9s eset\u00e9n bakteriol\u00f3giai mintav\u00e9tel c\u00e9lj\u00e1b\u00f3l.<\/p>\n<p><strong>Az elj\u00e1r\u00e1s technik\u00e1ja:<\/strong><\/p>\n<p>Steril k\u00f6r\u00fclm\u00e9nyek k\u00f6z\u00f6tt a b\u0151r fert\u0151tlen\u00edt\u00e9se ut\u00e1n (j\u00f3ddal, allergi\u00e1s t\u00fal\u00e9rz\u00e9kenys\u00e9g eset\u00e9n egy\u00e9b speci\u00e1lis fert\u0151tlen\u00edt\u0151vel) a t\u0171t bevezetj\u00fck az \u00e9rintett l\u00e1gyr\u00e9szek k\u00f6z\u00f6tti, vagy iz\u00fcleti \u00fcregbe, a folyad\u00e9kot \u00e9s \/ vagy v\u00e9r\u00f6mlenyt lesz\u00edvjuk \u00e9s sz\u00fcks\u00e9g eset\u00e9n laborat\u00f3riumi, illetve sz\u00f6vettani vizsg\u00e1latra k\u00fcldj\u00fck. A sz\u00far\u00e1s hely\u00e9t leragasztjuk.<\/p>\n<p><strong>Elj\u00e1r\u00e1s ut\u00e1ni teend\u0151k:<\/strong><\/p>\n<p>A beavatkoz\u00e1st k\u00f6vet\u0151en az iz\u00fcletet 1 napig, l\u00e1gyr\u00e9szeket n\u00e9h\u00e1ny napig pihentetni sz\u00fcks\u00e9ges. A k\u00f6t\u00e9st m\u00e1snap reggel lehet levenni, a sz\u00far\u00e1s hely\u00e9t addig v\u00edz nem \u00e9rheti.<\/p>\n<p><strong>Az elj\u00e1r\u00e1s esetleges vesz\u00e9lyei \u00e9s az ezzel kapcsolatos eddigi tapasztalatok:<\/strong><\/p>\n<p>A l\u00e1gyr\u00e9szek k\u00f6z\u00f6tti, vagy \u00edz\u00fcleti folyad\u00e9k \/ v\u00e9r\u00f6mleny lecsapol\u00e1sakor f\u00e1jdalmat \u00e9rezhet a beteg, fesz\u00edt\u0151 f\u00e1jdalmat okoz, mely a beavatkoz\u00e1st k\u00f6vet\u0151en r\u00f6vid id\u0151n bel\u00fcl megsz\u0171nik.<\/p>\n<p>Igen ritk\u00e1n el\u0151fordulhat a beavatkoz\u00e1s kapcs\u00e1n fert\u0151z\u00e9s, bev\u00e9rz\u00e9s a l\u00e1gyr\u00e9szek k\u00f6z\u00f6tt, vagy az iz\u00fcletben (haemarthrosis), melyek megfelel\u0151 technika \u00e9s a sterilit\u00e1s szab\u00e1lyainak betart\u00e1s\u00e1val megel\u0151zhet\u0151ek. Az esetlegesen kialakul\u00f3 fert\u0151z\u00e9seket kezelni kell. Gy\u00f3gyszerallergia eset\u00e9n a kialakul\u00f3 panaszok megsz\u00fcntet\u00e9s\u00e9re fel vagyunk k\u00e9sz\u00fclve.<\/p>\n<p><strong>Ezen elj\u00e1r\u00e1s elmarad\u00e1s\u00e1nak vesz\u00e9lyei \u00e9s m\u00e1s elj\u00e1r\u00e1si lehet\u0151s\u00e9gek: <\/strong><\/p>\n<p>A l\u00e1gyr\u00e9szek k\u00f6z\u00f6tt, vagy \u00edz\u00fcleti \u00fcregben lev\u0151 folyad\u00e9k \/ v\u00e9r\u00f6mleny vagy v\u00e9r f\u00e1jdalmat, a l\u00e1gyr\u00e9szek, illetve az iz\u00fclet mozg\u00e1skorl\u00e1tozotts\u00e1g\u00e1t okozhatja.<\/p>\n<p>Ha az iz\u00fcleti \u00fcreget hossz\u00fa ideig v\u00e9r vagy folyad\u00e9k t\u00f6lti ki, k\u00e1rosodhatnak a porcok \u00e9s szalagok. Emiatt az \u00edz\u00fcletben s\u00falyos maradand\u00f3 k\u00e1rosod\u00e1s (mozg\u00e1sbesz\u0171k\u00fcl\u00e9s, tart\u00f3s f\u00e1jdalom) alakulhat ki. A l\u00e1gyr\u00e9szek k\u00f6z\u00f6tti folyad\u00e9k ronthatja a nyom\u00e1s k\u00f6vetkezt\u00e9ben a k\u00f6rnyez\u0151 sz\u00f6vetek v\u00e9rell\u00e1t\u00e1s\u00e1t, emiatt azokn\u00e1l sz\u00f6vet elhal\u00e1s (necrosis) l\u00e9phet fel. Gyullad\u00e1sos folyamatokn\u00e1l a gyullad\u00e1s tov\u00e1bb terjedhet. A punctio sikeress\u00e9ge eset\u00e9n is &#8211; adott esetben &#8211; \u00fajabb punctio, vagy m\u0171t\u00e9ti felt\u00e1r\u00e1s v\u00e1lhat sz\u00fcks\u00e9gess\u00e9.<\/p>\n\n","protected":false},"excerpt":{"rendered":"<div class=\"entry-summary\">\n<div class=\"entry-summary\">\nBETEGT\u00c1J\u00c9KOZTAT\u00d3 Punkci\u00f3r\u00f3l _____________________________________________________________ Kedves Beteg\u00fcnk! Az elj\u00e1r\u00e1s c\u00e9lja: B\u0151r alatti, illetve l\u00e1gyr\u00e9szek k\u00f6z\u00f6tt elhelyezked\u0151, vagy \u00edz\u00fcleti folyad\u00e9kgy\u00fclem eset\u00e9n&hellip;\n<\/div>\n<div class=\"link-more\"><a href=\"https:\/\/szakrendelo-sarkad.hu\/home2\/punkcio\/\" class=\"more-link\">Continue reading<span class=\"screen-reader-text\"> &ldquo;Punkci\u00f3&rdquo;<\/span>&hellip;<\/a><\/div>\n<\/div>\n<div class=\"link-more\"><a href=\"https:\/\/szakrendelo-sarkad.hu\/home2\/punkcio\/\" class=\"more-link\">Continue reading<span class=\"screen-reader-text\"> &ldquo;Punkci\u00f3&rdquo;<\/span>&hellip;<\/a><\/div>\n","protected":false},"author":1,"featured_media":0,"parent":0,"menu_order":0,"comment_status":"closed","ping_status":"closed","template":"","meta":{"ngg_post_thumbnail":0,"footnotes":""},"class_list":["post-9283","page","type-page","status-publish","hentry","entry"],"_links":{"self":[{"href":"https:\/\/szakrendelo-sarkad.hu\/home2\/wp-json\/wp\/v2\/pages\/9283","targetHints":{"allow":["GET"]}}],"collection":[{"href":"https:\/\/szakrendelo-sarkad.hu\/home2\/wp-json\/wp\/v2\/pages"}],"about":[{"href":"https:\/\/szakrendelo-sarkad.hu\/home2\/wp-json\/wp\/v2\/types\/page"}],"author":[{"embeddable":true,"href":"https:\/\/szakrendelo-sarkad.hu\/home2\/wp-json\/wp\/v2\/users\/1"}],"replies":[{"embeddable":true,"href":"https:\/\/szakrendelo-sarkad.hu\/home2\/wp-json\/wp\/v2\/comments?post=9283"}],"version-history":[{"count":2,"href":"https:\/\/szakrendelo-sarkad.hu\/home2\/wp-json\/wp\/v2\/pages\/9283\/revisions"}],"predecessor-version":[{"id":9486,"href":"https:\/\/szakrendelo-sarkad.hu\/home2\/wp-json\/wp\/v2\/pages\/9283\/revisions\/9486"}],"wp:attachment":[{"href":"https:\/\/szakrendelo-sarkad.hu\/home2\/wp-json\/wp\/v2\/media?parent=9283"}],"curies":[{"name":"wp","href":"https:\/\/api.w.org\/{rel}","templated":true}]}}