{"id":9285,"date":"2024-01-24T14:13:26","date_gmt":"2024-01-24T14:13:26","guid":{"rendered":"https:\/\/szakrendelo-sarkad.hu\/home2\/?page_id=9285"},"modified":"2025-01-07T10:17:33","modified_gmt":"2025-01-07T10:17:33","slug":"gyogyszeres-terheleses-ekg","status":"publish","type":"page","link":"https:\/\/szakrendelo-sarkad.hu\/home2\/gyogyszeres-terheleses-ekg\/","title":{"rendered":"Gy\u00f3gyszeres terhel\u00e9ses EKG"},"content":{"rendered":"\n\n\t<strong>BETEGT\u00c1J\u00c9KOZTAT\u00d3<br \/>\n<\/strong>gy\u00f3gyszeres terhel\u00e9ses EKG-r\u00f3l\u00a0 (dipyridamol, dobutamin, adenozin)<br \/>\n_____________________________________________________________\n<p><strong><em>Kedves Beteg\u00fcnk!<\/em><\/strong><\/p>\n<p>\u00d6nnek az eddig rendelkez\u00e9sre \u00e1ll\u00f3 adatok szerint- felt\u00e9telezhet\u0151en koszor\u00fa\u00e9r betegs\u00e9ge van. Emiatt olyan elj\u00e1r\u00e1sra van sz\u00fcks\u00e9g, mely seg\u00edts\u00e9g\u00e9vel pontosabb\u00e1 tudjuk tenni a diagn\u00f3zist (esetleg elvethetj\u00fck a betegs\u00e9g gyan\u00faj\u00e1t), ami alapj\u00e1n meghat\u00e1rozhatjuk a tov\u00e1bbi teend\u0151ket (pl. Gy\u00f3gyszeres vagy m\u0171t\u00e9ti megold\u00e1s). Emiatt javasoljuk \u00d6nnek a gy\u00f3gyszeres terhel\u00e9ssel kombin\u00e1lt EKG vizsg\u00e1latot, mely sokkal t\u00f6bb inform\u00e1ci\u00f3t ad a koszor\u00faerek \u00e1llapot\u00e1r\u00f3l, mint panaszmentes peri\u00f3dusban v\u00e9gzett nyugalmi EKG vizsg\u00e1lat.<\/p>\n<p><strong>Az elj\u00e1r\u00e1s c\u00e9lja: <\/strong>Az esetleges koszor\u00fa\u00e9r- betegs\u00e9g felder\u00edt\u00e9se.<\/p>\n<p><strong>Az elj\u00e1r\u00e1s technik\u00e1ja: <\/strong>Folyamatos EKG megfigyel\u00e9s mellett az \u00d6n testt\u00f6meg\u00e9re (tskg) kisz\u00e1molt d\u00f3zis\u00fa gy\u00f3gyszert v\u00e9n\u00e1s injekci\u00f3\/inf\u00fazi\u00f3 \u00fatj\u00e1n adagoljuk meghat\u00e1rozott id\u0151 alatt. C\u00e9lunk, hogy a gy\u00f3gyszer koszor\u00fakering\u00e9sre kifejtett hat\u00e1sa seg\u00edts\u00e9g\u00e9vel olyan \u00e1llapotot hozzunk l\u00e9tre, mely provok\u00e1lja a \u201esz\u00edvszorul\u00e1ssal&#8221; j\u00e1r\u00f3 panaszokat (ak\u00e1rcsak a fizikai terhel\u00e9s, stressz, hideg, stb.). Az int\u00e9zeti k\u00f6r\u00fclm\u00e9nyek k\u00f6z\u00f6tt a szakmai protokolloknak megfelel\u0151 lehet\u0151s\u00e9geink vannak az esetleges ismert, ritk\u00e1n el\u0151fordul\u00f3 sz\u00f6v\u0151dm\u00e9nyek, mell\u00e9khat\u00e1sok elh\u00e1r\u00edt\u00e1s\u00e1ra. Sokkal biztons\u00e1gosabb \u00edgy \u00e1t\u00e9lni egy sz\u00edvszorul\u00e1sos (angina pectoris) rohamot, mint eg\u00e9szs\u00e9g\u00fcgyi szolg\u00e1latt\u00f3l t\u00e1vol.<\/p>\n<p><strong>Az elj\u00e1r\u00e1s esetleges vesz\u00e9lyei \u00e9s ezzel kapcsolatos eddigi tapasztalatok: <\/strong>A vizsg\u00e1lat sor\u00e1n el\u0151fordulhat heves sz\u00edvdobog\u00e1s\u00e9rz\u00e9s, v\u00e9rnyom\u00e1s cs\u00f6kken\u00e9s ill. emelked\u00e9s, enyhe fullad\u00e1s\u00e9rz\u00e9s, kipirul\u00e1s, f\u00e1radts\u00e1g\u00e9rz\u00e9s, fejf\u00e1j\u00e1s. Igen ritk\u00e1n a terhel\u00e9ses vizsg\u00e1lat alatt \u00e9letet vesz\u00e9lyeztet\u0151 ritmuszavar is kialakulhat (el\u0151fordul\u00e1si gyakoris\u00e1ga 1: 1000), azonban hangs\u00falyozzuk, hogy ennek jelentkez\u00e9s\u00e9re sz\u00e1molnunk kell a k\u00f3rh\u00e1zon k\u00edv\u00fcl kialakult mellkasi panaszok eset\u00e9n is. Int\u00e9zm\u00e9ny\u00fcnkben rendelkez\u00e9sre \u00e1llnak azok az el\u0151\u00edrt \u00e9letment\u0151 felt\u00e9telek, melyek seg\u00edts\u00e9g\u00e9vel a sz\u00f6v\u0151dm\u00e9nyeket elh\u00e1r\u00edthatjuk.<\/p>\n<p><strong>Ezen elj\u00e1r\u00e1s elmarad\u00e1s\u00e1nak vesz\u00e9lyei \u00e9s m\u00e1s elj\u00e1r\u00e1si lehet\u0151s\u00e9gek:<\/strong><\/p>\n<p>Ezen vizsg\u00e1lat elmarad\u00e1s\u00e1val kevesebb inform\u00e1ci\u00f3 \u00e1ll a kezel\u0151orvos rendelkez\u00e9s\u00e9re a helyes diagn\u00f3zis \u00e9s a leghat\u00e9konyabb kezel\u00e9s meg\u00e1llap\u00edt\u00e1s\u00e1hoz.<\/p>\n<p>Ha tov\u00e1bbi k\u00e9rd\u00e9sei lenn\u00e9nek a beavatkoz\u00e1ssal kapcsolatban, k\u00e9rj\u00fck tegye fel azokat kezel\u0151orvos\u00e1nak.<\/p>\n\n","protected":false},"excerpt":{"rendered":"<div class=\"entry-summary\">\n<div class=\"entry-summary\">\nBETEGT\u00c1J\u00c9KOZTAT\u00d3 gy\u00f3gyszeres terhel\u00e9ses EKG-r\u00f3l\u00a0 (dipyridamol, dobutamin, adenozin) _____________________________________________________________ Kedves Beteg\u00fcnk! \u00d6nnek az eddig rendelkez\u00e9sre \u00e1ll\u00f3 adatok szerint- felt\u00e9telezhet\u0151en&hellip;\n<\/div>\n<div class=\"link-more\"><a href=\"https:\/\/szakrendelo-sarkad.hu\/home2\/gyogyszeres-terheleses-ekg\/\" class=\"more-link\">Continue reading<span class=\"screen-reader-text\"> &ldquo;Gy\u00f3gyszeres terhel\u00e9ses EKG&rdquo;<\/span>&hellip;<\/a><\/div>\n<\/div>\n<div class=\"link-more\"><a href=\"https:\/\/szakrendelo-sarkad.hu\/home2\/gyogyszeres-terheleses-ekg\/\" class=\"more-link\">Continue reading<span class=\"screen-reader-text\"> &ldquo;Gy\u00f3gyszeres terhel\u00e9ses EKG&rdquo;<\/span>&hellip;<\/a><\/div>\n","protected":false},"author":1,"featured_media":0,"parent":0,"menu_order":0,"comment_status":"closed","ping_status":"closed","template":"","meta":{"ngg_post_thumbnail":0,"footnotes":""},"class_list":["post-9285","page","type-page","status-publish","hentry","entry"],"_links":{"self":[{"href":"https:\/\/szakrendelo-sarkad.hu\/home2\/wp-json\/wp\/v2\/pages\/9285","targetHints":{"allow":["GET"]}}],"collection":[{"href":"https:\/\/szakrendelo-sarkad.hu\/home2\/wp-json\/wp\/v2\/pages"}],"about":[{"href":"https:\/\/szakrendelo-sarkad.hu\/home2\/wp-json\/wp\/v2\/types\/page"}],"author":[{"embeddable":true,"href":"https:\/\/szakrendelo-sarkad.hu\/home2\/wp-json\/wp\/v2\/users\/1"}],"replies":[{"embeddable":true,"href":"https:\/\/szakrendelo-sarkad.hu\/home2\/wp-json\/wp\/v2\/comments?post=9285"}],"version-history":[{"count":2,"href":"https:\/\/szakrendelo-sarkad.hu\/home2\/wp-json\/wp\/v2\/pages\/9285\/revisions"}],"predecessor-version":[{"id":9484,"href":"https:\/\/szakrendelo-sarkad.hu\/home2\/wp-json\/wp\/v2\/pages\/9285\/revisions\/9484"}],"wp:attachment":[{"href":"https:\/\/szakrendelo-sarkad.hu\/home2\/wp-json\/wp\/v2\/media?parent=9285"}],"curies":[{"name":"wp","href":"https:\/\/api.w.org\/{rel}","templated":true}]}}

Gyógyszeres terheléses EKG

<strong>BETEGTÁJÉKOZTATÓ<br />
</strong>gyógyszeres terheléses EKG-ról  (dipyridamol, dobutamin, adenozin)<br />
_____________________________________________________________
<p><strong><em>Kedves Betegünk!</em></strong></p>
<p>Önnek az eddig rendelkezésre álló adatok szerint- feltételezhetően koszorúér betegsége van. Emiatt olyan eljárásra van szükség, mely segítségével pontosabbá tudjuk tenni a diagnózist (esetleg elvethetjük a betegség gyanúját), ami alapján meghatározhatjuk a további teendőket (pl. Gyógyszeres vagy műtéti megoldás). Emiatt javasoljuk Önnek a gyógyszeres terheléssel kombinált EKG vizsgálatot, mely sokkal több információt ad a koszorúerek állapotáról, mint panaszmentes periódusban végzett nyugalmi EKG vizsgálat.</p>
<p><strong>Az eljárás célja: </strong>Az esetleges koszorúér- betegség felderítése.</p>
<p><strong>Az eljárás technikája: </strong>Folyamatos EKG megfigyelés mellett az Ön testtömegére (tskg) kiszámolt dózisú gyógyszert vénás injekció/infúzió útján adagoljuk meghatározott idő alatt. Célunk, hogy a gyógyszer koszorúkeringésre kifejtett hatása segítségével olyan állapotot hozzunk létre, mely provokálja a „szívszorulással&#8221; járó panaszokat (akárcsak a fizikai terhelés, stressz, hideg, stb.). Az intézeti körülmények között a szakmai protokolloknak megfelelő lehetőségeink vannak az esetleges ismert, ritkán előforduló szövődmények, mellékhatások elhárítására. Sokkal biztonságosabb így átélni egy szívszorulásos (angina pectoris) rohamot, mint egészségügyi szolgálattól távol.</p>
<p><strong>Az eljárás esetleges veszélyei és ezzel kapcsolatos eddigi tapasztalatok: </strong>A vizsgálat során előfordulhat heves szívdobogásérzés, vérnyomás csökkenés ill. emelkedés, enyhe fulladásérzés, kipirulás, fáradtságérzés, fejfájás. Igen ritkán a terheléses vizsgálat alatt életet veszélyeztető ritmuszavar is kialakulhat (előfordulási gyakorisága 1: 1000), azonban hangsúlyozzuk, hogy ennek jelentkezésére számolnunk kell a kórházon kívül kialakult mellkasi panaszok esetén is. Intézményünkben rendelkezésre állnak azok az előírt életmentő feltételek, melyek segítségével a szövődményeket elháríthatjuk.</p>
<p><strong>Ezen eljárás elmaradásának veszélyei és más eljárási lehetőségek:</strong></p>
<p>Ezen vizsgálat elmaradásával kevesebb információ áll a kezelőorvos rendelkezésére a helyes diagnózis és a leghatékonyabb kezelés megállapításához.</p>
<p>Ha további kérdései lennének a beavatkozással kapcsolatban, kérjük tegye fel azokat kezelőorvosának.</p>

<div class="entry-summary">
<div class="entry-summary">
BETEGTÁJÉKOZTATÓ gyógyszeres terheléses EKG-ról  (dipyridamol, dobutamin, adenozin) _____________________________________________________________ Kedves Betegünk! Önnek az eddig rendelkezésre álló adatok szerint- feltételezhetően&hellip;
</div>
<div class="link-more"><a href="https://szakrendelo-sarkad.hu/home2/gyogyszeres-terheleses-ekg/" class="more-link">Continue reading<span class="screen-reader-text"> &ldquo;Gyógyszeres terheléses EKG&rdquo;</span>&hellip;</a></div>
</div>
<div class="link-more"><a href="https://szakrendelo-sarkad.hu/home2/gyogyszeres-terheleses-ekg/" class="more-link">Continue reading<span class="screen-reader-text"> &ldquo;Gyógyszeres terheléses EKG&rdquo;</span>&hellip;</a></div>
