{"id":9536,"date":"2025-01-08T13:17:21","date_gmt":"2025-01-08T13:17:21","guid":{"rendered":"https:\/\/szakrendelo-sarkad.hu\/home2\/?page_id=9536"},"modified":"2025-11-19T11:47:30","modified_gmt":"2025-11-19T11:47:30","slug":"kozbeszerzesi-terv","status":"publish","type":"page","link":"https:\/\/szakrendelo-sarkad.hu\/home2\/kozbeszerzesi-terv\/","title":{"rendered":"K\u00f6zbeszerz\u00e9si terv"},"content":{"rendered":"\n<div class=\"wm-tabs clearfix layout-top\" data-active=\"1\"><ul class=\"wm-tab-links wm-tab-count-13\"><li class=\"wm-tab-items-2026_319\"><a href=\"#2026_319\" data-tab=\"#2026_319\">2026<\/a><\/li><li class=\"wm-tab-items-2025_250\"><a href=\"#2025_250\" data-tab=\"#2025_250\">2025<\/a><\/li><li class=\"wm-tab-items-2024_133\"><a href=\"#2024_133\" data-tab=\"#2024_133\">2024<\/a><\/li><li class=\"wm-tab-items-2023_632\"><a href=\"#2023_632\" data-tab=\"#2023_632\">2023<\/a><\/li><li class=\"wm-tab-items-2022_779\"><a href=\"#2022_779\" data-tab=\"#2022_779\">2022<\/a><\/li><li class=\"wm-tab-items-2021_327\"><a href=\"#2021_327\" data-tab=\"#2021_327\">2021<\/a><\/li><li class=\"wm-tab-items-2020_222\"><a href=\"#2020_222\" data-tab=\"#2020_222\">2020<\/a><\/li><li class=\"wm-tab-items-2019_206\"><a href=\"#2019_206\" data-tab=\"#2019_206\">2019<\/a><\/li><li class=\"wm-tab-items-2018_992\"><a href=\"#2018_992\" data-tab=\"#2018_992\">2018<\/a><\/li><li class=\"wm-tab-items-2017_650\"><a href=\"#2017_650\" data-tab=\"#2017_650\">2017<\/a><\/li><li class=\"wm-tab-items-2016_673\"><a href=\"#2016_673\" data-tab=\"#2016_673\">2016<\/a><\/li><li class=\"wm-tab-items-2015_309\"><a href=\"#2015_309\" data-tab=\"#2015_309\">2015<\/a><\/li><li class=\"wm-tab-items-2014_328\"><a href=\"#2014_328\" data-tab=\"#2014_328\">2014<\/a><\/li><\/ul><div class=\"wm-tabs-items\">\r\n<div class=\"wm-item wm-item-wrap 2026_319\" id=\"2026_319\" data-title=\"2026_319&&2026\"><h3 class=\"screen-reader-text wm-item-title\">2026<\/h3><p><strong>A Sarkadi Kist\u00e9rs\u00e9gi J\u00e1r\u00f3beteg Szakell\u00e1t\u00f3 K\u00f6zpont 2026. \u00e9vi k\u00f6zbeszerz\u00e9si terve<\/strong>A hat\u00e1lyos k\u00f6zbeszerz\u00e9si t\u00f6rv\u00e9ny alapj\u00e1n a Sarkadi Kist\u00e9rs\u00e9gi J\u00e1r\u00f3beteg Szakell\u00e1t\u00f3 K\u00f6zpont 2026. \u00e9vi tervezett beszerz\u00e9seit \u00e1tvizsg\u00e1lva meg\u00e1llap\u00edtottuk, hogy a nemzeti k\u00f6zbeszerz\u00e9si \u00e9rt\u00e9khat\u00e1rt el\u0151rel\u00e1that\u00f3lag egyetlen besz\u00e1ll\u00edt\u00f3 sem \u00e9ri el a t\u00e1rgy\u00e9v sor\u00e1n.<\/p>\n<\/div>\r\n\r\n<div class=\"wm-item wm-item-wrap 2025_250\" id=\"2025_250\" data-title=\"2025_250&&2025\"><h3 class=\"screen-reader-text wm-item-title\">2025<\/h3><p><strong>A Sarkadi Kist\u00e9rs\u00e9gi J\u00e1r\u00f3beteg Szakell\u00e1t\u00f3 K\u00f6zpont 2025. \u00e9vi k\u00f6zbeszerz\u00e9si terve<\/strong>A hat\u00e1lyos k\u00f6zbeszerz\u00e9si t\u00f6rv\u00e9ny alapj\u00e1n a Sarkadi Kist\u00e9rs\u00e9gi J\u00e1r\u00f3beteg Szakell\u00e1t\u00f3 K\u00f6zpont 2025. \u00e9vi tervezett beszerz\u00e9seit \u00e1tvizsg\u00e1lva meg\u00e1llap\u00edtottuk, hogy a nemzeti k\u00f6zbeszerz\u00e9si \u00e9rt\u00e9khat\u00e1rt el\u0151rel\u00e1that\u00f3lag egyetlen besz\u00e1ll\u00edt\u00f3 sem \u00e9ri el a t\u00e1rgy\u00e9v sor\u00e1n.<\/p>\n<\/div>\r\n\r\n<div class=\"wm-item wm-item-wrap 2024_133\" id=\"2024_133\" data-title=\"2024_133&&2024\"><h3 class=\"screen-reader-text wm-item-title\">2024<\/h3><p><strong>A Sarkadi Kist\u00e9rs\u00e9gi Eg\u00e9szs\u00e9g\u00fcgyi Fejleszt\u0151 Nonprofit Kft. 2024. \u00e9vi k\u00f6zbeszerz\u00e9si terve<\/strong>A hat\u00e1lyos k\u00f6zbeszerz\u00e9si t\u00f6rv\u00e9ny alapj\u00e1n a Sarkadi Kist\u00e9rs\u00e9gi Eg\u00e9szs\u00e9g\u00fcgyi Fejleszt\u0151 Nonprofit Kft. 2024. \u00e9vi tervezett beszerz\u00e9seit \u00e1tvizsg\u00e1lva meg\u00e1llap\u00edtottuk, hogy a nemzeti k\u00f6zbeszerz\u00e9si \u00e9rt\u00e9khat\u00e1rt el\u0151rel\u00e1that\u00f3lag egyetlen besz\u00e1ll\u00edt\u00f3 sem \u00e9ri el a t\u00e1rgy\u00e9v sor\u00e1n.<strong>A Sarkadi Kist\u00e9rs\u00e9gi J\u00e1r\u00f3beteg Szakell\u00e1t\u00f3 K\u00f6zpont 2024. \u00e9vi k\u00f6zbeszerz\u00e9si terve<\/strong>A hat\u00e1lyos k\u00f6zbeszerz\u00e9si t\u00f6rv\u00e9ny alapj\u00e1n a Sarkadi Kist\u00e9rs\u00e9gi J\u00e1r\u00f3beteg Szakell\u00e1t\u00f3 K\u00f6zpont 2024. \u00e9vi tervezett beszerz\u00e9seit \u00e1tvizsg\u00e1lva meg\u00e1llap\u00edtottuk, hogy a nemzeti k\u00f6zbeszerz\u00e9si \u00e9rt\u00e9khat\u00e1rt el\u0151rel\u00e1that\u00f3lag egyetlen besz\u00e1ll\u00edt\u00f3 sem \u00e9ri el a t\u00e1rgy\u00e9v sor\u00e1n.<\/p>\n<\/div>\r\n\r\n<div class=\"wm-item wm-item-wrap 2023_632\" id=\"2023_632\" data-title=\"2023_632&&2023\"><h3 class=\"screen-reader-text wm-item-title\">2023<\/h3><p><strong>A Sarkadi Kist\u00e9rs\u00e9gi Eg\u00e9szs\u00e9g\u00fcgyi Fejleszt\u0151 Nonprofit Kft. 2023. \u00e9vi k\u00f6zbeszerz\u00e9si terve<\/strong>A hat\u00e1lyos k\u00f6zbeszerz\u00e9si t\u00f6rv\u00e9ny alapj\u00e1n a Sarkadi Kist\u00e9rs\u00e9gi Eg\u00e9szs\u00e9g\u00fcgyi Fejleszt\u0151 Nonprofit Kft. 2023. \u00e9vi tervezett beszerz\u00e9seit \u00e1tvizsg\u00e1lva meg\u00e1llap\u00edtottuk, hogy nemzeti k\u00f6zbeszerz\u00e9si \u00e9rt\u00e9khat\u00e1rt el\u0151rel\u00e1that\u00f3lag egyetlen besz\u00e1ll\u00edt\u00f3 sem \u00e9ri el a t\u00e1rgy\u00e9v sor\u00e1n.<\/p>\n<\/div>\r\n\r\n<div class=\"wm-item wm-item-wrap 2022_779\" id=\"2022_779\" data-title=\"2022_779&&2022\"><h3 class=\"screen-reader-text wm-item-title\">2022<\/h3><p><img loading=\"lazy\" decoding=\"async\" src=\"https:\/\/szakrendelo-sarkad.hu\/home2\/wp-content\/uploads\/sites\/4\/2025\/01\/kozbkjc.jpg\" alt=\"\" width=\"934\" height=\"250\" \/><\/p>\n<\/div>\r\n\r\n<div class=\"wm-item wm-item-wrap 2021_327\" id=\"2021_327\" data-title=\"2021_327&&2021\"><h3 class=\"screen-reader-text wm-item-title\">2021<\/h3><p><strong>A Sarkadi Kist\u00e9rs\u00e9gi Eg\u00e9szs\u00e9g\u00fcgyi Fejleszt\u0151 Nonprofit Kft. 2021. \u00e9vi k\u00f6zbeszerz\u00e9si terve<\/strong>A hat\u00e1lyos k\u00f6zbeszerz\u00e9si t\u00f6rv\u00e9ny alapj\u00e1n a Sarkadi Kist\u00e9rs\u00e9gi Eg\u00e9szs\u00e9g\u00fcgyi Fejleszt\u0151 Nonprofit Kft. 2021 \u00e9vi tervezett beszerz\u00e9seit \u00e1tvizsg\u00e1lva meg\u00e1llap\u00edtottuk, hogy nemzeti k\u00f6zbeszerz\u00e9si \u00e9rt\u00e9khat\u00e1rt el\u0151rel\u00e1that\u00f3lag egyetlen besz\u00e1ll\u00edt\u00f3 sem \u00e9ri el a t\u00e1rgy\u00e9v sor\u00e1n.<\/p>\n<\/div>\r\n\r\n<div class=\"wm-item wm-item-wrap 2020_222\" id=\"2020_222\" data-title=\"2020_222&&2020\"><h3 class=\"screen-reader-text wm-item-title\">2020<\/h3><p><strong>A Sarkadi Kist\u00e9rs\u00e9gi Eg\u00e9szs\u00e9g\u00fcgyi Fejleszt\u0151 Nonprofit Kft. 2020. \u00e9vi k\u00f6zbeszerz\u00e9si terve<\/strong>A hat\u00e1lyos k\u00f6zbeszerz\u00e9si t\u00f6rv\u00e9ny alapj\u00e1n a Sarkadi Kist\u00e9rs\u00e9gi Eg\u00e9szs\u00e9g\u00fcgyi Fejleszt\u0151 Nonprofit Kft. 2020 \u00e9vi tervezett beszerz\u00e9seit \u00e1tvizsg\u00e1lva meg\u00e1llap\u00edtottuk, hogy nemzeti k\u00f6zbeszerz\u00e9si \u00e9rt\u00e9khat\u00e1rt el\u0151rel\u00e1that\u00f3lag egyetlen besz\u00e1ll\u00edt\u00f3 sem \u00e9ri el a t\u00e1rgy\u00e9v sor\u00e1n.<\/p>\n<\/div>\r\n\r\n<div class=\"wm-item wm-item-wrap 2019_206\" id=\"2019_206\" data-title=\"2019_206&&2019\"><h3 class=\"screen-reader-text wm-item-title\">2019<\/h3><p><strong>A Sarkadi Kist\u00e9rs\u00e9gi Eg\u00e9szs\u00e9g\u00fcgyi Fejleszt\u0151 Nonprofit Kft. 2019. \u00e9vi k\u00f6zbeszerz\u00e9si terve<\/strong>A hat\u00e1lyos k\u00f6zbeszerz\u00e9si t\u00f6rv\u00e9ny alapj\u00e1n a Sarkadi Kist\u00e9rs\u00e9gi Eg\u00e9szs\u00e9g\u00fcgyi Fejleszt\u0151 Nonprofit Kft. 2019 \u00e9vi tervezett beszerz\u00e9seit \u00e1tvizsg\u00e1lva meg\u00e1llap\u00edtottuk, hogy nemzeti k\u00f6zbeszerz\u00e9si \u00e9rt\u00e9khat\u00e1rt el\u0151rel\u00e1that\u00f3lag egyetlen besz\u00e1ll\u00edt\u00f3 sem \u00e9ri el a t\u00e1rgy\u00e9v sor\u00e1n.<\/p>\n<\/div>\r\n\r\n<div class=\"wm-item wm-item-wrap 2018_992\" id=\"2018_992\" data-title=\"2018_992&&2018\"><h3 class=\"screen-reader-text wm-item-title\">2018<\/h3><table border=\"0\">\n<tbody>\n<tr>\n<td valign=\"center\">A beszerz\u00e9s t\u00e1rgya:<br \/>(\u00e1rubeszerz\u00e9s, szolg\u00e1ltat\u00e1s, szolg\u00e1ltat\u00e1si koncesszi\u00f3, \u00e9p\u00edt\u00e9si beruh\u00e1z\u00e1s, \u00e9p\u00edt\u00e9si koncesszi\u00f3)<\/td>\n<td colspan=\"2\" valign=\"center\">Becs\u00fclt \u00e9rt\u00e9k:<br \/>(nett\u00f3 Ft)<\/td>\n<td colspan=\"2\" valign=\"center\">Beszerz\u00e9si elj\u00e1r\u00e1s t\u00edpusa (\u00e9s szakaszok sz\u00e1ma):<\/td>\n<td colspan=\"2\" valign=\"center\">Szerz\u0151d\u00e9s t\u00edpusa:<\/td>\n<td colspan=\"2\" valign=\"center\">Aj\u00e1nlatok bead\u00e1si hat\u00e1rideje:<\/td>\n<td colspan=\"2\" valign=\"center\">Aj\u00e1nlatok \u00e9rt\u00e9kel\u00e9s\u00e9nek d\u00e1tuma:<\/td>\n<td colspan=\"2\" valign=\"center\">Eredm\u00e9nyhirdet\u00e9s<br \/>d\u00e1tuma:<\/td>\n<td colspan=\"2\" valign=\"center\">Gyors\u00edtott<br \/>(igen\/nem)<\/td>\n<\/tr>\n<tr>\n<td valign=\"center\">\u00c1rubeszerz\u00e9s<\/td>\n<td colspan=\"2\" valign=\"center\"><strong>54.437.401 Ft<\/strong><\/td>\n<td colspan=\"2\" valign=\"center\"><strong>\u00a0aKBt.Harmadik r\u00e9sz 112.\u00a7 szerint ny\u00edlt elj\u00e1r\u00e1s, a 113-116. \u00a7-ban foglalt elt\u00e9r\u00e9sekkel<\/strong><\/td>\n<td colspan=\"2\" valign=\"center\"><strong>Ad\u00e1sv\u00e9teli szerz\u0151d\u00e9s<\/strong><\/td>\n<td colspan=\"2\" valign=\"center\"><strong>2018. \u00e1prilis 23.<\/strong><\/td>\n<td colspan=\"2\" valign=\"center\"><strong>2018. m\u00e1jus 03.<\/strong><\/td>\n<td colspan=\"2\" valign=\"center\"><strong>2018. m\u00e1jus 03.<\/strong><\/td>\n<td colspan=\"2\" valign=\"center\"><strong>Nem<\/strong><\/td>\n<\/tr>\n<\/tbody>\n<\/table>\n<\/div>\r\n\r\n<div class=\"wm-item wm-item-wrap 2017_650\" id=\"2017_650\" data-title=\"2017_650&&2017\"><h3 class=\"screen-reader-text wm-item-title\">2017<\/h3><p><b>A Sarkadi Kist\u00e9rs\u00e9gi Eg\u00e9szs\u00e9g\u00fcgyi Fejleszt\u0151 Nonprofit Kft. 2017. \u00e9vi k\u00f6zbeszerz\u00e9si terve<\/b>A hat\u00e1lyos k\u00f6zbeszerz\u00e9si t\u00f6rv\u00e9ny alapj\u00e1n a Sarkadi Kist\u00e9rs\u00e9gi Eg\u00e9szs\u00e9g\u00fcgyi Fejleszt\u0151 Nonprofit Kft. 2017 \u00e9vi tervezett beszerz\u00e9seit \u00e1tvizsg\u00e1lva meg\u00e1llap\u00edtottuk, hogy nemzeti k\u00f6zbeszerz\u00e9si \u00e9rt\u00e9khat\u00e1rt el\u0151rel\u00e1that\u00f3lag egyetlen besz\u00e1ll\u00edt\u00f3 sem \u00e9ri el a t\u00e1rgy\u00e9v sor\u00e1n.<\/p>\n<\/div>\r\n\r\n<div class=\"wm-item wm-item-wrap 2016_673\" id=\"2016_673\" data-title=\"2016_673&&2016\"><h3 class=\"screen-reader-text wm-item-title\">2016<\/h3><p><b>A Sarkadi Kist\u00e9rs\u00e9gi Eg\u00e9szs\u00e9g\u00fcgyi Fejleszt\u0151 Nonprofit Kft. 2016. \u00e9vi k\u00f6zbeszerz\u00e9si terve<\/b>A hat\u00e1lyos k\u00f6zbeszerz\u00e9si t\u00f6rv\u00e9ny alapj\u00e1n a Sarkadi Kist\u00e9rs\u00e9gi Eg\u00e9szs\u00e9g\u00fcgyi Fejleszt\u0151 Nonprofit Kft. 2016 \u00e9vi tervezett beszerz\u00e9seit \u00e1tvizsg\u00e1lva meg\u00e1llap\u00edtottuk, hogy a nett\u00f3 8 milli\u00f3 forintos k\u00f6zbeszerz\u00e9si \u00e9rt\u00e9khat\u00e1rt el\u0151rel\u00e1that\u00f3lag egyetlen besz\u00e1ll\u00edt\u00f3 sem \u00e9ri el a t\u00e1rgy\u00e9v sor\u00e1n.<\/p>\n<\/div>\r\n\r\n<div class=\"wm-item wm-item-wrap 2015_309\" id=\"2015_309\" data-title=\"2015_309&&2015\"><h3 class=\"screen-reader-text wm-item-title\">2015<\/h3><p><b>A Sarkadi Kist\u00e9rs\u00e9gi Eg\u00e9szs\u00e9g\u00fcgyi Fejleszt\u0151 Nonprofit Kft. 2015. \u00e9vi k\u00f6zbeszerz\u00e9si terve<\/b><br \/>A hat\u00e1lyos k\u00f6zbeszerz\u00e9si t\u00f6rv\u00e9ny alapj\u00e1n a Sarkadi Kist\u00e9rs\u00e9gi Eg\u00e9szs\u00e9g\u00fcgyi Fejleszt\u0151 Nonprofit Kft. 2015 \u00e9vi tervezett beszerz\u00e9seit \u00e1tvizsg\u00e1lva meg\u00e1llap\u00edtottuk, hogy a nett\u00f3 8 milli\u00f3 forintos k\u00f6zbeszerz\u00e9si \u00e9rt\u00e9khat\u00e1rt el\u0151rel\u00e1that\u00f3lag egyetlen besz\u00e1ll\u00edt\u00f3 sem \u00e9ri el a t\u00e1rgy\u00e9v sor\u00e1n.<\/p>\n<\/div>\r\n\r\n<div class=\"wm-item wm-item-wrap 2014_328\" id=\"2014_328\" data-title=\"2014_328&&2014\"><h3 class=\"screen-reader-text wm-item-title\">2014<\/h3><p><b>A Sarkadi Kist\u00e9rs\u00e9gi Eg\u00e9szs\u00e9g\u00fcgyi Fejleszt\u0151 Nonprofit Kft. 2014. \u00e9vi k\u00f6zbeszerz\u00e9si terve<\/b><br \/>A hat\u00e1lyos k\u00f6zbeszerz\u00e9si t\u00f6rv\u00e9ny alapj\u00e1n a Sarkadi Kist\u00e9rs\u00e9gi Eg\u00e9szs\u00e9g\u00fcgyi Fejleszt\u0151 Nonprofit Kft. 2014 \u00e9vi tervezett beszerz\u00e9seit \u00e1tvizsg\u00e1lva meg\u00e1llap\u00edtottuk, hogy a nett\u00f3 8 milli\u00f3 forintos k\u00f6zbeszerz\u00e9si \u00e9rt\u00e9khat\u00e1rt el\u0151rel\u00e1that\u00f3lag egyetlen besz\u00e1ll\u00edt\u00f3 sem \u00e9ri el a t\u00e1rgy\u00e9v sor\u00e1n.<\/p>\n<\/div>\r\n<\/div><\/div>\n","protected":false},"excerpt":{"rendered":"<div class=\"entry-summary\">\n<div class=\"link-more\"><a href=\"https:\/\/szakrendelo-sarkad.hu\/home2\/kozbeszerzesi-terv\/\" class=\"more-link\">Continue reading<span class=\"screen-reader-text\"> &ldquo;K\u00f6zbeszerz\u00e9si terv&rdquo;<\/span>&hellip;<\/a><\/div>\n<\/div>\n<div class=\"link-more\"><a href=\"https:\/\/szakrendelo-sarkad.hu\/home2\/kozbeszerzesi-terv\/\" class=\"more-link\">Continue reading<span class=\"screen-reader-text\"> &ldquo;K\u00f6zbeszerz\u00e9si terv&rdquo;<\/span>&hellip;<\/a><\/div>\n","protected":false},"author":1,"featured_media":0,"parent":0,"menu_order":0,"comment_status":"closed","ping_status":"closed","template":"","meta":{"ngg_post_thumbnail":0,"footnotes":""},"class_list":["post-9536","page","type-page","status-publish","hentry","entry"],"_links":{"self":[{"href":"https:\/\/szakrendelo-sarkad.hu\/home2\/wp-json\/wp\/v2\/pages\/9536","targetHints":{"allow":["GET"]}}],"collection":[{"href":"https:\/\/szakrendelo-sarkad.hu\/home2\/wp-json\/wp\/v2\/pages"}],"about":[{"href":"https:\/\/szakrendelo-sarkad.hu\/home2\/wp-json\/wp\/v2\/types\/page"}],"author":[{"embeddable":true,"href":"https:\/\/szakrendelo-sarkad.hu\/home2\/wp-json\/wp\/v2\/users\/1"}],"replies":[{"embeddable":true,"href":"https:\/\/szakrendelo-sarkad.hu\/home2\/wp-json\/wp\/v2\/comments?post=9536"}],"version-history":[{"count":3,"href":"https:\/\/szakrendelo-sarkad.hu\/home2\/wp-json\/wp\/v2\/pages\/9536\/revisions"}],"predecessor-version":[{"id":9748,"href":"https:\/\/szakrendelo-sarkad.hu\/home2\/wp-json\/wp\/v2\/pages\/9536\/revisions\/9748"}],"wp:attachment":[{"href":"https:\/\/szakrendelo-sarkad.hu\/home2\/wp-json\/wp\/v2\/media?parent=9536"}],"curies":[{"name":"wp","href":"https:\/\/api.w.org\/{rel}","templated":true}]}}